000
CDUS43 KAPX 230532
CLITVC


CLIMATE REPORT
NATIONAL WEATHER SERVICE GAYLORD MI
131 AM EDT WED APR 23 2014


...................................

...THE TRAVERSE CITY MI CLIMATE SUMMARY FOR APRIL 22 2014...

CLIMATE NORMAL PERIOD 1981 TO 2010
CLIMATE RECORD PERIOD 1896 TO 2014


WEATHER ITEM   OBSERVED TIME   RECORD YEAR NORMAL DEPARTURE LAST
                VALUE   (LST)  VALUE       VALUE  FROM      YEAR
                                                  NORMAL
..................................................................
TEMPERATURE (F)
 YESTERDAY
  MAXIMUM         45   1202 AM  88    1980  57    -12       68
  MINIMUM         34   1104 PM  19    1905  34      0       35
  AVERAGE         40                        46     -6       52

PRECIPITATION (IN)
  YESTERDAY        T             0.45 1937   0.09  -0.09     0.00
                                      1918
  MONTH TO DATE    3.13                      2.07   1.06     3.72
  SINCE MAR 1      4.05                      3.93   0.12     5.29
  SINCE JAN 1      5.47                      8.25  -2.78     8.83

DEGREE DAYS
 HEATING
  YESTERDAY       25                        20      5       13
  MONTH TO DATE  545                       521     24      601
  SINCE MAR 1   1876                      1583    293     1715
  SINCE JUL 1   7598                      6923    675     6561

 COOLING
  YESTERDAY        0                         0      0        0
  MONTH TO DATE    0                         0      0        0
  SINCE MAR 1      0                         0      0        0
  SINCE JAN 1      0                         0      0        0
..................................................................


WIND (MPH)
  HIGHEST WIND SPEED    23   HIGHEST WIND DIRECTION    NW (320)
  HIGHEST GUST SPEED    30   HIGHEST GUST DIRECTION    NW (300)
  AVERAGE WIND SPEED    13.3




RELATIVE HUMIDITY (PERCENT)
 HIGHEST    76
 LOWEST     64
 AVERAGE    70

..........................................................


THE TRAVERSE CITY MI CLIMATE NORMALS FOR TODAY
                         NORMAL    RECORD    YEAR
 MAXIMUM TEMPERATURE (F)   57        87      1923
 MINIMUM TEMPERATURE (F)   35        21      1986


SUNRISE AND SUNSET
APRIL 23 2014.........SUNRISE   645 AM EDT   SUNSET   837 PM EDT
APRIL 24 2014.........SUNRISE   643 AM EDT   SUNSET   839 PM EDT


-  INDICATES NEGATIVE NUMBERS.
R  INDICATES RECORD WAS SET OR TIED.
MM INDICATES DATA IS MISSING.
T  INDICATES TRACE AMOUNT.




$$
