000
CDUS43 KAPX 100910
CLITVC


CLIMATE REPORT
NATIONAL WEATHER SERVICE GAYLORD MI
409 AM EST SAT DEC 10 2016


...................................

...THE TRAVERSE CITY MI CLIMATE SUMMARY FOR DECEMBER 9 2016...

CLIMATE NORMAL PERIOD 1981 TO 2010
CLIMATE RECORD PERIOD 1896 TO 2016


WEATHER ITEM   OBSERVED TIME   RECORD YEAR NORMAL DEPARTURE LAST
                VALUE   (LST)  VALUE       VALUE  FROM      YEAR
                                                  NORMAL
..................................................................
TEMPERATURE (F)
 YESTERDAY
  MAXIMUM         30   1219 PM  60    1946  34     -4       47
  MINIMUM         19   1156 PM   1    1995  23     -4       41
  AVERAGE         25                        28     -3       44

PRECIPITATION (IN)
  YESTERDAY        0.08          0.55 1954   0.08   0.00      T
  MONTH TO DATE    0.46                      0.73  -0.27     0.16
  SINCE DEC 1      0.46                      0.73  -0.27     0.16
  SINCE JAN 1     25.63                     31.29  -5.66    21.63

DEGREE DAYS
 HEATING
  YESTERDAY       40                        37      3       21
  MONTH TO DATE  275                       316    -41      225
  SINCE DEC 1    275                       316    -41      225
  SINCE JUL 1   1234                      1935   -701     1405
..................................................................


WIND (MPH)
  HIGHEST WIND SPEED    18   HIGHEST WIND DIRECTION    NW (320)
  HIGHEST GUST SPEED    23   HIGHEST GUST DIRECTION    NW (320)
  AVERAGE WIND SPEED     7.8




RELATIVE HUMIDITY (PERCENT)
 HIGHEST    88
 LOWEST     63
 AVERAGE    76

..........................................................


THE TRAVERSE CITY MI CLIMATE NORMALS FOR TODAY
                         NORMAL    RECORD    YEAR
 MAXIMUM TEMPERATURE (F)   34        60      2015
 MINIMUM TEMPERATURE (F)   23        -6      1919


SUNRISE AND SUNSET
DECEMBER 10 2016......SUNRISE   809 AM EST   SUNSET   502 PM EST
DECEMBER 11 2016......SUNRISE   810 AM EST   SUNSET   502 PM EST


-  INDICATES NEGATIVE NUMBERS.
R  INDICATES RECORD WAS SET OR TIED.
MM INDICATES DATA IS MISSING.
T  INDICATES TRACE AMOUNT.




$$
