000
CDUS43 KAPX 060531
CLITVC


CLIMATE REPORT
NATIONAL WEATHER SERVICE GAYLORD MI
1230 AM EST SAT FEB 6 2016


...................................

...THE TRAVERSE CITY MI CLIMATE SUMMARY FOR FEBRUARY 5 2016...

CLIMATE NORMAL PERIOD 1981 TO 2010
CLIMATE RECORD PERIOD 1896 TO 2016


WEATHER ITEM   OBSERVED TIME   RECORD YEAR NORMAL DEPARTURE LAST
                VALUE   (LST)  VALUE       VALUE  FROM      YEAR
                                                  NORMAL
..................................................................
TEMPERATURE (F)
 YESTERDAY
  MAXIMUM         30    329 PM  55    2005  28      2       22
  MINIMUM         20   1104 PM -27    1918  14      6        6
  AVERAGE         25                        21      4       14

PRECIPITATION (IN)
  YESTERDAY        T             1.00 1938   0.05  -0.05      T
  MONTH TO DATE    0.41                      0.29   0.12     0.01
  SINCE DEC 1      5.49                      5.60  -0.11     1.75
  SINCE JAN 1      2.50                      3.11  -0.61     0.69

DEGREE DAYS
 HEATING
  YESTERDAY       40                        44     -4       51
  MONTH TO DATE  182                       220    -38      257
  SINCE DEC 1   2237                      2757   -520     2764
  SINCE JUL 1   3417                      4376   -959     4443
..................................................................


WIND (MPH)
  HIGHEST WIND SPEED    12   HIGHEST WIND DIRECTION    NW (330)
  HIGHEST GUST SPEED    14   HIGHEST GUST DIRECTION     N (340)
  AVERAGE WIND SPEED     3.5




RELATIVE HUMIDITY (PERCENT)
 HIGHEST    81
 LOWEST     63
 AVERAGE    72

..........................................................


THE TRAVERSE CITY MI CLIMATE NORMALS FOR TODAY
                         NORMAL    RECORD    YEAR
 MAXIMUM TEMPERATURE (F)   29        50      1925
 MINIMUM TEMPERATURE (F)   14       -22      1899


SUNRISE AND SUNSET
FEBRUARY  6 2016......SUNRISE   756 AM EST   SUNSET   557 PM EST
FEBRUARY  7 2016......SUNRISE   755 AM EST   SUNSET   559 PM EST


-  INDICATES NEGATIVE NUMBERS.
R  INDICATES RECORD WAS SET OR TIED.
MM INDICATES DATA IS MISSING.
T  INDICATES TRACE AMOUNT.




$$
