000
CDUS43 KAPX 040558
CLITVC


CLIMATE REPORT
NATIONAL WEATHER SERVICE GAYLORD MI
1258 AM EST WED MAR 4 2015


...................................

...THE TRAVERSE CITY MI CLIMATE SUMMARY FOR MARCH 3 2015...

CLIMATE NORMAL PERIOD 1981 TO 2010
CLIMATE RECORD PERIOD 1896 TO 2015


WEATHER ITEM   OBSERVED TIME   RECORD YEAR NORMAL DEPARTURE LAST
                VALUE   (LST)  VALUE       VALUE  FROM      YEAR
                                                  NORMAL
..................................................................
TEMPERATURE (F)
 YESTERDAY
  MAXIMUM         30    645 PM  64    1974  35     -5       15
  MINIMUM          6   1214 AM -30    1943  18    -12      -18
  AVERAGE         18                        26     -8       -1

PRECIPITATION (IN)
  YESTERDAY        0.07          1.02 1983   0.05   0.02      T
  MONTH TO DATE    0.07                      0.17  -0.10     0.01
  SINCE MAR 1      0.07                      0.17  -0.10     0.01
  SINCE JAN 1      0.85                      4.49  -3.64     1.43

DEGREE DAYS
 HEATING
  YESTERDAY       47                        39      8       66
  MONTH TO DATE  143                       117     26      184
  SINCE MAR 1    143                       117     26      184
  SINCE JUL 1   5875                      5457    418     5906

 COOLING
  YESTERDAY        0                         0      0        0
  MONTH TO DATE    0                         0      0        0
  SINCE MAR 1      0                         0      0        0
  SINCE JAN 1      0                         0      0        0
..................................................................


WIND (MPH)
  HIGHEST WIND SPEED    22   HIGHEST WIND DIRECTION     W (260)
  HIGHEST GUST SPEED    26   HIGHEST GUST DIRECTION     W (270)
  AVERAGE WIND SPEED     6.3




RELATIVE HUMIDITY (PERCENT)
 HIGHEST    88
 LOWEST     67
 AVERAGE    78

..........................................................


THE TRAVERSE CITY MI CLIMATE NORMALS FOR TODAY
                         NORMAL    RECORD    YEAR
 MAXIMUM TEMPERATURE (F)   35        52      2000
 MINIMUM TEMPERATURE (F)   18       -13      1913


SUNRISE AND SUNSET
MARCH  4 2015.........SUNRISE   715 AM EST   SUNSET   634 PM EST
MARCH  5 2015.........SUNRISE   713 AM EST   SUNSET   635 PM EST


-  INDICATES NEGATIVE NUMBERS.
R  INDICATES RECORD WAS SET OR TIED.
MM INDICATES DATA IS MISSING.
T  INDICATES TRACE AMOUNT.




$$
