000
CDUS43 KAPX 180530
CLITVC


CLIMATE REPORT
NATIONAL WEATHER SERVICE GAYLORD MI
1230 AM EST WED JAN 18 2017


...................................

...THE TRAVERSE CITY MI CLIMATE SUMMARY FOR JANUARY 17 2017...

CLIMATE NORMAL PERIOD 1981 TO 2010
CLIMATE RECORD PERIOD 1896 TO 2017


WEATHER ITEM   OBSERVED TIME   RECORD YEAR NORMAL DEPARTURE LAST
                VALUE   (LST)  VALUE       VALUE  FROM      YEAR
                                                  NORMAL
..................................................................
TEMPERATURE (F)
 YESTERDAY
  MAXIMUM         37    436 PM  49    1914  28      9       18
  MINIMUM         34   1159 PM -11    1982  15     19       10
  AVERAGE         36                        21     15       14

PRECIPITATION (IN)
  YESTERDAY        0.18          1.03 1990   0.10   0.08     0.35
  MONTH TO DATE    1.03                      1.66  -0.63     1.08
  SINCE DEC 1      2.26                      4.15  -1.89     4.07
  SINCE JAN 1      1.03                      1.66  -0.63     1.08

DEGREE DAYS
 HEATING
  YESTERDAY       29                        44    -15       51
  MONTH TO DATE  709                       733    -24      690
  SINCE DEC 1   1829                      1922    -93     1511
  SINCE JUL 1   2788                      3541   -753     2691
..................................................................


WIND (MPH)
  HIGHEST WIND SPEED     9   HIGHEST WIND DIRECTION     E (90)
  HIGHEST GUST SPEED    12   HIGHEST GUST DIRECTION    NE (60)
  AVERAGE WIND SPEED     3.1




RELATIVE HUMIDITY (PERCENT)
 HIGHEST   100
 LOWEST     82
 AVERAGE    91

..........................................................


THE TRAVERSE CITY MI CLIMATE NORMALS FOR TODAY
                         NORMAL    RECORD    YEAR
 MAXIMUM TEMPERATURE (F)   28        56      1996
 MINIMUM TEMPERATURE (F)   15       -13      1918


SUNRISE AND SUNSET
JANUARY 18 2017.......SUNRISE   814 AM EST   SUNSET   532 PM EST
JANUARY 19 2017.......SUNRISE   813 AM EST   SUNSET   533 PM EST


-  INDICATES NEGATIVE NUMBERS.
R  INDICATES RECORD WAS SET OR TIED.
MM INDICATES DATA IS MISSING.
T  INDICATES TRACE AMOUNT.




$$
