000
CDUS43 KAPX 292130
CLITVC


CLIMATE REPORT
NATIONAL WEATHER SERVICE GAYLORD MI
530 PM EDT WED MAR 29 2017


...................................

...THE TRAVERSE CITY MI CLIMATE SUMMARY FOR MARCH 29 2017...
VALID TODAY AS OF 0500 PM LOCAL TIME.

CLIMATE NORMAL PERIOD 1981 TO 2010
CLIMATE RECORD PERIOD 1896 TO 2017


WEATHER ITEM   OBSERVED TIME   RECORD YEAR NORMAL DEPARTURE LAST
                VALUE   (LST)  VALUE       VALUE  FROM      YEAR
                                                  NORMAL
..................................................................
TEMPERATURE (F)
 TODAY
  MAXIMUM         44    130 PM  82    1910  45     -1       55
  MINIMUM         27    701 AM   2    1970  26      1       25
  AVERAGE         36                        36      0       40

PRECIPITATION (IN)
  TODAY            0.00          0.50 1938   0.07  -0.07     0.00
  MONTH TO DATE    1.63                      1.72  -0.09     2.42
  SINCE MAR 1      1.63                      1.72  -0.09     2.42
  SINCE JAN 1      4.96                      6.04  -1.08     5.21

SNOWFALL (IN)
  TODAY           MM            MM      MM   0.2   MM       MM
  MONTH TO DATE   MM                        10.3   MM       MM
  SINCE OCT 1     MM                        98.3   MM       MM
  SINCE JUL 1     MM                        98.3   MM       MM

DEGREE DAYS
 HEATING
  TODAY           29                        29      0       25
  MONTH TO DATE  978                      1005    -27      815
  SINCE MAR 1    978                      1005    -27      815
  SINCE JUL 1   5151                      6345  -1194     5125

 COOLING
  TODAY            0                         0      0        0
  MONTH TO DATE    0                         0      0        0
  SINCE MAR 1      0                         0      0        0
  SINCE JAN 1      0                         0      0        0
..................................................................


WIND (MPH)
  RESULTANT WIND SPEED   2   RESULTANT WIND DIRECTION   N (20)
  HIGHEST WIND SPEED    12   HIGHEST WIND DIRECTION     N (20)
  HIGHEST GUST SPEED    14   HIGHEST GUST DIRECTION     N (20)
  AVERAGE WIND SPEED     2.3


SKY COVER
  POSSIBLE SUNSHINE  MM
  AVERAGE SKY COVER 0.7


WEATHER CONDITIONS
 THE FOLLOWING WEATHER WAS RECORDED TODAY.
  FOG
  FOG W/VISIBILITY <= 1/4 MILE
  HAZE


RELATIVE HUMIDITY (PERCENT)
 HIGHEST   100          1100 AM
 LOWEST     67           400 PM
 AVERAGE    84

..........................................................




SUNRISE AND SUNSET
MARCH 29 2017.........SUNRISE   728 AM EDT   SUNSET   806 PM EDT
MARCH 30 2017.........SUNRISE   726 AM EDT   SUNSET   808 PM EDT


-  INDICATES NEGATIVE NUMBERS.
R  INDICATES RECORD WAS SET OR TIED.
MM INDICATES DATA IS MISSING.
T  INDICATES TRACE AMOUNT.




$$
