000
CDUS43 KAPX 290527
CLITVC


CLIMATE REPORT
NATIONAL WEATHER SERVICE GAYLORD MI
127 AM EDT FRI AUG 29 2014


...................................

...THE TRAVERSE CITY MI CLIMATE SUMMARY FOR AUGUST 28 2014...

CLIMATE NORMAL PERIOD 1981 TO 2010
CLIMATE RECORD PERIOD 1896 TO 2014


WEATHER ITEM   OBSERVED TIME   RECORD YEAR NORMAL DEPARTURE LAST
                VALUE   (LST)  VALUE       VALUE  FROM      YEAR
                                                  NORMAL
..................................................................
TEMPERATURE (F)
 YESTERDAY
  MAXIMUM         71    412 PM  95    1991  76     -5       83
  MINIMUM         46    630 AM  36    1968  55     -9       67
  AVERAGE         59                        66     -7       75

PRECIPITATION (IN)
  YESTERDAY        0.00          2.01 1977   0.11  -0.11     0.00
  MONTH TO DATE    1.75                      3.05  -1.30     3.86
  SINCE JUN 1      6.52                      9.23  -2.71     8.07
  SINCE JAN 1     16.20                     20.78  -4.58    20.45

DEGREE DAYS
 HEATING
  YESTERDAY        6                         2      4        0
  MONTH TO DATE   24                        33     -9       22
  SINCE JUN 1    151                       173    -22      152
  SINCE JUL 1     79                        61     18       50

 COOLING
  YESTERDAY        0                         3     -3       10
  MONTH TO DATE  107                       108     -1      115
  SINCE JUN 1    305                       341    -36      408
  SINCE JAN 1    314                       361    -47      450
..................................................................


WIND (MPH)
  HIGHEST WIND SPEED    12   HIGHEST WIND DIRECTION    NE (50)
  HIGHEST GUST SPEED    14   HIGHEST GUST DIRECTION     N (20)
  AVERAGE WIND SPEED     3.0




RELATIVE HUMIDITY (PERCENT)
 HIGHEST    93
 LOWEST     44
 AVERAGE    69

..........................................................


THE TRAVERSE CITY MI CLIMATE NORMALS FOR TODAY
                         NORMAL    RECORD    YEAR
 MAXIMUM TEMPERATURE (F)   76        96      1991
 MINIMUM TEMPERATURE (F)   55        32      1982


SUNRISE AND SUNSET
AUGUST 29 2014........SUNRISE   701 AM EDT   SUNSET   824 PM EDT
AUGUST 30 2014........SUNRISE   702 AM EDT   SUNSET   823 PM EDT


-  INDICATES NEGATIVE NUMBERS.
R  INDICATES RECORD WAS SET OR TIED.
MM INDICATES DATA IS MISSING.
T  INDICATES TRACE AMOUNT.




$$
