000
CDUS44 KJAN 300625
CLITVR


CLIMATE REPORT
NATIONAL WEATHER SERVICE JACKSON MS
121 AM CDT TUE JUN 30 2015


...................................

...THE VICKSBURG CLIMATE SUMMARY FOR JUNE 29 2015...

CLIMATE NORMAL PERIOD 1981 TO 2010
CLIMATE RECORD PERIOD 1948 TO 2015


WEATHER ITEM   OBSERVED TIME   RECORD YEAR NORMAL DEPARTURE LAST
                VALUE   (LST)  VALUE       VALUE  FROM      YEAR
                                                  NORMAL
..................................................................
TEMPERATURE (F)
 YESTERDAY
  MAXIMUM         93    342 PM 101    1969  91      2       90
  MINIMUM         69    516 AM  58    1974  70     -1       74
                                      1958
  AVERAGE         81                        81      0       82

PRECIPITATION (IN)
  YESTERDAY        0.01          0.91 1955   0.15  -0.14     0.00
  MONTH TO DATE    5.25                      3.84   1.41     6.55
  SINCE JUN 1      5.25                      3.84   1.41     6.55
  SINCE JAN 1     35.52                     29.14   6.38    34.88

SNOWFALL (IN)
  YESTERDAY        0.0

DEGREE DAYS
 HEATING
  YESTERDAY        0                         0      0        0
  MONTH TO DATE    0                         0      0        0
  SINCE JUN 1      0                         0      0        0
  SINCE JUL 1   2522                      2351    171     2890

 COOLING
  YESTERDAY       16                        16      0       17
  MONTH TO DATE  467                       402     65      406
  SINCE JUN 1    467                       402     65      406
  SINCE JAN 1    913                       772    141      756
..................................................................


WIND (MPH)
  HIGHEST WIND SPEED    17   HIGHEST WIND DIRECTION     S (180)
  HIGHEST GUST SPEED    21   HIGHEST GUST DIRECTION     S (190)
  AVERAGE WIND SPEED     3.7


SKY COVER
  POSSIBLE SUNSHINE  MM
  AVERAGE SKY COVER 0.1


WEATHER CONDITIONS
 THE FOLLOWING WEATHER WAS RECORDED YESTERDAY.
  THUNDERSTORM
  LIGHT RAIN
  FOG


RELATIVE HUMIDITY (PERCENT)
 HIGHEST    97           100 AM
 LOWEST     49           300 PM
 AVERAGE    73

..........................................................


THE VICKSBURG CLIMATE NORMALS FOR TODAY
                         NORMAL    RECORD    YEAR
 MAXIMUM TEMPERATURE (F)   91       101      1969
 MINIMUM TEMPERATURE (F)   70        60      2006


SUNRISE AND SUNSET
JUNE 30 2015..........SUNRISE   600 AM CDT   SUNSET   815 PM CDT
JULY  1 2015..........SUNRISE   601 AM CDT   SUNSET   815 PM CDT


-  INDICATES NEGATIVE NUMBERS.
R  INDICATES RECORD WAS SET OR TIED.
MM INDICATES DATA IS MISSING.
T  INDICATES TRACE AMOUNT.




$$
