000
CDUS44 KJAN 182214
CLITVR


CLIMATE REPORT...CORRECTED
NATIONAL WEATHER SERVICE JACKSON MS
513 PM CDT FRI APR 18 2014


...................................

...THE VICKSBURG CLIMATE SUMMARY FOR APRIL 18 2014...
VALID TODAY AS OF 0500 PM LOCAL TIME.

CLIMATE NORMAL PERIOD 1981 TO 2010
CLIMATE RECORD PERIOD 1948 TO 2014


WEATHER ITEM   OBSERVED TIME   RECORD YEAR NORMAL DEPARTURE LAST
                VALUE   (LST)  VALUE       VALUE  FROM      YEAR
                                                  NORMAL
..................................................................
TEMPERATURE (F)
 TODAY
  MAXIMUM         76    308 PM  91    2006  77     -1       84
  MINIMUM         58    415 AM  37    2001  54      4       50
  AVERAGE         67                        65      2       67

PRECIPITATION (IN)
  TODAY           MM             2.64 1973   0.18  MM        0.85
  MONTH TO DATE   12.21                      3.01   9.20     3.22
  SINCE MAR 1     18.14                      8.04  10.10     6.18
  SINCE JAN 1     23.56                     18.38   5.18    29.01

SNOWFALL (IN)
  TODAY            0.0

DEGREE DAYS
 HEATING
  TODAY            0                         3     -3        0
  MONTH TO DATE   80                        77      3       71
  SINCE MAR 1    448                       342    106      457
  SINCE JUL 1   2857                      2318    539     2227

 COOLING
  TODAY            2                         3     -1        2
  MONTH TO DATE   42                        42      0       71
  SINCE MAR 1     49                        65    -16       78
  SINCE JAN 1     56                        74    -18       96
..................................................................


WIND (MPH)
  HIGHEST WIND SPEED    16   HIGHEST WIND DIRECTION     N (20)
  HIGHEST GUST SPEED    21   HIGHEST GUST DIRECTION     N (360)
  AVERAGE WIND SPEED     6.2


SKY COVER
  POSSIBLE SUNSHINE  MM
  AVERAGE SKY COVER 0.8


WEATHER CONDITIONS
 THE FOLLOWING WEATHER WAS RECORDED TODAY.
  NO SIGNIFICANT WEATHER WAS OBSERVED.


RELATIVE HUMIDITY (PERCENT)
 HIGHEST    87           600 AM
 LOWEST     54           300 PM
 AVERAGE    71

..........................................................


THE VICKSBURG CLIMATE NORMALS FOR TOMORROW
                         NORMAL    RECORD    YEAR
 MAXIMUM TEMPERATURE (F)   77        92      2006
 MINIMUM TEMPERATURE (F)   54        34      1983


SUNRISE AND SUNSET
APRIL 18 2014.........SUNRISE   631 AM CDT   SUNSET   736 PM CDT
APRIL 19 2014.........SUNRISE   630 AM CDT   SUNSET   737 PM CDT


-  INDICATES NEGATIVE NUMBERS.
R  INDICATES RECORD WAS SET OR TIED.
MM INDICATES DATA IS MISSING.
T  INDICATES TRACE AMOUNT.




$$
