000
CDUS44 KJAN 270909
CLITVR


CLIMATE REPORT
NATIONAL WEATHER SERVICE JACKSON MS
307 AM CST TUE JAN 27 2015


...................................

...THE VICKSBURG CLIMATE SUMMARY FOR JANUARY 26 2015...

CLIMATE NORMAL PERIOD 1981 TO 2010
CLIMATE RECORD PERIOD 1948 TO 2015


WEATHER ITEM   OBSERVED TIME   RECORD YEAR NORMAL DEPARTURE LAST
                VALUE   (LST)  VALUE       VALUE  FROM      YEAR
                                                  NORMAL
..................................................................
TEMPERATURE (F)
 YESTERDAY
  MAXIMUM         56    342 PM  81    1952  56      0       63
  MINIMUM         39    943 PM  20    1985  36      3       29
                                      1963
  AVERAGE         48                        46      2       46

PRECIPITATION (IN)
  YESTERDAY        0.00          1.13 1976   0.17  -0.17     0.00
  MONTH TO DATE    5.57                      4.14   1.43     2.26
  SINCE DEC 1     10.16                      9.75   0.41     6.61
  SINCE JAN 1      5.57                      4.14   1.43     2.26

SNOWFALL (IN)
  YESTERDAY        0.0

DEGREE DAYS
 HEATING
  YESTERDAY       17                        19     -2       19
  MONTH TO DATE  560                       515     45      609
  SINCE DEC 1   1022                      1050    -28     1204
  SINCE JUL 1   1560                      1452    108     1734

 COOLING
  YESTERDAY        0                         0      0        0
  MONTH TO DATE    0                         0      0        0
  SINCE DEC 1      4                         6     -2       16
  SINCE JAN 1      0                         0      0        0
..................................................................


WIND (MPH)
  HIGHEST WIND SPEED    15   HIGHEST WIND DIRECTION     N (350)
  HIGHEST GUST SPEED    22   HIGHEST GUST DIRECTION     N (350)
  AVERAGE WIND SPEED     5.8


SKY COVER
  POSSIBLE SUNSHINE  MM
  AVERAGE SKY COVER 0.3


WEATHER CONDITIONS
 THE FOLLOWING WEATHER WAS RECORDED YESTERDAY.
  NO SIGNIFICANT WEATHER WAS OBSERVED.


RELATIVE HUMIDITY (PERCENT)
 HIGHEST    79          1100 PM
 LOWEST     47           300 PM
 AVERAGE    63

..........................................................


THE VICKSBURG CLIMATE NORMALS FOR TODAY
                         NORMAL    RECORD    YEAR
 MAXIMUM TEMPERATURE (F)   56        80      2009
 MINIMUM TEMPERATURE (F)   36        20      1985


SUNRISE AND SUNSET
JANUARY 27 2015.......SUNRISE   701 AM CST   SUNSET   533 PM CST
JANUARY 28 2015.......SUNRISE   701 AM CST   SUNSET   534 PM CST


-  INDICATES NEGATIVE NUMBERS.
R  INDICATES RECORD WAS SET OR TIED.
MM INDICATES DATA IS MISSING.
T  INDICATES TRACE AMOUNT.




$$
