237
CDUS44 KJAN 220732
CLITVR


CLIMATE REPORT
NATIONAL WEATHER SERVICE JACKSON MS
128 AM CST WED NOV 22 2017


...................................

...THE VICKSBURG CLIMATE SUMMARY FOR NOVEMBER 21 2017...

CLIMATE NORMAL PERIOD 1981 TO 2010
CLIMATE RECORD PERIOD 1948 TO 2017


WEATHER ITEM   OBSERVED TIME   RECORD YEAR NORMAL DEPARTURE LAST
                VALUE   (LST)  VALUE       VALUE  FROM      YEAR
                                                  NORMAL
..................................................................
TEMPERATURE (F)
 YESTERDAY
  MAXIMUM         64    215 PM  81    2011  66     -2       67
  MINIMUM         32    402 AM  22    1951  42    -10       25
  AVERAGE         48                        54     -6       46

PRECIPITATION (IN)
  YESTERDAY        0.00          2.95 1977   0.17  -0.17     0.00
  MONTH TO DATE    0.93                      3.21  -2.28     0.91
  SINCE SEP 1      4.20                     10.77  -6.57     1.03
  SINCE JAN 1     53.62                     47.34   6.28    52.58

SNOWFALL (IN)
  YESTERDAY        0.0

DEGREE DAYS
 HEATING
  YESTERDAY       17                        11      6       19
  MONTH TO DATE  136                       183    -47      147
  SINCE SEP 1    240                       285    -45      176
  SINCE JUL 1    240                       285    -45      176

 COOLING
  YESTERDAY        0                         0      0        0
  MONTH TO DATE   56                        12     44       25
  SINCE SEP 1    576                       432    144      672
  SINCE JAN 1   2498                      2221    277     2919
..................................................................


WIND (MPH)
  HIGHEST WIND SPEED     7   HIGHEST WIND DIRECTION     S (170)
  HIGHEST GUST SPEED     9   HIGHEST GUST DIRECTION    SE (140)
  AVERAGE WIND SPEED     1.7


SKY COVER
  POSSIBLE SUNSHINE  MM
  AVERAGE SKY COVER 0.3


WEATHER CONDITIONS
 THE FOLLOWING WEATHER WAS RECORDED YESTERDAY.
  NO SIGNIFICANT WEATHER WAS OBSERVED.


RELATIVE HUMIDITY (PERCENT)
 HIGHEST   100          1200 AM
 LOWEST     48           100 PM
 AVERAGE    74

..........................................................


THE VICKSBURG CLIMATE NORMALS FOR TODAY
                         NORMAL    RECORD    YEAR
 MAXIMUM TEMPERATURE (F)   65        82      2010
                                             1965
 MINIMUM TEMPERATURE (F)   42        21      1949


SUNRISE AND SUNSET
NOVEMBER 22 2017......SUNRISE   640 AM CST   SUNSET   500 PM CST
NOVEMBER 23 2017......SUNRISE   641 AM CST   SUNSET   500 PM CST


-  INDICATES NEGATIVE NUMBERS.
R  INDICATES RECORD WAS SET OR TIED.
MM INDICATES DATA IS MISSING.
T  INDICATES TRACE AMOUNT.




$$
