000
CDUS44 KJAN 300700
CLITVR


CLIMATE REPORT
NATIONAL WEATHER SERVICE JACKSON MS
157 AM CDT MON MAY 30 2016


...................................

...THE VICKSBURG CLIMATE SUMMARY FOR MAY 29 2016...

CLIMATE NORMAL PERIOD 1981 TO 2010
CLIMATE RECORD PERIOD 1948 TO 2016


WEATHER ITEM   OBSERVED TIME   RECORD YEAR NORMAL DEPARTURE LAST
                VALUE   (LST)  VALUE       VALUE  FROM      YEAR
                                                  NORMAL
..................................................................
TEMPERATURE (F)
 YESTERDAY
  MAXIMUM         93    320 PM  96    1951  87      6       91
  MINIMUM         68    513 AM  48    1961  65      3       69
  AVERAGE         81                        76      5       80

PRECIPITATION (IN)
  YESTERDAY        0.00          2.36 1995   0.13  -0.13     0.20
  MONTH TO DATE    2.84                      4.72  -1.88     8.29
  SINCE MAR 1     25.47                     14.72  10.75    18.57
  SINCE JAN 1     35.47                     25.06  10.41    29.82

SNOWFALL (IN)
  YESTERDAY        0.0

DEGREE DAYS
 HEATING
  YESTERDAY        0                         0      0        0
  MONTH TO DATE    0                         9     -9        3
  SINCE MAR 1    129                       374   -245      264
  SINCE JUL 1   1507                      2350   -843     2522

 COOLING
  YESTERDAY       16                        11      5       15
  MONTH TO DATE  256                       230     26      270
  SINCE MAR 1    472                       339    133      424
  SINCE JAN 1    484                       348    136      424
..................................................................


WIND (MPH)
  HIGHEST WIND SPEED    20   HIGHEST WIND DIRECTION     N (360)
  HIGHEST GUST SPEED    25   HIGHEST GUST DIRECTION     N (10)
  AVERAGE WIND SPEED     3.1


SKY COVER
  POSSIBLE SUNSHINE  MM
  AVERAGE SKY COVER 0.1


WEATHER CONDITIONS
 THE FOLLOWING WEATHER WAS RECORDED YESTERDAY.
  FOG


RELATIVE HUMIDITY (PERCENT)
 HIGHEST    97           200 AM
 LOWEST     36           400 PM
 AVERAGE    67

..........................................................


THE VICKSBURG CLIMATE NORMALS FOR TODAY
                         NORMAL    RECORD    YEAR
 MAXIMUM TEMPERATURE (F)   87        97      1977
                                             1951
 MINIMUM TEMPERATURE (F)   65        45      1984


SUNRISE AND SUNSET
MAY 30 2016...........SUNRISE   558 AM CDT   SUNSET   805 PM CDT
MAY 31 2016...........SUNRISE   558 AM CDT   SUNSET   806 PM CDT


-  INDICATES NEGATIVE NUMBERS.
R  INDICATES RECORD WAS SET OR TIED.
MM INDICATES DATA IS MISSING.
T  INDICATES TRACE AMOUNT.




$$
