000
CDUS44 KJAN 260839
CLITVR


CLIMATE REPORT
NATIONAL WEATHER SERVICE JACKSON MS
235 AM CST FRI DEC 26 2014


...................................

...THE VICKSBURG CLIMATE SUMMARY FOR DECEMBER 25 2014...

CLIMATE NORMAL PERIOD 1981 TO 2010
CLIMATE RECORD PERIOD 1948 TO 2014


WEATHER ITEM   OBSERVED TIME   RECORD YEAR NORMAL DEPARTURE LAST
                VALUE   (LST)  VALUE       VALUE  FROM      YEAR
                                                  NORMAL
..................................................................
TEMPERATURE (F)
 YESTERDAY
  MAXIMUM         58    348 PM  80    1982  57      1       49
  MINIMUM         28    649 AM   5    1983  36     -8       25
  AVERAGE         43                        46     -3       37

PRECIPITATION (IN)
  YESTERDAY        0.00          2.60 1973   0.17  -0.17     0.00
  MONTH TO DATE    2.26                      4.72  -2.46     4.07
  SINCE DEC 1      2.26                      4.72  -2.46     4.07
  SINCE JAN 1     56.17                     53.85   2.32    67.65

SNOWFALL (IN)
  YESTERDAY        0.0

DEGREE DAYS
 HEATING
  YESTERDAY       22                        19      3       28
  MONTH TO DATE  355                       420    -65      465
  SINCE DEC 1    355                       420    -65      465
  SINCE JUL 1    893                       822     71      995

 COOLING
  YESTERDAY        0                         0      0        0
  MONTH TO DATE    4                         0      4       16
  SINCE DEC 1      4                         0      4       16
  SINCE JAN 1   2193                      2225    -32     2280
..................................................................


WIND (MPH)
  HIGHEST WIND SPEED    14   HIGHEST WIND DIRECTION     S (180)
  HIGHEST GUST SPEED    17   HIGHEST GUST DIRECTION     S (180)
  AVERAGE WIND SPEED     5.8


SKY COVER
  POSSIBLE SUNSHINE  MM
  AVERAGE SKY COVER 0.0


WEATHER CONDITIONS
 THE FOLLOWING WEATHER WAS RECORDED YESTERDAY.
  FOG


RELATIVE HUMIDITY (PERCENT)
 HIGHEST    92           400 AM
 LOWEST     40           300 PM
 AVERAGE    66

..........................................................


THE VICKSBURG CLIMATE NORMALS FOR TODAY
                         NORMAL    RECORD    YEAR
 MAXIMUM TEMPERATURE (F)   57        81      1982
 MINIMUM TEMPERATURE (F)   36         5      1983


SUNRISE AND SUNSET
DECEMBER 26 2014......SUNRISE   704 AM CST   SUNSET   506 PM CST
DECEMBER 27 2014......SUNRISE   704 AM CST   SUNSET   507 PM CST


-  INDICATES NEGATIVE NUMBERS.
R  INDICATES RECORD WAS SET OR TIED.
MM INDICATES DATA IS MISSING.
T  INDICATES TRACE AMOUNT.




$$
