000
CDUS45 KBOI 210931
CLITWF


CLIMATE REPORT
NATIONAL WEATHER SERVICE BOISE ID
231 AM MST SAT JAN 21 2017


...................................

...THE TWIN FALLS ID CLIMATE SUMMARY FOR JANUARY 20 2017...

CLIMATE NORMAL PERIOD 1981 TO 2010
CLIMATE RECORD PERIOD 9999 TO 9999


WEATHER ITEM   OBSERVED TIME   NORMAL DEPARTURE LAST
                VALUE   (LST)  VALUE  FROM      YEAR
                                      NORMAL
......................................................
TEMPERATURE (F)
 YESTERDAY
  MAXIMUM         39    357 PM  38      1       39
  MINIMUM         26    743 AM  22      4       28
  AVERAGE         33

PRECIPITATION (IN)
  YESTERDAY        0.08          0.03   0.05     0.10
  MONTH TO DATE    1.19          0.72   0.47     0.33
  SINCE OCT 1      5.69          3.97   1.72     4.71
  SINCE JAN 1      1.19          0.72   0.47     0.33

DEGREE DAYS
 HEATING
  YESTERDAY       32            35     -3       31
  MONTH TO DATE  889           714    175      746
  SINCE DEC 1   2147          1843    304     1889
  SINCE JUL 1   3449          3281    168     3100

 COOLING
  YESTERDAY        0             0      0        0
  MONTH TO DATE    0             0      0        0
  SINCE DEC 1      0             0      0        0
  SINCE JAN 1      0             0      0        0
......................................................


WIND (MPH)
  HIGHEST WIND SPEED    23   HIGHEST WIND DIRECTION    SE (130)
  HIGHEST GUST SPEED    30   HIGHEST GUST DIRECTION    SE (150)
  AVERAGE WIND SPEED     8.2


SKY COVER
  AVERAGE SKY COVER 0.7


WEATHER CONDITIONS
 THE FOLLOWING WEATHER WAS RECORDED YESTERDAY.
  LIGHT SNOW
  FOG
  FOG W/VISIBILITY <= 1/4 MILE


RELATIVE HUMIDITY (PERCENT)
 HIGHEST    92          1000 PM
 LOWEST     48           400 PM
 AVERAGE    70

..........................................................




SUNRISE AND SUNSET
JANUARY 21 2017.......SUNRISE   801 AM MST   SUNSET   538 PM MST
JANUARY 22 2017.......SUNRISE   800 AM MST   SUNSET   539 PM MST


-  INDICATES NEGATIVE NUMBERS.
R  INDICATES RECORD WAS SET OR TIED.
MM INDICATES DATA IS MISSING.
T  INDICATES TRACE AMOUNT.




$$
