000
CDUS45 KBOI 270945
CLITWF


CLIMATE REPORT
NATIONAL WEATHER SERVICE BOISE ID
245 AM MST THU NOV 27 2014


...................................

...THE TWIN FALLS ID CLIMATE SUMMARY FOR NOVEMBER 26 2014...

CLIMATE NORMAL PERIOD 1981 TO 2010
CLIMATE RECORD PERIOD 9999 TO 9999


WEATHER ITEM   OBSERVED TIME   NORMAL DEPARTURE LAST
                VALUE   (LST)  VALUE  FROM      YEAR
                                      NORMAL
......................................................
TEMPERATURE (F)
 YESTERDAY
  MAXIMUM         60    255 PM  43     17       53
  MINIMUM         41    643 PM  23     18       19
  AVERAGE         51

PRECIPITATION (IN)
  YESTERDAY        0.00          0.05  -0.05     0.00
  MONTH TO DATE    1.26          0.99   0.27     0.23
  SINCE OCT 1      1.39          1.79  -0.40     0.35
  SINCE JAN 1     14.43          9.24   5.19     4.46

DEGREE DAYS
 HEATING
  YESTERDAY       14            32    -18       29
  MONTH TO DATE  736           688     48      640
  SINCE SEP 1   1098          1286   -188     1251
  SINCE JUL 1   1117          1307   -190     1251

 COOLING
  YESTERDAY        0             0      0        0
  MONTH TO DATE    0             0      0        0
  SINCE SEP 1     92            63     29       99
  SINCE JAN 1    851           680    171     1138
......................................................


WIND (MPH)
  HIGHEST WIND SPEED    18   HIGHEST WIND DIRECTION    SW (220)
  HIGHEST GUST SPEED    25   HIGHEST GUST DIRECTION    SW (230)
  AVERAGE WIND SPEED    11.3


SKY COVER
  AVERAGE SKY COVER 0.1


WEATHER CONDITIONS
 THE FOLLOWING WEATHER WAS RECORDED YESTERDAY.
  NO SIGNIFICANT WEATHER WAS OBSERVED.


RELATIVE HUMIDITY (PERCENT)
 HIGHEST    76           600 PM
 LOWEST     38          1100 PM
 AVERAGE    57

..........................................................




SUNRISE AND SUNSET
NOVEMBER 27 2014......SUNRISE   743 AM MST   SUNSET   507 PM MST
NOVEMBER 28 2014......SUNRISE   745 AM MST   SUNSET   507 PM MST


-  INDICATES NEGATIVE NUMBERS.
R  INDICATES RECORD WAS SET OR TIED.
MM INDICATES DATA IS MISSING.
T  INDICATES TRACE AMOUNT.




$$
