000
CDUS45 KBOI 270931
CLITWF


CLIMATE REPORT
NATIONAL WEATHER SERVICE BOISE ID
231 AM MST MON FEB 27 2017


...................................

...THE TWIN FALLS ID CLIMATE SUMMARY FOR FEBRUARY 26 2017...

CLIMATE NORMAL PERIOD 1981 TO 2010
CLIMATE RECORD PERIOD 9999 TO 9999


WEATHER ITEM   OBSERVED TIME   NORMAL DEPARTURE LAST
                VALUE   (LST)  VALUE  FROM      YEAR
                                      NORMAL
......................................................
TEMPERATURE (F)
 YESTERDAY
  MAXIMUM         35    403 PM  47    -12       57
  MINIMUM         19    400 AM  26     -7       27
  AVERAGE         27

PRECIPITATION (IN)
  YESTERDAY        0.05          0.03   0.02     0.00
  MONTH TO DATE    1.43          0.76   0.67     0.17
  SINCE OCT 1      7.44          4.99   2.45     5.60
  SINCE JAN 1      2.94          1.74   1.20     1.22

DEGREE DAYS
 HEATING
  YESTERDAY       38            29      9       23
  MONTH TO DATE  778           842    -64      749
  SINCE DEC 1   3397          3072    325     3008
  SINCE JUL 1   4699          4510    189     4219

 COOLING
  YESTERDAY        0             0      0        0
  MONTH TO DATE    0             0      0        0
  SINCE DEC 1      0             0      0        0
  SINCE JAN 1      0             0      0        0
......................................................


WIND (MPH)
  HIGHEST WIND SPEED    21   HIGHEST WIND DIRECTION    NW (300)
  HIGHEST GUST SPEED    29   HIGHEST GUST DIRECTION     S (170)
  AVERAGE WIND SPEED    12.8


SKY COVER
  AVERAGE SKY COVER 0.3


WEATHER CONDITIONS
 THE FOLLOWING WEATHER WAS RECORDED YESTERDAY.
  LIGHT SNOW
  FOG


RELATIVE HUMIDITY (PERCENT)
 HIGHEST   100           900 PM
 LOWEST     47           200 PM
 AVERAGE    74

..........................................................




SUNRISE AND SUNSET
FEBRUARY 27 2017......SUNRISE   716 AM MST   SUNSET   626 PM MST
FEBRUARY 28 2017......SUNRISE   714 AM MST   SUNSET   627 PM MST


-  INDICATES NEGATIVE NUMBERS.
R  INDICATES RECORD WAS SET OR TIED.
MM INDICATES DATA IS MISSING.
T  INDICATES TRACE AMOUNT.




$$
