000
CDUS45 KBOI 260931
CLITWF


CLIMATE REPORT
NATIONAL WEATHER SERVICE BOISE ID
230 AM MST FRI DEC 26 2014


...................................

...THE TWIN FALLS ID CLIMATE SUMMARY FOR DECEMBER 25 2014...

CLIMATE NORMAL PERIOD 1981 TO 2010
CLIMATE RECORD PERIOD 9999 TO 9999


WEATHER ITEM   OBSERVED TIME   NORMAL DEPARTURE LAST
                VALUE   (LST)  VALUE  FROM      YEAR
                                      NORMAL
......................................................
TEMPERATURE (F)
 YESTERDAY
  MAXIMUM         31    411 PM  36     -5       41
  MINIMUM         22   1159 PM  20      2       20
  AVERAGE         27

PRECIPITATION (IN)
  YESTERDAY        0.34          0.04   0.30     0.00
  MONTH TO DATE    1.50          1.05   0.45     0.12
  SINCE OCT 1      2.96          3.03  -0.07     0.47
  SINCE JAN 1     16.00         10.48   5.52     4.58

DEGREE DAYS
 HEATING
  YESTERDAY       38            37      1       34
  MONTH TO DATE  611           908   -297      996
  SINCE DEC 1    611           908   -297      996
  SINCE JUL 1   1803          2346   -543     2352

 COOLING
  YESTERDAY        0             0      0        0
  MONTH TO DATE    0             0      0        0
  SINCE DEC 1      0             0      0        0
  SINCE JAN 1    851           680    171     1138
......................................................


WIND (MPH)
  HIGHEST WIND SPEED    51   HIGHEST WIND DIRECTION     W (260)
  HIGHEST GUST SPEED    62   HIGHEST GUST DIRECTION     W (250)
  AVERAGE WIND SPEED    30.0


SKY COVER
  AVERAGE SKY COVER 0.9


WEATHER CONDITIONS
 THE FOLLOWING WEATHER WAS RECORDED YESTERDAY.
  HEAVY SNOW
  SNOW
  LIGHT SNOW
  FOG
  FOG W/VISIBILITY <= 1/4 MILE
  HAZE


RELATIVE HUMIDITY (PERCENT)
 HIGHEST    85          1200 AM
 LOWEST     69          1200 PM
 AVERAGE    77

..........................................................




SUNRISE AND SUNSET
DECEMBER 26 2014......SUNRISE   806 AM MST   SUNSET   511 PM MST
DECEMBER 27 2014......SUNRISE   807 AM MST   SUNSET   512 PM MST


-  INDICATES NEGATIVE NUMBERS.
R  INDICATES RECORD WAS SET OR TIED.
MM INDICATES DATA IS MISSING.
T  INDICATES TRACE AMOUNT.




$$
