000
CDUS45 KBOI 010935
CLITWF


CLIMATE REPORT
NATIONAL WEATHER SERVICE BOISE ID
332 AM MDT SAT AUG 1 2015


...................................

...THE TWIN FALLS ID CLIMATE SUMMARY FOR JULY 31 2015...

CLIMATE NORMAL PERIOD 1981 TO 2010
CLIMATE RECORD PERIOD 9999 TO 9999


WEATHER ITEM   OBSERVED TIME   NORMAL DEPARTURE LAST
                VALUE   (LST)  VALUE  FROM      YEAR
                                      NORMAL
......................................................
TEMPERATURE (F)
 YESTERDAY
  MAXIMUM         95    404 PM  91      4       90
  MINIMUM         62    511 AM  59      3       56
  AVERAGE         79

PRECIPITATION (IN)
  YESTERDAY        0.00          0.01  -0.01     0.00
  MONTH TO DATE    0.71          0.30   0.41     0.23
  SINCE OCT 1      8.11          9.81  -1.70     7.15
  SINCE JAN 1      5.11          6.56  -1.45     6.68

DEGREE DAYS
 HEATING
  YESTERDAY        0             0      0        0
  MONTH TO DATE    3             3      0        0
  SINCE JUN 1     10            93    -83       58
  SINCE JUL 1      3             6     -3        0

 COOLING
  YESTERDAY       14            10      4        8
  MONTH TO DATE  292           277     15      434
  SINCE JUN 1    558           364    194      521
  SINCE JAN 1    574           386    188      554
......................................................


WIND (MPH)
  HIGHEST WIND SPEED    15   HIGHEST WIND DIRECTION     S (180)
  HIGHEST GUST SPEED    20   HIGHEST GUST DIRECTION     S (180)
  AVERAGE WIND SPEED     7.5


SKY COVER
  AVERAGE SKY COVER 0.0


WEATHER CONDITIONS
 THE FOLLOWING WEATHER WAS RECORDED YESTERDAY.
  NO SIGNIFICANT WEATHER WAS OBSERVED.


RELATIVE HUMIDITY (PERCENT)
 HIGHEST    26           100 AM
 LOWEST      6           200 PM
 AVERAGE    16

..........................................................




SUNRISE AND SUNSET
AUGUST  1 2015........SUNRISE   630 AM MDT   SUNSET   858 PM MDT
AUGUST  2 2015........SUNRISE   631 AM MDT   SUNSET   857 PM MDT


-  INDICATES NEGATIVE NUMBERS.
R  INDICATES RECORD WAS SET OR TIED.
MM INDICATES DATA IS MISSING.
T  INDICATES TRACE AMOUNT.




$$
