000
CDUS45 KBOI 220936
CLITWF


CLIMATE REPORT
NATIONAL WEATHER SERVICE BOISE ID
236 AM MST WED NOV 22 2017


...................................

...THE TWIN FALLS ID CLIMATE SUMMARY FOR NOVEMBER 21 2017...

CLIMATE NORMAL PERIOD 1981 TO 2010
CLIMATE RECORD PERIOD 9999 TO 9999


WEATHER ITEM   OBSERVED TIME   NORMAL DEPARTURE LAST
                VALUE   (LST)  VALUE  FROM      YEAR
                                      NORMAL
......................................................
TEMPERATURE (F)
 YESTERDAY
  MAXIMUM         61   1151 AM  46     15       42
  MINIMUM         45    104 AM  25     20       34
  AVERAGE         53

PRECIPITATION (IN)
  YESTERDAY        T             0.04  -0.04     0.04
  MONTH TO DATE    0.96          0.76   0.20     0.08
  SINCE OCT 1      1.61          1.56   0.05     2.86
  SINCE JAN 1      9.74          9.01   0.73    11.77

DEGREE DAYS
 HEATING
  YESTERDAY       12            30    -18       27
  MONTH TO DATE  530           532     -2      415
  SINCE SEP 1   1330          1130    200     1016
  SINCE JUL 1   1332          1151    181     1040

 COOLING
  YESTERDAY        0             0      0        0
  MONTH TO DATE    0             0      0        0
  SINCE SEP 1    119            63     56       26
  SINCE JAN 1    871           680    191      642
......................................................


WIND (MPH)
  HIGHEST WIND SPEED    12   HIGHEST WIND DIRECTION     W (270)
  HIGHEST GUST SPEED    15   HIGHEST GUST DIRECTION    SW (240)
  AVERAGE WIND SPEED     6.4


SKY COVER
  AVERAGE SKY COVER 0.7


WEATHER CONDITIONS
 THE FOLLOWING WEATHER WAS RECORDED YESTERDAY.
  LIGHT RAIN


RELATIVE HUMIDITY (PERCENT)
 HIGHEST   100           900 PM
 LOWEST     60          1200 PM
 AVERAGE    80

..........................................................




SUNRISE AND SUNSET
NOVEMBER 22 2017......SUNRISE   738 AM MST   SUNSET   510 PM MST
NOVEMBER 23 2017......SUNRISE   739 AM MST   SUNSET   509 PM MST


-  INDICATES NEGATIVE NUMBERS.
R  INDICATES RECORD WAS SET OR TIED.
MM INDICATES DATA IS MISSING.
T  INDICATES TRACE AMOUNT.




$$
