000
CDUS45 KBOI 090935
CLITWF


CLIMATE REPORT
NATIONAL WEATHER SERVICE BOISE ID
234 AM MST FRI DEC 9 2016


...................................

...THE TWIN FALLS ID CLIMATE SUMMARY FOR DECEMBER 8 2016...

CLIMATE NORMAL PERIOD 1981 TO 2010
CLIMATE RECORD PERIOD 9999 TO 9999


WEATHER ITEM   OBSERVED TIME   NORMAL DEPARTURE LAST
                VALUE   (LST)  VALUE  FROM      YEAR
                                      NORMAL
......................................................
TEMPERATURE (F)
 YESTERDAY
  MAXIMUM         22   1154 PM  38    -16       60
  MINIMUM          7    132 AM  20    -13       44
  AVERAGE         15

PRECIPITATION (IN)
  YESTERDAY        0.13          0.04   0.09     0.00
  MONTH TO DATE    0.20          0.31  -0.11     0.48
  SINCE OCT 1      3.17          2.29   0.88     3.19
  SINCE JAN 1     12.08          9.74   2.34     9.14

DEGREE DAYS
 HEATING
  YESTERDAY       50            36     14       13
  MONTH TO DATE  325           281     44      248
  SINCE DEC 1    325           281     44      248
  SINCE JUL 1   1627          1719    -92     1459

 COOLING
  YESTERDAY        0             0      0        0
  MONTH TO DATE    0             0      0        0
  SINCE DEC 1      0             0      0        0
  SINCE JAN 1    642           680    -38     1020
......................................................


WIND (MPH)
  HIGHEST WIND SPEED    17   HIGHEST WIND DIRECTION    NE (60)
  HIGHEST GUST SPEED    23   HIGHEST GUST DIRECTION     E (70)
  AVERAGE WIND SPEED    11.3


SKY COVER
  AVERAGE SKY COVER 0.7


WEATHER CONDITIONS
 THE FOLLOWING WEATHER WAS RECORDED YESTERDAY.
  SNOW
  LIGHT SNOW
  FOG
  FOG W/VISIBILITY <= 1/4 MILE


RELATIVE HUMIDITY (PERCENT)
 HIGHEST    92           100 PM
 LOWEST     76           400 AM
 AVERAGE    84

..........................................................




SUNRISE AND SUNSET
DECEMBER  9 2016......SUNRISE   756 AM MST   SUNSET   505 PM MST
DECEMBER 10 2016......SUNRISE   757 AM MST   SUNSET   505 PM MST


-  INDICATES NEGATIVE NUMBERS.
R  INDICATES RECORD WAS SET OR TIED.
MM INDICATES DATA IS MISSING.
T  INDICATES TRACE AMOUNT.




$$
