000
CDUS45 KBOI 260931
CLITWF


CLIMATE REPORT
NATIONAL WEATHER SERVICE BOISE ID
230 AM MST MON JAN 26 2015


...................................

...THE TWIN FALLS ID CLIMATE SUMMARY FOR JANUARY 25 2015...

CLIMATE NORMAL PERIOD 1981 TO 2010
CLIMATE RECORD PERIOD 9999 TO 9999


WEATHER ITEM   OBSERVED TIME   NORMAL DEPARTURE LAST
                VALUE   (LST)  VALUE  FROM      YEAR
                                      NORMAL
......................................................
TEMPERATURE (F)
 YESTERDAY
  MAXIMUM         49    434 PM  38     11       27
  MINIMUM         29    718 AM  22      7       21
  AVERAGE         39

PRECIPITATION (IN)
  YESTERDAY        0.00          0.03  -0.03     0.00
  MONTH TO DATE    0.73          0.83  -0.10     0.28
  SINCE OCT 1      3.73          4.08  -0.35     0.75
  SINCE JAN 1      0.73          0.83  -0.10     0.28

DEGREE DAYS
 HEATING
  YESTERDAY       26            35     -9       41
  MONTH TO DATE  847           889    -42      774
  SINCE DEC 1   1728          2018   -290     1964
  SINCE JUL 1   2920          3456   -536     3320

 COOLING
  YESTERDAY        0             0      0        0
  MONTH TO DATE    0             0      0        0
  SINCE DEC 1      0             0      0        0
  SINCE JAN 1      0             0      0        0
......................................................


WIND (MPH)
  HIGHEST WIND SPEED    16   HIGHEST WIND DIRECTION     E (70)
  HIGHEST GUST SPEED    19   HIGHEST GUST DIRECTION     E (70)
  AVERAGE WIND SPEED     5.1


SKY COVER
  AVERAGE SKY COVER 0.1


WEATHER CONDITIONS
 THE FOLLOWING WEATHER WAS RECORDED YESTERDAY.
  FOG
  FOG W/VISIBILITY <= 1/4 MILE
  HAZE


RELATIVE HUMIDITY (PERCENT)
 HIGHEST    92           600 AM
 LOWEST     61           300 PM
 AVERAGE    77

..........................................................




SUNRISE AND SUNSET
JANUARY 26 2015.......SUNRISE   758 AM MST   SUNSET   544 PM MST
JANUARY 27 2015.......SUNRISE   757 AM MST   SUNSET   545 PM MST


-  INDICATES NEGATIVE NUMBERS.
R  INDICATES RECORD WAS SET OR TIED.
MM INDICATES DATA IS MISSING.
T  INDICATES TRACE AMOUNT.




$$
