000
CDUS45 KBOI 170931
CLITWF


CLIMATE REPORT
NATIONAL WEATHER SERVICE BOISE ID
231 AM MST SAT FEB 17 2018


...................................

...THE TWIN FALLS ID CLIMATE SUMMARY FOR FEBRUARY 16 2018...

CLIMATE NORMAL PERIOD 1981 TO 2010
CLIMATE RECORD PERIOD 9999 TO 9999


WEATHER ITEM   OBSERVED TIME   NORMAL DEPARTURE LAST
                VALUE   (LST)  VALUE  FROM      YEAR
                                      NORMAL
......................................................
TEMPERATURE (F)
 YESTERDAY
  MAXIMUM         39    310 PM  43     -4       56
  MINIMUM         22    116 AM  23     -1       32
  AVERAGE         31

PRECIPITATION (IN)
  YESTERDAY        0.00          0.03  -0.03      T
  MONTH TO DATE    0.14          0.48  -0.34     0.85
  SINCE OCT 1      3.53          4.71  -1.18     6.86
  SINCE JAN 1      0.97          1.46  -0.49     2.36

DEGREE DAYS
 HEATING
  YESTERDAY       34            32      2       21
  MONTH TO DATE  434           537   -103      466
  SINCE DEC 1   2501          2767   -266     3085
  SINCE JUL 1   4035          4205   -170     4387

 COOLING
  YESTERDAY        0             0      0        0
  MONTH TO DATE    0             0      0        0
  SINCE DEC 1      0             0      0        0
  SINCE JAN 1      0             0      0        0
......................................................


WIND (MPH)
  HIGHEST WIND SPEED    17   HIGHEST WIND DIRECTION     W (250)
  HIGHEST GUST SPEED    22   HIGHEST GUST DIRECTION     W (280)
  AVERAGE WIND SPEED    11.3


SKY COVER
  AVERAGE SKY COVER 0.5


WEATHER CONDITIONS
 THE FOLLOWING WEATHER WAS RECORDED YESTERDAY.
  NO SIGNIFICANT WEATHER WAS OBSERVED.


RELATIVE HUMIDITY (PERCENT)
 HIGHEST    77           100 AM
 LOWEST     40          1200 PM
 AVERAGE    59

..........................................................




SUNRISE AND SUNSET
FEBRUARY 17 2018......SUNRISE   732 AM MST   SUNSET   613 PM MST
FEBRUARY 18 2018......SUNRISE   730 AM MST   SUNSET   614 PM MST


-  INDICATES NEGATIVE NUMBERS.
R  INDICATES RECORD WAS SET OR TIED.
MM INDICATES DATA IS MISSING.
T  INDICATES TRACE AMOUNT.




$$
