000
CDUS45 KBOI 270937
CLITWF


CLIMATE REPORT
NATIONAL WEATHER SERVICE BOISE ID
337 AM MDT MON MAR 27 2017


...................................

...THE TWIN FALLS ID CLIMATE SUMMARY FOR MARCH 26 2017...

CLIMATE NORMAL PERIOD 1981 TO 2010
CLIMATE RECORD PERIOD 9999 TO 9999


WEATHER ITEM   OBSERVED TIME   NORMAL DEPARTURE LAST
                VALUE   (LST)  VALUE  FROM      YEAR
                                      NORMAL
......................................................
TEMPERATURE (F)
 YESTERDAY
  MAXIMUM         58    148 PM  56      2       49
  MINIMUM         30    544 AM  33     -3       25
  AVERAGE         44

PRECIPITATION (IN)
  YESTERDAY        T             0.05  -0.05     0.00
  MONTH TO DATE    0.61          0.82  -0.21     1.11
  SINCE OCT 1      8.08          5.86   2.22     6.71
  SINCE JAN 1      3.58          2.61   0.97     2.33

DEGREE DAYS
 HEATING
  YESTERDAY       21            21      0       28
  MONTH TO DATE  508           620   -112      558
  SINCE MAR 1    508           620   -112      558
  SINCE JUL 1   5288          5187    101     4844

 COOLING
  YESTERDAY        0             0      0        0
  MONTH TO DATE    0             0      0        0
  SINCE MAR 1      0             0      0        0
  SINCE JAN 1      0             0      0        0
......................................................


WIND (MPH)
  HIGHEST WIND SPEED    29   HIGHEST WIND DIRECTION     W (270)
  HIGHEST GUST SPEED    33   HIGHEST GUST DIRECTION     W (270)
  AVERAGE WIND SPEED     9.4


SKY COVER
  AVERAGE SKY COVER 0.4


WEATHER CONDITIONS
 THE FOLLOWING WEATHER WAS RECORDED YESTERDAY.
  LIGHT RAIN


RELATIVE HUMIDITY (PERCENT)
 HIGHEST    86           800 PM
 LOWEST     30           200 PM
 AVERAGE    58

..........................................................




SUNRISE AND SUNSET
MARCH 27 2017.........SUNRISE   728 AM MDT   SUNSET   759 PM MDT
MARCH 28 2017.........SUNRISE   727 AM MDT   SUNSET   800 PM MDT


-  INDICATES NEGATIVE NUMBERS.
R  INDICATES RECORD WAS SET OR TIED.
MM INDICATES DATA IS MISSING.
T  INDICATES TRACE AMOUNT.




$$
