000
CDUS44 KSHV 010807
CLITXK


CLIMATE REPORT
NATIONAL WEATHER SERVICE SHREVEPORT, LA
306 AM CDT SAT NOV 1 2014


...................................

...THE TEXARKANA CLIMATE SUMMARY FOR OCTOBER 31 2014...

CLIMATE NORMAL PERIOD 1981 TO 2010
CLIMATE RECORD PERIOD 1896 TO 2014


WEATHER ITEM   OBSERVED TIME   RECORD YEAR NORMAL DEPARTURE LAST
                VALUE   (LST)  VALUE       VALUE  FROM      YEAR
                                                  NORMAL
..................................................................
TEMPERATURE (F)
 YESTERDAY
  MAXIMUM         68    147 PM  91    1937  71     -3       77
  MINIMUM         45   1159 PM  23    1917  49     -4       53
  AVERAGE         57                        60     -3       65

PRECIPITATION (IN)
  YESTERDAY        0.00          1.72 1974   0.15  -0.15     0.34
  MONTH TO DATE    2.46                      4.93  -2.47     6.49
  SINCE DEC 1     35.27                     44.83  -9.56    40.39
  SINCE JAN 1     29.44                     39.78 -10.34    35.93

SNOWFALL (IN)
  YESTERDAY        0.0
  MONTH TO DATE    0.0
  SINCE SEP 1      0.0
  SINCE JUL 1      0.0
  SNOW DEPTH       0

DEGREE DAYS
 HEATING
  YESTERDAY        8                         7      1        0
  MONTH TO DATE   45                       107    -62       92
  SINCE SEP 1     48                       118    -70       92
  SINCE JUL 1     48                       118    -70       92

 COOLING
  YESTERDAY        0                         1     -1        0
  MONTH TO DATE  129                        94     35       94
  SINCE SEP 1    475                       400     75      531
  SINCE JAN 1   2126                      2188    -62     2346
..................................................................


WIND (MPH)
  HIGHEST WIND SPEED    18   HIGHEST WIND DIRECTION     N (340)
  HIGHEST GUST SPEED    24   HIGHEST GUST DIRECTION     N (340)
  AVERAGE WIND SPEED     9.0


SKY COVER
  POSSIBLE SUNSHINE  MM
  AVERAGE SKY COVER 0.0


WEATHER CONDITIONS
 THE FOLLOWING WEATHER WAS RECORDED YESTERDAY.
  HAZE


RELATIVE HUMIDITY (PERCENT)
 HIGHEST    71           300 AM
 LOWEST     39           500 PM
 AVERAGE    55

..........................................................


THE TEXARKANA CLIMATE NORMALS FOR TODAY
                         NORMAL    RECORD    YEAR
 MAXIMUM TEMPERATURE (F)   71        87      1937
 MINIMUM TEMPERATURE (F)   49        26      1917


SUNRISE AND SUNSET
NOVEMBER  1 2014......SUNRISE   735 AM CDT   SUNSET   624 PM CDT
NOVEMBER  2 2014......SUNRISE   636 AM CST   SUNSET   523 PM CST


-  INDICATES NEGATIVE NUMBERS.
R  INDICATES RECORD WAS SET OR TIED.
MM INDICATES DATA IS MISSING.
T  INDICATES TRACE AMOUNT.




$$
