000
CDUS44 KSHV 280850
CLITXK


CLIMATE REPORT
NATIONAL WEATHER SERVICE SHREVEPORT, LA
249 AM CST TUE FEB 28 2017


...................................

...THE TEXARKANA CLIMATE SUMMARY FOR FEBRUARY 27 2017...

CLIMATE NORMAL PERIOD 1981 TO 2010
CLIMATE RECORD PERIOD 1896 TO 2017


WEATHER ITEM   OBSERVED TIME   RECORD YEAR NORMAL DEPARTURE LAST
                VALUE   (LST)  VALUE       VALUE  FROM      YEAR
                                                  NORMAL
..................................................................
TEMPERATURE (F)
 YESTERDAY
  MAXIMUM         62   1041 PM  85    1918  62      0       71
  MINIMUM         49   1248 AM  15    1935  41      8       36
  AVERAGE         56                        51      5       54

PRECIPITATION (IN)
  YESTERDAY        1.20          4.29 2001   0.15   1.05     0.00
  MONTH TO DATE    4.37                      3.84   0.53     4.17
  SINCE DEC 1     15.06                     12.29   2.77    12.10
  SINCE JAN 1      8.64                      7.24   1.40     6.12

SNOWFALL (IN)
  YESTERDAY       MM
  MONTH TO DATE    0.0
  SINCE DEC 1      0.1
  SINCE JUL 1      0.1
  SNOW DEPTH       0

DEGREE DAYS
 HEATING
  YESTERDAY        9                        14     -5       11
  MONTH TO DATE  272                       459   -187      360
  SINCE DEC 1   1217                      1723   -506     1361
  SINCE JUL 1   1451                      2181   -730     1645

 COOLING
  YESTERDAY        0                         0      0        0
  MONTH TO DATE   14                         0     14        5
  SINCE DEC 1     35                         4     31       19
  SINCE JAN 1     28                         1     27        6
..................................................................


WIND (MPH)
  HIGHEST WIND SPEED    14   HIGHEST WIND DIRECTION    SE (120)
  HIGHEST GUST SPEED    20   HIGHEST GUST DIRECTION    SE (120)
  AVERAGE WIND SPEED     6.6


SKY COVER
  POSSIBLE SUNSHINE  MM
  AVERAGE SKY COVER 1.0


WEATHER CONDITIONS
 THE FOLLOWING WEATHER WAS RECORDED YESTERDAY.
  THUNDERSTORM
  HEAVY RAIN
  RAIN
  LIGHT RAIN
  FOG


RELATIVE HUMIDITY (PERCENT)
 HIGHEST   100          1200 AM
 LOWEST     93          1100 AM
 AVERAGE    97

..........................................................


THE TEXARKANA CLIMATE NORMALS FOR TODAY
                         NORMAL    RECORD    YEAR
 MAXIMUM TEMPERATURE (F)   63        84      1950
 MINIMUM TEMPERATURE (F)   41        24      2002
                                             1900


SUNRISE AND SUNSET
FEBRUARY 28 2017......SUNRISE   645 AM CST   SUNSET   612 PM CST
MARCH  1 2017.........SUNRISE   644 AM CST   SUNSET   613 PM CST


-  INDICATES NEGATIVE NUMBERS.
R  INDICATES RECORD WAS SET OR TIED.
MM INDICATES DATA IS MISSING.
T  INDICATES TRACE AMOUNT.




$$
