000
CDUS44 KSHV 182138
CLITXK


CLIMATE REPORT
NATIONAL WEATHER SERVICE SHREVEPORT, LA
438 PM CDT FRI AUG 18 2017


...................................

...THE TEXARKANA CLIMATE SUMMARY FOR AUGUST 18 2017...
VALID TODAY AS OF 0400 PM LOCAL TIME.

CLIMATE NORMAL PERIOD 1981 TO 2010
CLIMATE RECORD PERIOD 1896 TO 2017


WEATHER ITEM   OBSERVED TIME   RECORD YEAR NORMAL DEPARTURE LAST
                VALUE   (LST)  VALUE       VALUE  FROM      YEAR
                                                  NORMAL
..................................................................
TEMPERATURE (F)
 TODAY
  MAXIMUM         92    258 PM 107    1936  94     -2       80
  MINIMUM         74    557 AM  57    1992  71      3       72
  AVERAGE         83                        82      1       76

PRECIPITATION (IN)
  TODAY            0.00          2.02 1988   0.09  -0.09     1.17
  MONTH TO DATE    8.17                      1.58   6.59     5.16
  SINCE DEC 1     45.34                     35.14  10.20    43.97
  SINCE JAN 1     38.92                     30.09   8.83    37.99

DEGREE DAYS
 HEATING
  TODAY            0                         0      0        0
  MONTH TO DATE    0                         0      0        0
  SINCE JUN 1      0                         0      0        0
  SINCE JUL 1      0                         0      0        0

 COOLING
  TODAY           18                        17      1       11
  MONTH TO DATE  256                       321    -65      326
  SINCE JUN 1   1169                      1261    -92     1443
  SINCE JAN 1   1529                      1581    -52     1733
..................................................................


WIND (MPH)
  HIGHEST WIND SPEED    13   HIGHEST WIND DIRECTION    SW (230)
  HIGHEST GUST SPEED    17   HIGHEST GUST DIRECTION    SW (220)
  AVERAGE WIND SPEED     4.4


SKY COVER
  POSSIBLE SUNSHINE  MM
  AVERAGE SKY COVER 0.6


WEATHER CONDITIONS
 THE FOLLOWING WEATHER WAS RECORDED TODAY.
  THUNDERSTORM


RELATIVE HUMIDITY (PERCENT)
 HIGHEST   100           400 AM
 LOWEST     64           200 PM
 AVERAGE    82

..........................................................


THE TEXARKANA CLIMATE NORMALS FOR TOMORROW
                         NORMAL    RECORD    YEAR
 MAXIMUM TEMPERATURE (F)   93       107      2011
 MINIMUM TEMPERATURE (F)   71        60      1927


SUNRISE AND SUNSET
AUGUST 18 2017........SUNRISE   641 AM CDT   SUNSET   758 PM CDT
AUGUST 19 2017........SUNRISE   641 AM CDT   SUNSET   757 PM CDT


-  INDICATES NEGATIVE NUMBERS.
R  INDICATES RECORD WAS SET OR TIED.
MM INDICATES DATA IS MISSING.
T  INDICATES TRACE AMOUNT.




$$
