000
CDUS44 KSHV 290832
CLITXK


CLIMATE REPORT
NATIONAL WEATHER SERVICE SHREVEPORT, LA
232 AM CST THU JAN 29 2015


...................................

...THE TEXARKANA CLIMATE SUMMARY FOR JANUARY 28 2015...

CLIMATE NORMAL PERIOD 1981 TO 2010
CLIMATE RECORD PERIOD 1896 TO 2015


WEATHER ITEM   OBSERVED TIME   RECORD YEAR NORMAL DEPARTURE LAST
                VALUE   (LST)  VALUE       VALUE  FROM      YEAR
                                                  NORMAL
..................................................................
TEMPERATURE (F)
 YESTERDAY
  MAXIMUM         77    346 PM  78    1975  55     22       31
  MINIMUM         41    602 AM  13    1963  35      6       20
  AVERAGE         59                        45     14       26

PRECIPITATION (IN)
  YESTERDAY        0.00          1.30 1966   0.11  -0.11     0.00
  MONTH TO DATE    4.24                      3.06   1.18     0.73
  SINCE DEC 1      6.92                      8.11  -1.19     6.56
  SINCE JAN 1      4.24                      3.06   1.18     0.73

SNOWFALL (IN)
  YESTERDAY        0.0
  MONTH TO DATE    T
  SINCE DEC 1      T
  SINCE JUL 1      T
  SNOW DEPTH       0

DEGREE DAYS
 HEATING
  YESTERDAY        6                        20    -14       39
  MONTH TO DATE  622                       599     23      663
  SINCE DEC 1   1173                      1208    -35     1302
  SINCE JUL 1   1683                      1666     17     1827

 COOLING
  YESTERDAY        0                         0      0        0
  MONTH TO DATE    0                         0      0        0
  SINCE DEC 1      1                         3     -2        2
  SINCE JAN 1      0                         0      0        0
..................................................................


WIND (MPH)
  HIGHEST WIND SPEED    18   HIGHEST WIND DIRECTION     S (200)
  HIGHEST GUST SPEED    24   HIGHEST GUST DIRECTION    SW (210)
  AVERAGE WIND SPEED     8.6


SKY COVER
  POSSIBLE SUNSHINE  MM
  AVERAGE SKY COVER 0.0


WEATHER CONDITIONS
 THE FOLLOWING WEATHER WAS RECORDED YESTERDAY.
  NO SIGNIFICANT WEATHER WAS OBSERVED.


RELATIVE HUMIDITY (PERCENT)
 HIGHEST    86           600 AM
 LOWEST     31           400 PM
 AVERAGE    59

..........................................................


THE TEXARKANA CLIMATE NORMALS FOR TODAY
                         NORMAL    RECORD    YEAR
 MAXIMUM TEMPERATURE (F)   55        80      1903
 MINIMUM TEMPERATURE (F)   35        10      1900


SUNRISE AND SUNSET
JANUARY 29 2015.......SUNRISE   714 AM CST   SUNSET   544 PM CST
JANUARY 30 2015.......SUNRISE   713 AM CST   SUNSET   545 PM CST


-  INDICATES NEGATIVE NUMBERS.
R  INDICATES RECORD WAS SET OR TIED.
MM INDICATES DATA IS MISSING.
T  INDICATES TRACE AMOUNT.




$$
