000
CDUS44 KSHV 292136
CLITXK


CLIMATE REPORT
NATIONAL WEATHER SERVICE SHREVEPORT, LA
433 PM CDT THU SEP 29 2016


...................................

...THE TEXARKANA CLIMATE SUMMARY FOR SEPTEMBER 29 2016...
VALID TODAY AS OF 0400 PM LOCAL TIME.

CLIMATE NORMAL PERIOD 1981 TO 2010
CLIMATE RECORD PERIOD 1896 TO 2016


WEATHER ITEM   OBSERVED TIME   RECORD YEAR NORMAL DEPARTURE LAST
                VALUE   (LST)  VALUE       VALUE  FROM      YEAR
                                                  NORMAL
..................................................................
TEMPERATURE (F)
 TODAY
  MAXIMUM         77    251 PM  99    1953  82     -5       89
  MINIMUM         55    618 AM  39    1967  59     -4       67
  AVERAGE         66                        70     -4       78

PRECIPITATION (IN)
  TODAY            0.00          4.02 1980   0.13  -0.13     0.00
  MONTH TO DATE    0.50                      3.31  -2.81     0.93
  SINCE DEC 1     45.24                     39.78   5.46    44.16
  SINCE JAN 1     39.26                     34.73   4.53    41.48

DEGREE DAYS
 HEATING
  TODAY            0                         1     -1        0
  MONTH TO DATE    0                         8     -8        0
  SINCE SEP 1      0                         8     -8        0
  SINCE JUL 1      0                         8     -8        0

 COOLING
  TODAY            1                         6     -5       13
  MONTH TO DATE  402                       301    101      404
  SINCE SEP 1    402                       301    101      404
  SINCE JAN 1   2342                      2089    253     2373
..................................................................


WIND (MPH)
  HIGHEST WIND SPEED    16   HIGHEST WIND DIRECTION     N (350)
  HIGHEST GUST SPEED    22   HIGHEST GUST DIRECTION     N (340)
  AVERAGE WIND SPEED     8.4


SKY COVER
  POSSIBLE SUNSHINE  MM
  AVERAGE SKY COVER 0.0


WEATHER CONDITIONS
 THE FOLLOWING WEATHER WAS RECORDED TODAY.
  NO SIGNIFICANT WEATHER WAS OBSERVED.


RELATIVE HUMIDITY (PERCENT)
 HIGHEST    77           600 AM
 LOWEST     33           200 PM
 AVERAGE    55

..........................................................


THE TEXARKANA CLIMATE NORMALS FOR TOMORROW
                         NORMAL    RECORD    YEAR
 MAXIMUM TEMPERATURE (F)   82        99      1953
 MINIMUM TEMPERATURE (F)   58        42      1899


SUNRISE AND SUNSET
SEPTEMBER 29 2016.....SUNRISE   709 AM CDT   SUNSET   702 PM CDT
SEPTEMBER 30 2016.....SUNRISE   710 AM CDT   SUNSET   701 PM CDT


-  INDICATES NEGATIVE NUMBERS.
R  INDICATES RECORD WAS SET OR TIED.
MM INDICATES DATA IS MISSING.
T  INDICATES TRACE AMOUNT.




$$
