000
CDUS44 KSHV 072136
CLITXK


CLIMATE REPORT
NATIONAL WEATHER SERVICE SHREVEPORT, LA
433 PM CDT TUE JUL 7 2015


...................................

...THE TEXARKANA CLIMATE SUMMARY FOR JULY 7 2015...
VALID TODAY AS OF 0400 PM LOCAL TIME.

CLIMATE NORMAL PERIOD 1981 TO 2010
CLIMATE RECORD PERIOD 1896 TO 2015


WEATHER ITEM   OBSERVED TIME   RECORD YEAR NORMAL DEPARTURE LAST
                VALUE   (LST)  VALUE       VALUE  FROM      YEAR
                                                  NORMAL
..................................................................
TEMPERATURE (F)
 TODAY
  MAXIMUM         92    256 PM 105    1921  92      0       94
  MINIMUM         76    602 AM  56    1972  71      5       73
  AVERAGE         84                        82      2       84

PRECIPITATION (IN)
  TODAY            0.00          1.15 1979   0.13  -0.13     0.00
  MONTH TO DATE    2.13                      0.90   1.23     0.02
  SINCE DEC 1     42.06                     31.02  11.04    25.35
  SINCE JAN 1     39.38                     25.97  13.41    19.52

DEGREE DAYS
 HEATING
  TODAY            0                         0      0        0
  MONTH TO DATE    0                         0      0        0
  SINCE JUN 1      0                         0      0        0
  SINCE JUL 1      0                         0      0        0

 COOLING
  TODAY           19                        17      2       19
  MONTH TO DATE  110                       114     -4      102
  SINCE JUN 1    589                       519     70      531
  SINCE JAN 1    913                       839     74      825
..................................................................


WIND (MPH)
  HIGHEST WIND SPEED    17   HIGHEST WIND DIRECTION     S (180)
  HIGHEST GUST SPEED    24   HIGHEST GUST DIRECTION     S (200)
  AVERAGE WIND SPEED    11.9


SKY COVER
  POSSIBLE SUNSHINE  MM
  AVERAGE SKY COVER 0.2


WEATHER CONDITIONS
 THE FOLLOWING WEATHER WAS RECORDED TODAY.
  NO SIGNIFICANT WEATHER WAS OBSERVED.


RELATIVE HUMIDITY (PERCENT)
 HIGHEST    94           400 AM
 LOWEST     56           100 PM
 AVERAGE    75

..........................................................


THE TEXARKANA CLIMATE NORMALS FOR TOMORROW
                         NORMAL    RECORD    YEAR
 MAXIMUM TEMPERATURE (F)   92       107      1978
 MINIMUM TEMPERATURE (F)   71        59      1924


SUNRISE AND SUNSET
JULY  7 2015..........SUNRISE   613 AM CDT   SUNSET   829 PM CDT
JULY  8 2015..........SUNRISE   613 AM CDT   SUNSET   829 PM CDT


-  INDICATES NEGATIVE NUMBERS.
R  INDICATES RECORD WAS SET OR TIED.
MM INDICATES DATA IS MISSING.
T  INDICATES TRACE AMOUNT.




$$
