000
CDUS44 KSHV 250850
CLITYR


CLIMATE REPORT
NATIONAL WEATHER SERVICE SHREVEPORT, LA
242 AM CST THU DEC 25 2014


...................................

...THE TYLER CLIMATE SUMMARY FOR DECEMBER 24 2014...

CLIMATE NORMAL PERIOD 1981 TO 2010
CLIMATE RECORD PERIOD 1896 TO 2014


WEATHER ITEM   OBSERVED TIME   RECORD YEAR NORMAL DEPARTURE LAST
                VALUE   (LST)  VALUE       VALUE  FROM      YEAR
                                                  NORMAL
..................................................................
TEMPERATURE (F)
 YESTERDAY
  MAXIMUM         52    344 PM  78    1942  56     -4       52
  MINIMUM         33   1159 PM   1    1989  38     -5       27
  AVERAGE         43                        47     -4       40

PRECIPITATION (IN)
  YESTERDAY        T             1.90 1914   0.15  -0.15     0.00
  MONTH TO DATE    0.88                      3.30  -2.42     3.02
  SINCE DEC 1      0.88                      3.30  -2.42     3.02
  SINCE JAN 1     33.68                     44.85 -11.17    42.03

SNOWFALL (IN)
  YESTERDAY       MM
  MONTH TO DATE    0.0
  SINCE DEC 1      0.0
  SINCE JUL 1      T
  SNOW DEPTH       0

DEGREE DAYS
 HEATING
  YESTERDAY       22                        18      4       25
  MONTH TO DATE  272                       400   -128      422
  SINCE DEC 1    272                       400   -128      422
  SINCE JUL 1    653                       774   -121      812

 COOLING
  YESTERDAY        0                         0      0        0
  MONTH TO DATE    3                         0      3       10
  SINCE DEC 1      3                         0      3       10
  SINCE JAN 1   2608                      2411    197     2777
..................................................................


WIND (MPH)
  HIGHEST WIND SPEED    22   HIGHEST WIND DIRECTION    NW (320)
  HIGHEST GUST SPEED    29   HIGHEST GUST DIRECTION    NW (330)
  AVERAGE WIND SPEED    10.2


SKY COVER
  POSSIBLE SUNSHINE  MM
  AVERAGE SKY COVER 0.6


WEATHER CONDITIONS
 THE FOLLOWING WEATHER WAS RECORDED YESTERDAY.
  NO SIGNIFICANT WEATHER WAS OBSERVED.


RELATIVE HUMIDITY (PERCENT)
 HIGHEST    82          1000 PM
 LOWEST     48           200 PM
 AVERAGE    65

..........................................................


THE TYLER CLIMATE NORMALS FOR TODAY
                         NORMAL    RECORD    YEAR
 MAXIMUM TEMPERATURE (F)   56        83      1955
 MINIMUM TEMPERATURE (F)   38         4      1983


SUNRISE AND SUNSET
DECEMBER 25 2014......SUNRISE   721 AM CST   SUNSET   523 PM CST
DECEMBER 26 2014......SUNRISE   721 AM CST   SUNSET   523 PM CST


-  INDICATES NEGATIVE NUMBERS.
R  INDICATES RECORD WAS SET OR TIED.
MM INDICATES DATA IS MISSING.
T  INDICATES TRACE AMOUNT.




$$
