000
CDUS44 KSHV 012203
CLITYR


CLIMATE REPORT
NATIONAL WEATHER SERVICE SHREVEPORT, LA
502 PM CDT FRI AUG 1 2014


...................................

...THE TYLER CLIMATE SUMMARY FOR AUGUST 1 2014...
VALID TODAY AS OF 0500 PM LOCAL TIME.

CLIMATE NORMAL PERIOD 1981 TO 2010
CLIMATE RECORD PERIOD 1896 TO 2014


WEATHER ITEM   OBSERVED TIME   RECORD YEAR NORMAL DEPARTURE LAST
                VALUE   (LST)  VALUE       VALUE  FROM      YEAR
                                                  NORMAL
..................................................................
TEMPERATURE (F)
 TODAY
  MAXIMUM         76    351 PM 109    2011  94    -18      100
  MINIMUM         68    718 AM  56    1971  74     -6       76
  AVERAGE         72                        84    -12       88

PRECIPITATION (IN)
  TODAY            0.08          1.35 1901   0.07   0.01     0.00
  MONTH TO DATE    0.08                      0.07   0.01     0.00
  SINCE DEC 1     24.31                     30.71  -6.40    22.27
  SINCE JAN 1     21.29                     26.47  -5.18    19.38

DEGREE DAYS
 HEATING
  TODAY            0                         0      0        0
  MONTH TO DATE    0                         0      0        0
  SINCE JUN 1      0                         0      0        0
  SINCE JUL 1      0                         0      0        0

 COOLING
  TODAY            7                        19    -12       23
  MONTH TO DATE    7                        19    -12       23
  SINCE JUN 1    994                      1008    -14     1088
  SINCE JAN 1   1387                      1377     10     1485
..................................................................


WIND (MPH)
  HIGHEST WIND SPEED    13   HIGHEST WIND DIRECTION     N (350)
  HIGHEST GUST SPEED    18   HIGHEST GUST DIRECTION     N (20)
  AVERAGE WIND SPEED     7.5


SKY COVER
  POSSIBLE SUNSHINE  MM
  AVERAGE SKY COVER 1.0


WEATHER CONDITIONS
 THE FOLLOWING WEATHER WAS RECORDED TODAY.
  FOG


RELATIVE HUMIDITY (PERCENT)
 HIGHEST    97           100 AM
 LOWEST     79          1200 PM
 AVERAGE    88

..........................................................


THE TYLER CLIMATE NORMALS FOR TOMORROW
                         NORMAL    RECORD    YEAR
 MAXIMUM TEMPERATURE (F)   94       110      2011
 MINIMUM TEMPERATURE (F)   74        56      1965


SUNRISE AND SUNSET
AUGUST  1 2014........SUNRISE   636 AM CDT   SUNSET   819 PM CDT
AUGUST  2 2014........SUNRISE   637 AM CDT   SUNSET   818 PM CDT


-  INDICATES NEGATIVE NUMBERS.
R  INDICATES RECORD WAS SET OR TIED.
MM INDICATES DATA IS MISSING.
T  INDICATES TRACE AMOUNT.




$$
