000
CDUS44 KSHV 230744
CLITYR


CLIMATE REPORT
NATIONAL WEATHER SERVICE SHREVEPORT, LA
241 AM CDT SAT JUL 23 2016


...................................

...THE TYLER CLIMATE SUMMARY FOR JULY 22 2016...

CLIMATE NORMAL PERIOD 1981 TO 2010
CLIMATE RECORD PERIOD 1896 TO 2016


WEATHER ITEM   OBSERVED TIME   RECORD YEAR NORMAL DEPARTURE LAST
                VALUE   (LST)  VALUE       VALUE  FROM      YEAR
                                                  NORMAL
..................................................................
TEMPERATURE (F)
 YESTERDAY
  MAXIMUM        100    457 PM 105    1963  93      7       97
  MINIMUM         81    618 AM  59    1970  74      7       78
  AVERAGE         91                        84      7       88

PRECIPITATION (IN)
  YESTERDAY        0.00          2.17 1905   0.05  -0.05     0.00
  MONTH TO DATE    0.27                      2.14  -1.87     0.04
  SINCE DEC 1     35.15                     30.14   5.01    39.97
  SINCE JAN 1     25.38                     25.90  -0.52    38.50

SNOWFALL (IN)
  YESTERDAY        0.0
  MONTH TO DATE    0.0
  SINCE JUN 1      0.0
  SINCE JUL 1      0.0
  SNOW DEPTH       0

DEGREE DAYS
 HEATING
  YESTERDAY        0                         0      0        0
  MONTH TO DATE    0                         0      0        0
  SINCE JUN 1      0                         0      0        0
  SINCE JUL 1      0                         0      0        0

 COOLING
  YESTERDAY       26                        18      8       23
  MONTH TO DATE  498                       387    111      460
  SINCE JUN 1   1037                       820    217      963
  SINCE JAN 1   1485                      1189    296     1425
..................................................................


WIND (MPH)
  HIGHEST WIND SPEED    13   HIGHEST WIND DIRECTION     S (190)
  HIGHEST GUST SPEED    17   HIGHEST GUST DIRECTION     S (200)
  AVERAGE WIND SPEED     6.8


SKY COVER
  POSSIBLE SUNSHINE  MM
  AVERAGE SKY COVER 0.0


WEATHER CONDITIONS
 THE FOLLOWING WEATHER WAS RECORDED YESTERDAY.
  NO SIGNIFICANT WEATHER WAS OBSERVED.


RELATIVE HUMIDITY (PERCENT)
 HIGHEST    69           500 AM
 LOWEST     35           200 PM
 AVERAGE    52

..........................................................


THE TYLER CLIMATE NORMALS FOR TODAY
                         NORMAL    RECORD    YEAR
 MAXIMUM TEMPERATURE (F)   94       105      1963
 MINIMUM TEMPERATURE (F)   74        63      1970


SUNRISE AND SUNSET
JULY 23 2016..........SUNRISE   631 AM CDT   SUNSET   825 PM CDT
JULY 24 2016..........SUNRISE   631 AM CDT   SUNSET   825 PM CDT


-  INDICATES NEGATIVE NUMBERS.
R  INDICATES RECORD WAS SET OR TIED.
MM INDICATES DATA IS MISSING.
T  INDICATES TRACE AMOUNT.




$$
