000
CDUS44 KSHV 302141
CLITYR


CLIMATE REPORT
NATIONAL WEATHER SERVICE SHREVEPORT, LA
441 PM CDT THU MAR 30 2017


...................................

...THE TYLER CLIMATE SUMMARY FOR MARCH 30 2017...
VALID TODAY AS OF 0400 PM LOCAL TIME.

CLIMATE NORMAL PERIOD 1981 TO 2010
CLIMATE RECORD PERIOD 1896 TO 2017


WEATHER ITEM   OBSERVED TIME   RECORD YEAR NORMAL DEPARTURE LAST
                VALUE   (LST)  VALUE       VALUE  FROM      YEAR
                                                  NORMAL
..................................................................
TEMPERATURE (F)
 TODAY
  MAXIMUM         72    336 PM  91    1946  70      2       75
  MINIMUM         51    652 AM  30    2003  50      1       67
                                      1975
  AVERAGE         62                        60      2       71

PRECIPITATION (IN)
  TODAY            0.00          2.64 1989   0.11  -0.11     0.06
  MONTH TO DATE    2.24                      4.01  -1.77     8.04
  SINCE DEC 1     12.69                     15.12  -2.43    22.01
  SINCE JAN 1     10.04                     10.88  -0.84    12.24

SNOWFALL (IN)
  TODAY            0.0
  MONTH TO DATE    0.0
  SINCE MAR 1      0.0
  SINCE JUL 1      T
  SNOW DEPTH       0

DEGREE DAYS
 HEATING
  TODAY            3                         6     -3        0
  MONTH TO DATE  129                       266   -137      115
  SINCE MAR 1    129                       266   -137      115
  SINCE JUL 1   1212                      2158   -946     1424

 COOLING
  TODAY            0                         1     -1        6
  MONTH TO DATE  105                        18     87       39
  SINCE MAR 1    105                        18     87       39
  SINCE JAN 1    179                        30    149       49
..................................................................


WIND (MPH)
  HIGHEST WIND SPEED    20   HIGHEST WIND DIRECTION     W (280)
  HIGHEST GUST SPEED    25   HIGHEST GUST DIRECTION     W (260)
  AVERAGE WIND SPEED     9.9


SKY COVER
  POSSIBLE SUNSHINE  MM
  AVERAGE SKY COVER 0.0


WEATHER CONDITIONS
 THE FOLLOWING WEATHER WAS RECORDED TODAY.
  NO SIGNIFICANT WEATHER WAS OBSERVED.


RELATIVE HUMIDITY (PERCENT)
 HIGHEST    83           600 AM
 LOWEST     38           200 PM
 AVERAGE    61

..........................................................


THE TYLER CLIMATE NORMALS FOR TOMORROW
                         NORMAL    RECORD    YEAR
 MAXIMUM TEMPERATURE (F)   70        91      1946
 MINIMUM TEMPERATURE (F)   50        30      1987


SUNRISE AND SUNSET
MARCH 30 2017.........SUNRISE   712 AM CDT   SUNSET   740 PM CDT
MARCH 31 2017.........SUNRISE   711 AM CDT   SUNSET   741 PM CDT


-  INDICATES NEGATIVE NUMBERS.
R  INDICATES RECORD WAS SET OR TIED.
MM INDICATES DATA IS MISSING.
T  INDICATES TRACE AMOUNT.




$$
