000
CDUS44 KSHV 180735
CLITYR


CLIMATE REPORT
NATIONAL WEATHER SERVICE SHREVEPORT, LA
233 AM CDT FRI APR 18 2014


...................................

...THE TYLER CLIMATE SUMMARY FOR APRIL 17 2014...

CLIMATE NORMAL PERIOD 1981 TO 2010
CLIMATE RECORD PERIOD 1896 TO 2014


WEATHER ITEM   OBSERVED TIME   RECORD YEAR NORMAL DEPARTURE LAST
                VALUE   (LST)  VALUE       VALUE  FROM      YEAR
                                                  NORMAL
..................................................................
TEMPERATURE (F)
 YESTERDAY
  MAXIMUM         71    417 PM  93    2006  75     -4       87
  MINIMUM         49    508 AM  34    1921  55     -6       73
  AVERAGE         60                        65     -5       80

PRECIPITATION (IN)
  YESTERDAY        0.00          2.59 1901   0.10  -0.10     0.00
  MONTH TO DATE    2.46                      1.58   0.88     0.82
  SINCE DEC 1     11.78                     16.81  -5.03    12.06
  SINCE JAN 1      8.76                     12.57  -3.81     9.17

SNOWFALL (IN)
  YESTERDAY        0.0
  MONTH TO DATE    0.0
  SINCE MAR 1      1.0
  SINCE JUL 1      1.2
  SNOW DEPTH       0

DEGREE DAYS
 HEATING
  YESTERDAY        5                         3      2        0
  MONTH TO DATE   97                        77     20       76
  SINCE MAR 1    446                       350     96      355
  SINCE JUL 1   2510                      2242    268     1914

 COOLING
  YESTERDAY        0                         3     -3       15
  MONTH TO DATE   53                        32     21       67
  SINCE MAR 1     66                        53     13       80
  SINCE JAN 1     69                        65      4       90
..................................................................


WIND (MPH)
  HIGHEST WIND SPEED    13   HIGHEST WIND DIRECTION    NE (60)
  HIGHEST GUST SPEED    18   HIGHEST GUST DIRECTION     E (110)
  AVERAGE WIND SPEED     7.2


SKY COVER
  POSSIBLE SUNSHINE  MM
  AVERAGE SKY COVER 0.7


WEATHER CONDITIONS
 THE FOLLOWING WEATHER WAS RECORDED YESTERDAY.
  NO SIGNIFICANT WEATHER WAS OBSERVED.


RELATIVE HUMIDITY (PERCENT)
 HIGHEST    86           500 AM
 LOWEST     44           500 PM
 AVERAGE    65

..........................................................


THE TYLER CLIMATE NORMALS FOR TODAY
                         NORMAL    RECORD    YEAR
 MAXIMUM TEMPERATURE (F)   75        95      1987
 MINIMUM TEMPERATURE (F)   55        31      1921


SUNRISE AND SUNSET
APRIL 18 2014.........SUNRISE   649 AM CDT   SUNSET   753 PM CDT
APRIL 19 2014.........SUNRISE   648 AM CDT   SUNSET   754 PM CDT


-  INDICATES NEGATIVE NUMBERS.
R  INDICATES RECORD WAS SET OR TIED.
MM INDICATES DATA IS MISSING.
T  INDICATES TRACE AMOUNT.




$$
