000
CDUS44 KMRX 222123
CLITYS

CLIMATE REPORT
NATIONAL WEATHER SERVICE MORRISTOWN TN
523 PM EDT MON SEP 22 2014


...................................

...THE KNOXVILLE CLIMATE SUMMARY FOR SEPTEMBER 22 2014...
VALID TODAY AS OF 0500 PM LOCAL TIME.

CLIMATE NORMAL PERIOD 1981 TO 2010
CLIMATE RECORD PERIOD 1871 TO 2014


WEATHER ITEM   OBSERVED TIME   RECORD YEAR NORMAL DEPARTURE LAST
                VALUE   (LST)  VALUE       VALUE  FROM      YEAR
                                                  NORMAL
..................................................................
TEMPERATURE (F)
 TODAY
  MAXIMUM         74    359 PM  96    1955  80     -6       76
                                      1931
  MINIMUM         56    650 AM  38    1983  58     -2       54
  AVERAGE         65                        69     -4       65

PRECIPITATION (IN)
  TODAY            0.00          3.16 1907   0.11  -0.11     0.00
  MONTH TO DATE    0.18                      2.36  -2.18     3.94
  SINCE SEP 1      0.18                      2.36  -2.18     3.94
  SINCE JAN 1     29.44                     35.96  -6.52    55.32

SNOWFALL (IN)
  TODAY            0.0                       0.0    0.0      0.0
  MONTH TO DATE    0.0                       0.0    0.0      0.0
  SINCE SEP 1      0.0                       0.0    0.0      0.0
  SINCE JUL 1      0.0                       0.0    0.0      0.0
  SNOW DEPTH       0

DEGREE DAYS
 HEATING
  TODAY            0                         1     -1        0
  MONTH TO DATE    0                         7     -7        1
  SINCE SEP 1      0                         7     -7        1
  SINCE JUL 1      0                         7     -7        1

 COOLING
  TODAY            0                         5     -5        0
  MONTH TO DATE  211                       175     36      180
  SINCE SEP 1    211                       175     36      180
  SINCE JAN 1   1410                      1456    -46     1367
..................................................................


WIND (MPH)
  HIGHEST WIND SPEED    18   HIGHEST WIND DIRECTION    NE (50)
  HIGHEST GUST SPEED    23   HIGHEST GUST DIRECTION    NE (30)
  AVERAGE WIND SPEED     7.0


SKY COVER
  POSSIBLE SUNSHINE  MM
  AVERAGE SKY COVER  MM


WEATHER CONDITIONS
 THE FOLLOWING WEATHER WAS RECORDED TODAY.
  HAZE


RELATIVE HUMIDITY (PERCENT)
 HIGHEST    80           600 AM
 LOWEST     35           300 PM
 AVERAGE    58

..........................................................


THE KNOXVILLE CLIMATE NORMALS FOR TOMORROW
                         NORMAL    RECORD    YEAR
 MAXIMUM TEMPERATURE (F)   79        96      1931
 MINIMUM TEMPERATURE (F)   58        40      1999
                                             1983


SUNRISE AND SUNSET
SEPTEMBER 22 2014.....SUNRISE   724 AM EDT   SUNSET   733 PM EDT
SEPTEMBER 23 2014.....SUNRISE   725 AM EDT   SUNSET   731 PM EDT


-  INDICATES NEGATIVE NUMBERS.
R  INDICATES RECORD WAS SET OR TIED.
MM INDICATES DATA IS MISSING.
T  INDICATES TRACE AMOUNT.




$$
