000
CDUS44 KMRX 232138
CLITYS

CLIMATE REPORT
NATIONAL WEATHER SERVICE MORRISTOWN TN
538 PM EDT WED APR 23 2014


...................................

...THE KNOXVILLE    ASOS CLIMATE SUMMARY FOR APRIL 23 2014...
VALID TODAY AS OF 0500 PM LOCAL TIME.

CLIMATE NORMAL PERIOD 1981 TO 2010
CLIMATE RECORD PERIOD 1871 TO 2014


WEATHER ITEM   OBSERVED TIME   RECORD YEAR NORMAL DEPARTURE LAST
                VALUE   (LST)  VALUE       VALUE  FROM      YEAR
                                                  NORMAL
..................................................................
TEMPERATURE (F)
 TODAY
  MAXIMUM         70    417 PM  89    1965  72     -2       73
  MINIMUM         47    637 AM  26    1986  50     -3       45
  AVERAGE         59                        61     -2       59

PRECIPITATION (IN)
  TODAY            0.00          1.63 1977   0.14  -0.14     0.00
  MONTH TO DATE    2.70                      3.04  -0.34     3.49
  SINCE MAR 1      5.12                      7.38  -2.26     8.98
  SINCE JAN 1     13.19                     15.96  -2.77    24.07

SNOWFALL (IN)
  TODAY            0.0                       0.0    0.0      0.0
  MONTH TO DATE    T                         0.5   -0.5      0.0
  SINCE MAR 1      0.5                       1.4   -0.9      1.2
  SINCE JUL 1     12.4                       6.5    5.9      3.8
  SNOW DEPTH       0

DEGREE DAYS
 HEATING
  TODAY            6                         5      1        6
  MONTH TO DATE  147                       187    -40      171
  SINCE MAR 1    680                       648     32      814
  SINCE JUL 1   3727                      3544    183     3506

 COOLING
  TODAY            0                         1     -1        0
  MONTH TO DATE   14                        21     -7       27
  SINCE MAR 1     14                        26    -12       29
  SINCE JAN 1     14                        26    -12       31
..................................................................


WIND (MPH)
  HIGHEST WIND SPEED    14   HIGHEST WIND DIRECTION     N (20)
  HIGHEST GUST SPEED    17   HIGHEST GUST DIRECTION     N (20)
  AVERAGE WIND SPEED     6.6


SKY COVER
  POSSIBLE SUNSHINE  MM
  AVERAGE SKY COVER  MM


WEATHER CONDITIONS
 THE FOLLOWING WEATHER WAS RECORDED TODAY.
  NO SIGNIFICANT WEATHER WAS OBSERVED.


RELATIVE HUMIDITY (PERCENT)
 HIGHEST    64          1200 AM
 LOWEST     24           300 PM
 AVERAGE    44

..........................................................


THE KNOXVILLE    ASOS CLIMATE NORMALS FOR TOMORROW
                         NORMAL    RECORD    YEAR
 MAXIMUM TEMPERATURE (F)   73        93      1925
 MINIMUM TEMPERATURE (F)   50        28      1986


SUNRISE AND SUNSET
APRIL 23 2014.........SUNRISE   653 AM EDT   SUNSET   816 PM EDT
APRIL 24 2014.........SUNRISE   652 AM EDT   SUNSET   817 PM EDT


-  INDICATES NEGATIVE NUMBERS.
R  INDICATES RECORD WAS SET OR TIED.
MM INDICATES DATA IS MISSING.
T  INDICATES TRACE AMOUNT.




$$
