000
CDUS44 KMRX 240920
CLITYS


CLIMATE REPORT
NATIONAL WEATHER SERVICE MORRISTOWN TN
420 AM EST FRI NOV 24 2017


...................................

...THE KNOXVILLE    ASOS CLIMATE SUMMARY FOR NOVEMBER 23 2017...

CLIMATE NORMAL PERIOD 1981 TO 2010
CLIMATE RECORD PERIOD 1871 TO 2017


WEATHER ITEM   OBSERVED TIME   RECORD YEAR NORMAL DEPARTURE LAST
                VALUE   (LST)  VALUE       VALUE  FROM      YEAR
                                                  NORMAL
..................................................................
TEMPERATURE (F)
 YESTERDAY
  MAXIMUM         56    436 PM  75    1979  57     -1       67
                                      1931
  MINIMUM         30    738 AM  17    1880  37     -7       39
  AVERAGE         43                        47     -4       53

PRECIPITATION (IN)
  YESTERDAY        0.00          1.38 1881   0.14  -0.14     0.01
  MONTH TO DATE    3.16                      2.93   0.23     0.17
  SINCE SEP 1     10.95                      8.68   2.27     1.77
  SINCE JAN 1     48.47                     42.28   6.19    32.59

SNOWFALL (IN)
  YESTERDAY        0.0                       0.0    0.0      0.0
  MONTH TO DATE    0.0                       0.0    0.0      0.0
  SINCE SEP 1      T                         0.0    0.0      0.0
  SINCE JUL 1      T                         0.0    0.0      0.0
  SNOW DEPTH       0

DEGREE DAYS
 HEATING
  YESTERDAY       22                        18      4       12
  MONTH TO DATE  304                       328    -24      261
  SINCE SEP 1    492                       547    -55      313
  SINCE JUL 1    492                       547    -55      313

 COOLING
  YESTERDAY        0                         0      0        0
  MONTH TO DATE    6                         0      6       14
  SINCE SEP 1    270                       242     28      471
  SINCE JAN 1   1558                      1523     35     2121
..................................................................


WIND (MPH)
  HIGHEST WIND SPEED    10   HIGHEST WIND DIRECTION     N (350)
  HIGHEST GUST SPEED    13   HIGHEST GUST DIRECTION     N (20)
  AVERAGE WIND SPEED     2.8


SKY COVER
  POSSIBLE SUNSHINE  MM
  AVERAGE SKY COVER 0.1


WEATHER CONDITIONS
 THE FOLLOWING WEATHER WAS RECORDED YESTERDAY.
  NO SIGNIFICANT WEATHER WAS OBSERVED.


RELATIVE HUMIDITY (PERCENT)
 HIGHEST    85           500 AM
 LOWEST     43           300 PM
 AVERAGE    64

..........................................................


THE KNOXVILLE    ASOS CLIMATE NORMALS FOR TODAY
                         NORMAL    RECORD    YEAR
 MAXIMUM TEMPERATURE (F)   57        74      1900
 MINIMUM TEMPERATURE (F)   37        12      1950


SUNRISE AND SUNSET
NOVEMBER 24 2017......SUNRISE   721 AM EST   SUNSET   524 PM EST
NOVEMBER 25 2017......SUNRISE   722 AM EST   SUNSET   524 PM EST


-  INDICATES NEGATIVE NUMBERS.
R  INDICATES RECORD WAS SET OR TIED.
MM INDICATES DATA IS MISSING.
T  INDICATES TRACE AMOUNT.




$$
