000
CDUS44 KMRX 270828
CLITYS


CLIMATE REPORT
NATIONAL WEATHER SERVICE MORRISTOWN TN
427 AM EDT FRI MAY 27 2016


...................................

...THE KNOXVILLE    ASOS CLIMATE SUMMARY FOR MAY 26 2016...

CLIMATE NORMAL PERIOD 1981 TO 2010
CLIMATE RECORD PERIOD 1871 TO 2016


WEATHER ITEM   OBSERVED TIME   RECORD YEAR NORMAL DEPARTURE LAST
                VALUE   (LST)  VALUE       VALUE  FROM      YEAR
                                                  NORMAL
..................................................................
TEMPERATURE (F)
 YESTERDAY
  MAXIMUM         84        MM  94    1926  81      3       89
  MINIMUM         64        MM  38    1979  59      5       64
  AVERAGE         74                        70      4       77

PRECIPITATION (IN)
  YESTERDAY        0.08          1.76 2004   0.14  -0.06      T
  MONTH TO DATE    2.76                      3.82  -1.06     0.62
  SINCE MAR 1      8.08                     12.17  -4.09     9.20
  SINCE JAN 1     17.96                     20.75  -2.79    16.34

SNOWFALL (IN)
  YESTERDAY        0.0                       0.0    0.0      0.0
  MONTH TO DATE    0.0                       0.0    0.0      0.0
  SINCE MAR 1      0.0                       1.4   -1.4       T
  SINCE JUL 1      5.2                       6.5   -1.3      9.3
  SNOW DEPTH       0

DEGREE DAYS
 HEATING
  YESTERDAY        0                         1     -1        0
  MONTH TO DATE   52                        55     -3       30
  SINCE MAR 1    522                       734   -212      580
  SINCE JUL 1   2955                      3630   -675     3845

 COOLING
  YESTERDAY        9                         6      3       12
  MONTH TO DATE   86                        93     -7      162
  SINCE MAR 1    159                       130     29      187
  SINCE JAN 1    159                       130     29      187
..................................................................


WIND (MPH)
  HIGHEST WIND SPEED    16   HIGHEST WIND DIRECTION     E (100)
  HIGHEST GUST SPEED    13   HIGHEST GUST DIRECTION    SE (130)
  AVERAGE WIND SPEED     4.4


SKY COVER
  POSSIBLE SUNSHINE  MM
  AVERAGE SKY COVER 0.6


WEATHER CONDITIONS
 THE FOLLOWING WEATHER WAS RECORDED YESTERDAY.
  RAIN
  LIGHT RAIN
  FOG


RELATIVE HUMIDITY (PERCENT)
 HIGHEST    93           900 AM
 LOWEST     47           500 PM
 AVERAGE    70

..........................................................


THE KNOXVILLE    ASOS CLIMATE NORMALS FOR TODAY
                         NORMAL    RECORD    YEAR
 MAXIMUM TEMPERATURE (F)   81        94      1941
 MINIMUM TEMPERATURE (F)   59        39      1961


SUNRISE AND SUNSET
MAY 27 2016...........SUNRISE   623 AM EDT   SUNSET   844 PM EDT
MAY 28 2016...........SUNRISE   622 AM EDT   SUNSET   845 PM EDT


-  INDICATES NEGATIVE NUMBERS.
R  INDICATES RECORD WAS SET OR TIED.
MM INDICATES DATA IS MISSING.
T  INDICATES TRACE AMOUNT.




$$
