000
CDUS44 KMRX 270930
CLITYS


CLIMATE REPORT
NATIONAL WEATHER SERVICE MORRISTOWN TN
430 AM EST MON FEB 27 2017


...................................

...THE KNOXVILLE    ASOS CLIMATE SUMMARY FOR FEBRUARY 26 2017...

CLIMATE NORMAL PERIOD 1981 TO 2010
CLIMATE RECORD PERIOD 1871 TO 2017


WEATHER ITEM   OBSERVED TIME   RECORD YEAR NORMAL DEPARTURE LAST
                VALUE   (LST)  VALUE       VALUE  FROM      YEAR
                                                  NORMAL
..................................................................
TEMPERATURE (F)
 YESTERDAY
  MAXIMUM         53    539 PM  83    1977  56     -3       45
  MINIMUM         27    717 AM  10    1967  35     -8       31
  AVERAGE         40                        45     -5       38

PRECIPITATION (IN)
  YESTERDAY        0.00          1.61 1890   0.15  -0.15      T
  MONTH TO DATE    2.05                      3.96  -1.91     7.12
  SINCE DEC 1     12.38                     12.78  -0.40    17.72
  SINCE JAN 1      5.42                      8.28  -2.86     9.88

SNOWFALL (IN)
  YESTERDAY        0.0                       0.0    0.0       T
  MONTH TO DATE    T                         1.5   -1.5      2.6
  SINCE DEC 1      2.3                       5.0   -2.7      5.2
  SINCE JUL 1      2.3                       5.0   -2.7      5.2
  SNOW DEPTH      MM

DEGREE DAYS
 HEATING
  YESTERDAY       25                        20      5       27
  MONTH TO DATE  394                       596   -202      602
  SINCE DEC 1   1619                      2177   -558     1878
  SINCE JUL 1   2023                      2858   -835     2388

 COOLING
  YESTERDAY        0                         0      0        0
  MONTH TO DATE    0                         0      0        0
  SINCE DEC 1      0                         0      0        5
  SINCE JAN 1      0                         0      0        0
..................................................................


WIND (MPH)
  HIGHEST WIND SPEED    10   HIGHEST WIND DIRECTION    NE (60)
  HIGHEST GUST SPEED    14   HIGHEST GUST DIRECTION    NE (60)
  AVERAGE WIND SPEED     2.6


SKY COVER
  POSSIBLE SUNSHINE  MM
  AVERAGE SKY COVER 0.2


WEATHER CONDITIONS
 THE FOLLOWING WEATHER WAS RECORDED YESTERDAY.
  NO SIGNIFICANT WEATHER WAS OBSERVED.


RELATIVE HUMIDITY (PERCENT)
 HIGHEST    78           600 AM
 LOWEST     17           400 PM
 AVERAGE    48

..........................................................


THE KNOXVILLE    ASOS CLIMATE NORMALS FOR TODAY
                         NORMAL    RECORD    YEAR
 MAXIMUM TEMPERATURE (F)   56        77      1996
 MINIMUM TEMPERATURE (F)   35         9      1934


SUNRISE AND SUNSET
FEBRUARY 27 2017......SUNRISE   708 AM EST   SUNSET   629 PM EST
FEBRUARY 28 2017......SUNRISE   707 AM EST   SUNSET   630 PM EST


-  INDICATES NEGATIVE NUMBERS.
R  INDICATES RECORD WAS SET OR TIED.
MM INDICATES DATA IS MISSING.
T  INDICATES TRACE AMOUNT.




$$
