000
CDUS44 KMRX 270938
CLITYS

CLIMATE REPORT
NATIONAL WEATHER SERVICE MORRISTOWN TN
436 AM EST FRI FEB 27 2015


...................................

...THE KNOXVILLE    ASOS CLIMATE SUMMARY FOR FEBRUARY 26 2015...

CLIMATE NORMAL PERIOD 1981 TO 2010
CLIMATE RECORD PERIOD 1871 TO 2015


WEATHER ITEM   OBSERVED TIME   RECORD YEAR NORMAL DEPARTURE LAST
                VALUE   (LST)  VALUE       VALUE  FROM      YEAR
                                                  NORMAL
..................................................................
TEMPERATURE (F)
 YESTERDAY
  MAXIMUM         37   1231 PM  83    1977  56    -19       38
  MINIMUM         27    500 AM  10    1967  35     -8       25
  AVERAGE         32                        45    -13       32

PRECIPITATION (IN)
  YESTERDAY        0.14          1.61 1890   0.15  -0.01     0.00
  MONTH TO DATE    3.75                      3.96  -0.21     4.95
  SINCE DEC 1     11.38                     12.78  -1.40    16.30
  SINCE JAN 1      7.14                      8.28  -1.14     8.07

SNOWFALL (IN)
  YESTERDAY        0.2                       0.0    0.2      0.0
  MONTH TO DATE    8.2                       1.5    6.7      6.9
  SINCE DEC 1      9.3                       5.0    4.3     11.1
  SINCE JUL 1      9.3                       5.0    4.3     11.9
  SNOW DEPTH       3

DEGREE DAYS
 HEATING
  YESTERDAY       33                        20     13       33
  MONTH TO DATE  849                       596    253      593
  SINCE DEC 1   2374                      2177    197     2292
  SINCE JUL 1   3200                      2858    342     2982

 COOLING
  YESTERDAY        0                         0      0        0
  MONTH TO DATE    0                         0      0        0
  SINCE DEC 1      0                         0      0        4
  SINCE JAN 1      0                         0      0        0
..................................................................


WIND (MPH)
  HIGHEST WIND SPEED    10   HIGHEST WIND DIRECTION    SW (220)
  HIGHEST GUST SPEED    11   HIGHEST GUST DIRECTION    SW (220)
  AVERAGE WIND SPEED     3.2


SKY COVER
  POSSIBLE SUNSHINE  MM
  AVERAGE SKY COVER 0.9


WEATHER CONDITIONS
 THE FOLLOWING WEATHER WAS RECORDED YESTERDAY.
  SNOW
  LIGHT SNOW
  FOG
  FOG W/VISIBILITY <= 1/4 MILE


RELATIVE HUMIDITY (PERCENT)
 HIGHEST   100          1200 AM
 LOWEST     82          1200 PM
 AVERAGE    91

..........................................................


THE KNOXVILLE    ASOS CLIMATE NORMALS FOR TODAY
                         NORMAL    RECORD    YEAR
 MAXIMUM TEMPERATURE (F)   56        77      1996
 MINIMUM TEMPERATURE (F)   35         9      1934


SUNRISE AND SUNSET
FEBRUARY 27 2015......SUNRISE   709 AM EST   SUNSET   629 PM EST
FEBRUARY 28 2015......SUNRISE   708 AM EST   SUNSET   630 PM EST


-  INDICATES NEGATIVE NUMBERS.
R  INDICATES RECORD WAS SET OR TIED.
MM INDICATES DATA IS MISSING.
T  INDICATES TRACE AMOUNT.


$$
