325
CDUS44 KMRX 252123
CLITYS


CLIMATE REPORT
NATIONAL WEATHER SERVICE MORRISTOWN TN
523 PM EDT SUN SEP 25 2016


...................................

...THE KNOXVILLE    ASOS CLIMATE SUMMARY FOR SEPTEMBER 25 2016...
VALID TODAY AS OF 0500 PM LOCAL TIME.

CLIMATE NORMAL PERIOD 1981 TO 2010
CLIMATE RECORD PERIOD 1871 TO 2016


WEATHER ITEM   OBSERVED TIME   RECORD YEAR NORMAL DEPARTURE LAST
                VALUE   (LST)  VALUE       VALUE  FROM      YEAR
                                                  NORMAL
..................................................................
TEMPERATURE (F)
 TODAY
  MAXIMUM         94R   246 PM  92    1961  78     16       69
                                      1933
  MINIMUM         66    658 AM  38    1887  57      9       59
  AVERAGE         80                        68     12       64

PRECIPITATION (IN)
  TODAY            0.00          2.03 2000   0.11  -0.11     0.51
  MONTH TO DATE    0.91                      2.69  -1.78     1.09
  SINCE SEP 1      0.91                      2.69  -1.78     1.09
  SINCE JAN 1     31.73                     36.29  -4.56    34.01

SNOWFALL (IN)
  TODAY            0.0                       0.0    0.0      0.0
  MONTH TO DATE    0.0                       0.0    0.0      0.0
  SINCE SEP 1      0.0                       0.0    0.0      0.0
  SINCE JUL 1      0.0                       0.0    0.0      0.0
  SNOW DEPTH       0

DEGREE DAYS
 HEATING
  TODAY            0                         2     -2        1
  MONTH TO DATE    0                        11    -11       10
  SINCE SEP 1      0                        11    -11       10
  SINCE JUL 1      0                        11    -11       10

 COOLING
  TODAY           15                         4     11        0
  MONTH TO DATE  338                       188    150      196
  SINCE SEP 1    338                       188    150      196
  SINCE JAN 1   1988                      1469    519     1618
..................................................................


WIND (MPH)
  HIGHEST WIND SPEED    12   HIGHEST WIND DIRECTION    NW (300)
  HIGHEST GUST SPEED    16   HIGHEST GUST DIRECTION    NW (300)
  AVERAGE WIND SPEED     2.6


SKY COVER
  POSSIBLE SUNSHINE  MM
  AVERAGE SKY COVER 0.1


WEATHER CONDITIONS
 THE FOLLOWING WEATHER WAS RECORDED TODAY.
  NO SIGNIFICANT WEATHER WAS OBSERVED.


RELATIVE HUMIDITY (PERCENT)
 HIGHEST    87           400 AM
 LOWEST     32           300 PM
 AVERAGE    60

..........................................................


THE KNOXVILLE    ASOS CLIMATE NORMALS FOR TOMORROW
                         NORMAL    RECORD    YEAR
 MAXIMUM TEMPERATURE (F)   78        89      1986
                                             1958
                                             1933
 MINIMUM TEMPERATURE (F)   56        41      2001


SUNRISE AND SUNSET
SEPTEMBER 25 2016.....SUNRISE   727 AM EDT   SUNSET   728 PM EDT
SEPTEMBER 26 2016.....SUNRISE   727 AM EDT   SUNSET   726 PM EDT


-  INDICATES NEGATIVE NUMBERS.
R  INDICATES RECORD WAS SET OR TIED.
MM INDICATES DATA IS MISSING.
T  INDICATES TRACE AMOUNT.




$$
