116
CDUS43 KLOT 260636
CLIUGN


CLIMATE REPORT
NATIONAL WEATHER SERVICE CHICAGO IL
136 AM CDT WED APR 26 2017


...................................

...THE WAUKEGAN   CLIMATE SUMMARY FOR APRIL 25 2017...

CLIMATE NORMAL PERIOD 1981 TO 2010
CLIMATE RECORD PERIOD 2000 TO 2017


WEATHER ITEM   OBSERVED TIME   RECORD YEAR NORMAL DEPARTURE LAST
                VALUE   (LST)  VALUE       VALUE  FROM      YEAR
                                                  NORMAL
..................................................................
TEMPERATURE (F)
 YESTERDAY
  MAXIMUM         68    257 PM  82    2016  59      9       82
  MINIMUM         48    422 AM  28    2006  40      8       47
  AVERAGE         58

PRECIPITATION (IN)
  YESTERDAY        0.00          0.92 2009   0.12  -0.12     0.17
  MONTH TO DATE    2.89                      2.72   0.17     1.71
  SINCE MAR 1      6.32                      5.04   1.28     4.95
  SINCE JAN 1     10.54                      8.09   2.45     6.46

DEGREE DAYS
 HEATING
  YESTERDAY        7                        15     -8        0
  MONTH TO DATE  368                       500   -132      530
  SINCE MAR 1   1261                      1424   -163     1307
  SINCE JUL 1   5373                      6370   -997     5652

 COOLING
  YESTERDAY        0                         0      0        0
  MONTH TO DATE    4                         0      4        0
  SINCE MAR 1      4                         0      4        0
  SINCE JAN 1      4                         0      4        0
..................................................................


WIND (MPH)
  RESULTANT WIND SPEED  10   RESULTANT WIND DIRECTION  SE (140)
  HIGHEST WIND SPEED    17   HIGHEST WIND DIRECTION    SE (140)
  HIGHEST GUST SPEED    22   HIGHEST GUST DIRECTION    SE (150)
  AVERAGE WIND SPEED    10.0


SKY COVER
  POSSIBLE SUNSHINE  MM
  AVERAGE SKY COVER 0.0


WEATHER CONDITIONS
 THE FOLLOWING WEATHER WAS RECORDED YESTERDAY.
  NO SIGNIFICANT WEATHER WAS OBSERVED.


RELATIVE HUMIDITY (PERCENT)
 HIGHEST    86
 LOWEST     47
 AVERAGE    67

..........................................................


THE WAUKEGAN   CLIMATE NORMALS FOR TODAY
                         NORMAL    RECORD    YEAR
 MAXIMUM TEMPERATURE (F)   60        77      2001
 MINIMUM TEMPERATURE (F)   41        27      2006


SUNRISE AND SUNSET
APRIL 26 2017.........SUNRISE   553 AM CDT   SUNSET   746 PM CDT
APRIL 27 2017.........SUNRISE   552 AM CDT   SUNSET   747 PM CDT


-  INDICATES NEGATIVE NUMBERS.
R  INDICATES RECORD WAS SET OR TIED.
MM INDICATES DATA IS MISSING.
T  INDICATES TRACE AMOUNT.




$$
