438
CDUS43 KLOT 110655
CLIUGN


CLIMATE REPORT
NATIONAL WEATHER SERVICE CHICAGO IL
1255 AM CST SUN DEC 11 2016


...................................

...THE WAUKEGAN   CLIMATE SUMMARY FOR DECEMBER 10 2016...

CLIMATE NORMAL PERIOD 1981 TO 2010
CLIMATE RECORD PERIOD 2000 TO 2016


WEATHER ITEM   OBSERVED TIME   RECORD YEAR NORMAL DEPARTURE LAST
                VALUE   (LST)  VALUE       VALUE  FROM      YEAR
                                                  NORMAL
..................................................................
TEMPERATURE (F)
 YESTERDAY
  MAXIMUM         24    253 PM  57    2015  35    -11       57
  MINIMUM         16    803 AM  -7    2013  22     -6       38
  AVERAGE         20

PRECIPITATION (IN)
  YESTERDAY        T             0.70 2003   0.07  -0.07     0.00
  MONTH TO DATE    0.35                      0.81  -0.46     0.51
  SINCE DEC 1      0.35                      0.81  -0.46     0.51
  SINCE JAN 1     27.88                     34.40  -6.52    33.59

DEGREE DAYS
 HEATING
  YESTERDAY       45                        36      9       17
  MONTH TO DATE  355                       350      5      267
  SINCE DEC 1    355                       350      5      267
  SINCE JUL 1   1242                      1735   -493     1425

 COOLING
  YESTERDAY        0                         0      0        0
  MONTH TO DATE    0                         0      0        0
  SINCE DEC 1      0                         0      0        0
  SINCE JAN 1    855                       564    291      483
..................................................................


WIND (MPH)
  RESULTANT WIND SPEED   3   RESULTANT WIND DIRECTION  SW (220)
  HIGHEST WIND SPEED    13   HIGHEST WIND DIRECTION    SW (230)
  HIGHEST GUST SPEED    17   HIGHEST GUST DIRECTION    SW (230)
  AVERAGE WIND SPEED     5.4


SKY COVER
  POSSIBLE SUNSHINE  MM
  AVERAGE SKY COVER 0.8


WEATHER CONDITIONS
 THE FOLLOWING WEATHER WAS RECORDED YESTERDAY.
  LIGHT SNOW
  FOG


RELATIVE HUMIDITY (PERCENT)
 HIGHEST    92
 LOWEST     60
 AVERAGE    76

..........................................................


THE WAUKEGAN   CLIMATE NORMALS FOR TODAY
                         NORMAL    RECORD    YEAR
 MAXIMUM TEMPERATURE (F)   35        48      2015
 MINIMUM TEMPERATURE (F)   21        -2      2013


SUNRISE AND SUNSET
DECEMBER 11 2016......SUNRISE   711 AM CST   SUNSET   419 PM CST
DECEMBER 12 2016......SUNRISE   712 AM CST   SUNSET   419 PM CST


-  INDICATES NEGATIVE NUMBERS.
R  INDICATES RECORD WAS SET OR TIED.
MM INDICATES DATA IS MISSING.
T  INDICATES TRACE AMOUNT.




$$
