000
CDUS46 KSEW 220845
CLIUIL


CLIMATE REPORT
NATIONAL WEATHER SERVICE SEATTLE WA
145 AM PDT MON MAY 22 2017


...................................

...THE QUILLAYUTE WA AIRPORT CLIMATE SUMMARY FOR MAY 21 2017...

CLIMATE NORMAL PERIOD 1981 TO 2010
CLIMATE RECORD PERIOD 1966 TO 2017


WEATHER ITEM   OBSERVED TIME   RECORD YEAR NORMAL DEPARTURE LAST
                VALUE   (LST)  VALUE       VALUE  FROM      YEAR
                                                  NORMAL
..................................................................
TEMPERATURE (F)
 YESTERDAY
  MAXIMUM         75    205 PM  82    1969  60     15       61
  MINIMUM         48    530 AM  32    1973  44      4       43
  AVERAGE         62                        52     10       52

PRECIPITATION (IN)
  YESTERDAY        0.00          1.05 2000   0.15  -0.15     0.00
  MONTH TO DATE    4.77                      3.60   1.17     0.29
  SINCE OCT 1    122.15                     86.24  35.91    93.78
  SINCE JAN 1     62.22                     47.24  14.98    49.80

DEGREE DAYS
 HEATING
  YESTERDAY        3                        13    -10       13
  MONTH TO DATE  296                       304     -8      236
  SINCE MAR 1   1487                      1501    -14     1152
  SINCE JUL 1   5309                      5346    -37     4275

 COOLING
  YESTERDAY        0                         0      0        0
  MONTH TO DATE    0                         0      0        0
  SINCE MAR 1      0                         0      0        0
  SINCE JAN 1      0                         0      0        0
..................................................................


WIND (MPH)
  RESULTANT WIND SPEED   4   RESULTANT WIND DIRECTION  NW (320)
  HIGHEST WIND SPEED    15   HIGHEST WIND DIRECTION     N (340)
  HIGHEST GUST SPEED    21   HIGHEST GUST DIRECTION     N (340)
  AVERAGE WIND SPEED     5.9


SKY COVER
  AVERAGE SKY COVER 0.4


WEATHER CONDITIONS
 THE FOLLOWING WEATHER WAS RECORDED YESTERDAY.
  FOG
  FOG W/VISIBILITY <= 1/4 MILE


RELATIVE HUMIDITY (PERCENT)
 HIGHEST   100           300 AM
 LOWEST     46           200 PM
 AVERAGE    73

..........................................................


THE QUILLAYUTE WA AIRPORT CLIMATE NORMALS FOR TODAY
                         NORMAL    RECORD    YEAR
 MAXIMUM TEMPERATURE (F)   60        85      1969
 MINIMUM TEMPERATURE (F)   44        36      1977


SUNRISE AND SUNSET
MAY 22 2017...........SUNRISE   531 AM PDT   SUNSET   859 PM PDT
MAY 23 2017...........SUNRISE   530 AM PDT   SUNSET   900 PM PDT


-  INDICATES NEGATIVE NUMBERS.
R  INDICATES RECORD WAS SET OR TIED.
MM INDICATES DATA IS MISSING.
T  INDICATES TRACE AMOUNT.




$$
