000
CDUS46 KSEW 110834
CLIUIL


CLIMATE REPORT
NATIONAL WEATHER SERVICE SEATTLE WA
133 AM PDT FRI JUL 11 2014


...................................

...THE QUILLAYUTE WA AIRPORT CLIMATE SUMMARY FOR JULY 10 2014...

CLIMATE NORMAL PERIOD 1981 TO 2010
CLIMATE RECORD PERIOD 1966 TO 2014


WEATHER ITEM   OBSERVED TIME   RECORD YEAR NORMAL DEPARTURE LAST
                VALUE   (LST)  VALUE       VALUE  FROM      YEAR
                                                  NORMAL
..................................................................
TEMPERATURE (F)
 YESTERDAY
  MAXIMUM         71    312 PM  93    2007  67      4       66
  MINIMUM         51   1159 PM  38    1970  50      1       52
  AVERAGE         61                        58      3       59

PRECIPITATION (IN)
  YESTERDAY        0.00          0.92 1986   0.07  -0.07     0.00
                                      1969
  MONTH TO DATE    0.25                      0.76  -0.51     0.00
  SINCE OCT 1     71.82                     92.01 -20.19   105.77
  SINCE JAN 1     54.59                     53.01   1.58    58.80

DEGREE DAYS
 HEATING
  YESTERDAY        4                         7     -3        6
  MONTH TO DATE   42                        73    -31       25
  SINCE JUN 1    291                       367    -76      205
  SINCE JUL 1     42                        73    -31       25

 COOLING
  YESTERDAY        0                         0      0        0
  MONTH TO DATE    6                         0      6        0
  SINCE JUN 1      6                         3      3        7
  SINCE JAN 1     10                         4      6       10
..................................................................


WIND (MPH)
  RESULTANT WIND SPEED   3   RESULTANT WIND DIRECTION   S (200)
  HIGHEST WIND SPEED    10   HIGHEST WIND DIRECTION     W (260)
  HIGHEST GUST SPEED    16   HIGHEST GUST DIRECTION    SW (220)
  AVERAGE WIND SPEED     4.5


SKY COVER
  AVERAGE SKY COVER 0.5


WEATHER CONDITIONS
 THE FOLLOWING WEATHER WAS RECORDED YESTERDAY.
  FOG
  FOG W/VISIBILITY <= 1/4 MILE
  HAZE


RELATIVE HUMIDITY (PERCENT)
 HIGHEST   100           100 AM
 LOWEST     61           300 PM
 AVERAGE    81

..........................................................


THE QUILLAYUTE WA AIRPORT CLIMATE NORMALS FOR TODAY
                         NORMAL    RECORD    YEAR
 MAXIMUM TEMPERATURE (F)   67        86      2007
                                             1990
 MINIMUM TEMPERATURE (F)   50        39      2008


SUNRISE AND SUNSET
JULY 11 2014..........SUNRISE   531 AM PDT   SUNSET   916 PM PDT
JULY 12 2014..........SUNRISE   532 AM PDT   SUNSET   915 PM PDT


-  INDICATES NEGATIVE NUMBERS.
R  INDICATES RECORD WAS SET OR TIED.
MM INDICATES DATA IS MISSING.
T  INDICATES TRACE AMOUNT.




$$
