000
CDUS46 KSEW 240125
CLIUIL


CLIMATE REPORT
NATIONAL WEATHER SERVICE SEATTLE WA
524 PM PST TUE JAN 23 2018


...................................

...THE QUILLAYUTE WA AIRPORT CLIMATE SUMMARY FOR JANUARY 23 2018...
VALID TODAY AS OF 0500 PM LOCAL TIME.

CLIMATE NORMAL PERIOD 1981 TO 2010
CLIMATE RECORD PERIOD 1966 TO 2018


WEATHER ITEM   OBSERVED TIME   RECORD YEAR NORMAL DEPARTURE LAST
                VALUE   (LST)  VALUE       VALUE  FROM      YEAR
                                                  NORMAL
..................................................................
TEMPERATURE (F)
 TODAY
  MAXIMUM         48    253 PM  59    2005  48      0       51
                                      1968
  MINIMUM         41   1202 AM   7    1969  36      5       29
  AVERAGE         45                        42      3       40

PRECIPITATION (IN)
  TODAY            0.30          3.91 1998   0.46  -0.16     0.00
  MONTH TO DATE   12.56                     11.12   1.44     7.52
  SINCE OCT 1     50.78                     50.12   0.66    67.45
  SINCE JAN 1     12.56                     11.12   1.44     7.52

DEGREE DAYS
 HEATING
  TODAY           20                        23     -3       25
  MONTH TO DATE  462                       541    -79      644
  SINCE DEC 1   1224                      1305    -81     1505
  SINCE JUL 1   2758                      3019   -261     2932

 COOLING
  TODAY            0                         0      0        0
  MONTH TO DATE    0                         0      0        0
  SINCE DEC 1      0                         0      0        0
  SINCE JAN 1      0                         0      0        0
..................................................................


WIND (MPH)
  RESULTANT WIND SPEED  11   RESULTANT WIND DIRECTION  SE (140)
  HIGHEST WIND SPEED    22   HIGHEST WIND DIRECTION     S (160)
  HIGHEST GUST SPEED    39   HIGHEST GUST DIRECTION     S (160)
  AVERAGE WIND SPEED    11.2


SKY COVER
  AVERAGE SKY COVER 1.0


WEATHER CONDITIONS
 THE FOLLOWING WEATHER WAS RECORDED TODAY.
  RAIN
  LIGHT RAIN
  FOG


RELATIVE HUMIDITY (PERCENT)
 HIGHEST    92          1100 AM
 LOWEST     80           200 PM
 AVERAGE    86

..........................................................


THE QUILLAYUTE WA AIRPORT CLIMATE NORMALS FOR TOMORROW
                         NORMAL    RECORD    YEAR
 MAXIMUM TEMPERATURE (F)   48        66      2014
 MINIMUM TEMPERATURE (F)   36        19      1969


SUNRISE AND SUNSET
JANUARY 23 2018.......SUNRISE   756 AM PST   SUNSET   505 PM PST
JANUARY 24 2018.......SUNRISE   755 AM PST   SUNSET   506 PM PST


-  INDICATES NEGATIVE NUMBERS.
R  INDICATES RECORD WAS SET OR TIED.
MM INDICATES DATA IS MISSING.
T  INDICATES TRACE AMOUNT.




$$
