000
CDUS46 KSEW 260829
CLIUIL


CLIMATE REPORT
NATIONAL WEATHER SERVICE SEATTLE WA
1229 AM PST THU FEB 26 2015


...................................

...THE QUILLAYUTE WA AIRPORT CLIMATE SUMMARY FOR FEBRUARY 25 2015...

CLIMATE NORMAL PERIOD 1981 TO 2010
CLIMATE RECORD PERIOD 1966 TO 2015


WEATHER ITEM   OBSERVED TIME   RECORD YEAR NORMAL DEPARTURE LAST
                VALUE   (LST)  VALUE       VALUE  FROM      YEAR
                                                  NORMAL
..................................................................
TEMPERATURE (F)
 YESTERDAY
  MAXIMUM         50    412 PM  67    1992  50      0       52
  MINIMUM         45    536 AM  20    1993  35     10       40
  AVERAGE         48                        42      6       46

PRECIPITATION (IN)
  YESTERDAY        0.24          1.43 1977   0.37  -0.13      T
  MONTH TO DATE    7.58                      9.27  -1.69    10.62
  SINCE OCT 1     63.86                     62.88   0.98    39.78
  SINCE JAN 1     19.11                     23.88  -4.77    22.55

DEGREE DAYS
 HEATING
  YESTERDAY       17                        22     -5       19
  MONTH TO DATE  405                       574   -169      587
  SINCE DEC 1   1625                      2065   -440     1949
  SINCE JUL 1   2859                      3779   -920     3145

 COOLING
  YESTERDAY        0                         0      0        0
  MONTH TO DATE    0                         0      0        0
  SINCE DEC 1      0                         0      0        0
  SINCE JAN 1      0                         0      0        0
..................................................................


WIND (MPH)
  RESULTANT WIND SPEED   1   RESULTANT WIND DIRECTION   W (260)
  HIGHEST WIND SPEED     8   HIGHEST WIND DIRECTION     W (280)
  HIGHEST GUST SPEED    12   HIGHEST GUST DIRECTION     W (270)
  AVERAGE WIND SPEED     1.7


SKY COVER
  AVERAGE SKY COVER 0.9


WEATHER CONDITIONS
 THE FOLLOWING WEATHER WAS RECORDED YESTERDAY.
  LIGHT RAIN
  FOG
  FOG W/VISIBILITY <= 1/4 MILE


RELATIVE HUMIDITY (PERCENT)
 HIGHEST   100           200 AM
 LOWEST     93          1200 PM
 AVERAGE    97

..........................................................


THE QUILLAYUTE WA AIRPORT CLIMATE NORMALS FOR TODAY
                         NORMAL    RECORD    YEAR
 MAXIMUM TEMPERATURE (F)   50        73      1992
 MINIMUM TEMPERATURE (F)   35        18      1993


SUNRISE AND SUNSET
FEBRUARY 26 2015......SUNRISE   705 AM PST   SUNSET   558 PM PST
FEBRUARY 27 2015......SUNRISE   703 AM PST   SUNSET   559 PM PST


-  INDICATES NEGATIVE NUMBERS.
R  INDICATES RECORD WAS SET OR TIED.
MM INDICATES DATA IS MISSING.
T  INDICATES TRACE AMOUNT.




$$
