000
CDUS46 KSEW 270120
CLIUIL


CLIMATE REPORT
NATIONAL WEATHER SERVICE SEATTLE WA
519 PM PST MON JAN 26 2015


...................................

...THE QUILLAYUTE WA AIRPORT CLIMATE SUMMARY FOR JANUARY 26 2015...
VALID TODAY AS OF 0500 PM LOCAL TIME.

CLIMATE NORMAL PERIOD 1981 TO 2010
CLIMATE RECORD PERIOD 1966 TO 2015


WEATHER ITEM   OBSERVED TIME   RECORD YEAR NORMAL DEPARTURE LAST
                VALUE   (LST)  VALUE       VALUE  FROM      YEAR
                                                  NORMAL
..................................................................
TEMPERATURE (F)
 TODAY
  MAXIMUM         57   1120 AM  61    2014  48      9       61
  MINIMUM         39    330 AM  19    1972  36      3       31
  AVERAGE         48                        42      6       46

PRECIPITATION (IN)
  TODAY            0.04          2.67 1976   0.44  -0.40     0.00
  MONTH TO DATE   11.46                     12.46  -1.00     9.40
  SINCE OCT 1     56.21                     51.46   4.75    26.63
  SINCE JAN 1     11.46                     12.46  -1.00     9.40

DEGREE DAYS
 HEATING
  TODAY           17                        23     -6       19
  MONTH TO DATE  497                       610   -113      509
  SINCE DEC 1   1122                      1374   -252     1266
  SINCE JUL 1   2356                      3088   -732     2462

 COOLING
  TODAY            0                         0      0        0
  MONTH TO DATE    0                         0      0        0
  SINCE DEC 1      0                         0      0        0
  SINCE JAN 1      0                         0      0        0
..................................................................


WIND (MPH)
  RESULTANT WIND SPEED   4   RESULTANT WIND DIRECTION  SE (150)
  HIGHEST WIND SPEED    16   HIGHEST WIND DIRECTION     S (170)
  HIGHEST GUST SPEED    29   HIGHEST GUST DIRECTION     S (180)
  AVERAGE WIND SPEED     5.5


SKY COVER
  AVERAGE SKY COVER 0.4


WEATHER CONDITIONS
 THE FOLLOWING WEATHER WAS RECORDED TODAY.
  LIGHT RAIN
  FOG


RELATIVE HUMIDITY (PERCENT)
 HIGHEST   100          1200 AM
 LOWEST     83           900 AM
 AVERAGE    92

..........................................................


THE QUILLAYUTE WA AIRPORT CLIMATE NORMALS FOR TOMORROW
                         NORMAL    RECORD    YEAR
 MAXIMUM TEMPERATURE (F)   48        55      2007
 MINIMUM TEMPERATURE (F)   36        17      1969


SUNRISE AND SUNSET
JANUARY 26 2015.......SUNRISE   753 AM PST   SUNSET   509 PM PST
JANUARY 27 2015.......SUNRISE   752 AM PST   SUNSET   510 PM PST


-  INDICATES NEGATIVE NUMBERS.
R  INDICATES RECORD WAS SET OR TIED.
MM INDICATES DATA IS MISSING.
T  INDICATES TRACE AMOUNT.




$$
