000
CDUS46 KSEW 260828
CLIUIL


CLIMATE REPORT
NATIONAL WEATHER SERVICE SEATTLE WA
1227 AM PST FRI DEC 26 2014


...................................

...THE QUILLAYUTE WA AIRPORT CLIMATE SUMMARY FOR DECEMBER 25 2014...

CLIMATE NORMAL PERIOD 1981 TO 2010
CLIMATE RECORD PERIOD 1966 TO 2014


WEATHER ITEM   OBSERVED TIME   RECORD YEAR NORMAL DEPARTURE LAST
                VALUE   (LST)  VALUE       VALUE  FROM      YEAR
                                                  NORMAL
..................................................................
TEMPERATURE (F)
 YESTERDAY
  MAXIMUM         50    300 PM  55    2000  46      4       48
                                      1980
  MINIMUM         36    624 AM  22    1985  35      1       32
  AVERAGE         43                        40      3       40

PRECIPITATION (IN)
  YESTERDAY        0.00          6.71 1972   0.41  -0.41     0.00
  MONTH TO DATE   13.48                     10.57   2.91     5.57
  SINCE OCT 1     44.02                     36.58   7.44    16.64
  SINCE JAN 1    104.42                     97.12   7.30    88.05

DEGREE DAYS
 HEATING
  YESTERDAY       22                        25     -3       25
  MONTH TO DATE  471                       617   -146      635
  SINCE DEC 1    471                       617   -146      635
  SINCE JUL 1   1705                      2331   -626     1831

 COOLING
  YESTERDAY        0                         0      0        0
  MONTH TO DATE    0                         0      0        0
  SINCE DEC 1      0                         0      0        0
  SINCE JAN 1     25                        19      6       39
..................................................................


WIND (MPH)
  RESULTANT WIND SPEED   1   RESULTANT WIND DIRECTION  NE (40)
  HIGHEST WIND SPEED    14   HIGHEST WIND DIRECTION    NW (330)
  HIGHEST GUST SPEED    21   HIGHEST GUST DIRECTION    NW (330)
  AVERAGE WIND SPEED     2.8


SKY COVER
  AVERAGE SKY COVER 0.8


WEATHER CONDITIONS
 THE FOLLOWING WEATHER WAS RECORDED YESTERDAY.
  FOG


RELATIVE HUMIDITY (PERCENT)
 HIGHEST   100           600 AM
 LOWEST     71           300 AM
 AVERAGE    86

..........................................................


THE QUILLAYUTE WA AIRPORT CLIMATE NORMALS FOR TODAY
                         NORMAL    RECORD    YEAR
 MAXIMUM TEMPERATURE (F)   46        57      1991
 MINIMUM TEMPERATURE (F)   35        23      1985
                                             1978


SUNRISE AND SUNSET
DECEMBER 26 2014......SUNRISE   807 AM PST   SUNSET   431 PM PST
DECEMBER 27 2014......SUNRISE   807 AM PST   SUNSET   432 PM PST


-  INDICATES NEGATIVE NUMBERS.
R  INDICATES RECORD WAS SET OR TIED.
MM INDICATES DATA IS MISSING.
T  INDICATES TRACE AMOUNT.




$$
