000
CDUS46 KSEW 280835
CLIUIL


CLIMATE REPORT
NATIONAL WEATHER SERVICE SEATTLE WA
134 AM PDT TUE MAR 28 2017


...................................

...THE QUILLAYUTE WA AIRPORT CLIMATE SUMMARY FOR MARCH 27 2017...

CLIMATE NORMAL PERIOD 1981 TO 2010
CLIMATE RECORD PERIOD 1966 TO 2017


WEATHER ITEM   OBSERVED TIME   RECORD YEAR NORMAL DEPARTURE LAST
                VALUE   (LST)  VALUE       VALUE  FROM      YEAR
                                                  NORMAL
..................................................................
TEMPERATURE (F)
 YESTERDAY
  MAXIMUM         50   1042 AM  72    1994  52     -2       54
  MINIMUM         43    705 AM  25    1975  38      5       40
  AVERAGE         47                        45      2       47

PRECIPITATION (IN)
  YESTERDAY        1.11          1.63 1986   0.33   0.78     0.21
  MONTH TO DATE   17.24                      9.52   7.72    15.83
  SINCE OCT 1     97.22                     73.48  23.74    91.27
  SINCE JAN 1     37.29                     34.48   2.81    47.29

DEGREE DAYS
 HEATING
  YESTERDAY       18                        20     -2       18
  MONTH TO DATE  585                       568     17      470
  SINCE MAR 1    585                       568     17      470
  SINCE JUL 1   4407                      4413     -6     3593

 COOLING
  YESTERDAY        0                         0      0        0
  MONTH TO DATE    0                         0      0        0
  SINCE MAR 1      0                         0      0        0
  SINCE JAN 1      0                         0      0        0
..................................................................


WIND (MPH)
  RESULTANT WIND SPEED   4   RESULTANT WIND DIRECTION   S (180)
  HIGHEST WIND SPEED    14   HIGHEST WIND DIRECTION     S (170)
  HIGHEST GUST SPEED    24   HIGHEST GUST DIRECTION     S (190)
  AVERAGE WIND SPEED     7.4


SKY COVER
  AVERAGE SKY COVER 0.9


WEATHER CONDITIONS
 THE FOLLOWING WEATHER WAS RECORDED YESTERDAY.
  HEAVY RAIN
  RAIN
  LIGHT RAIN
  FOG


RELATIVE HUMIDITY (PERCENT)
 HIGHEST   100          1200 AM
 LOWEST     86          1100 AM
 AVERAGE    93

..........................................................


THE QUILLAYUTE WA AIRPORT CLIMATE NORMALS FOR TODAY
                         NORMAL    RECORD    YEAR
 MAXIMUM TEMPERATURE (F)   53        68      1995
 MINIMUM TEMPERATURE (F)   38        25      1979


SUNRISE AND SUNSET
MARCH 28 2017.........SUNRISE   704 AM PDT   SUNSET   743 PM PDT
MARCH 29 2017.........SUNRISE   702 AM PDT   SUNSET   745 PM PDT


-  INDICATES NEGATIVE NUMBERS.
R  INDICATES RECORD WAS SET OR TIED.
MM INDICATES DATA IS MISSING.
T  INDICATES TRACE AMOUNT.




$$
