164
CDUS46 KSEW 190840
CLIUIL


CLIMATE REPORT
NATIONAL WEATHER SERVICE SEATTLE WA
1239 AM PST SUN NOV 19 2017


...................................

...THE QUILLAYUTE WA AIRPORT CLIMATE SUMMARY FOR NOVEMBER 18 2017...

CLIMATE NORMAL PERIOD 1981 TO 2010
CLIMATE RECORD PERIOD 1966 TO 2017


WEATHER ITEM   OBSERVED TIME   RECORD YEAR NORMAL DEPARTURE LAST
                VALUE   (LST)  VALUE       VALUE  FROM      YEAR
                                                  NORMAL
..................................................................
TEMPERATURE (F)
 YESTERDAY
  MAXIMUM         49    314 PM  61    2001  50     -1       49
  MINIMUM         42   1202 AM  21    2000  38      4       37
  AVERAGE         46                        44      2       43

PRECIPITATION (IN)
  YESTERDAY        0.03          4.38 2002   0.54  -0.51     0.10
  MONTH TO DATE    8.41                      9.16  -0.75    14.19
  SINCE OCT 1     15.67                     19.65  -3.98    35.27
  SINCE JAN 1     87.06                     80.19   6.87    97.64

DEGREE DAYS
 HEATING
  YESTERDAY       19                        21     -2       22
  MONTH TO DATE  371                       355     16      255
  SINCE SEP 1   1012                      1076    -64      918
  SINCE JUL 1   1318                      1445   -127     1194

 COOLING
  YESTERDAY        0                         0      0        0
  MONTH TO DATE    0                         0      0        0
  SINCE SEP 1     20                         2     18        0
  SINCE JAN 1     73                        19     54       54
..................................................................


WIND (MPH)
  RESULTANT WIND SPEED   5   RESULTANT WIND DIRECTION  SE (140)
  HIGHEST WIND SPEED    15   HIGHEST WIND DIRECTION    SE (140)
  HIGHEST GUST SPEED    22   HIGHEST GUST DIRECTION    SE (150)
  AVERAGE WIND SPEED     6.3


SKY COVER
  AVERAGE SKY COVER 0.9


WEATHER CONDITIONS
 THE FOLLOWING WEATHER WAS RECORDED YESTERDAY.
  LIGHT RAIN
  FOG


RELATIVE HUMIDITY (PERCENT)
 HIGHEST   100          1200 AM
 LOWEST     82          1000 PM
 AVERAGE    91

..........................................................


THE QUILLAYUTE WA AIRPORT CLIMATE NORMALS FOR TODAY
                         NORMAL    RECORD    YEAR
 MAXIMUM TEMPERATURE (F)   50        66      1987
 MINIMUM TEMPERATURE (F)   38        25      2011


SUNRISE AND SUNSET
NOVEMBER 19 2017......SUNRISE   731 AM PST   SUNSET   436 PM PST
NOVEMBER 20 2017......SUNRISE   732 AM PST   SUNSET   435 PM PST


-  INDICATES NEGATIVE NUMBERS.
R  INDICATES RECORD WAS SET OR TIED.
MM INDICATES DATA IS MISSING.
T  INDICATES TRACE AMOUNT.




$$
