000
CDUS43 KLSX 240735
CLIUIN


CLIMATE REPORT
NATIONAL WEATHER SERVICE ST LOUIS MO
235 AM CDT THU APR 24 2014


...................................

...THE QUINCY IL CLIMATE SUMMARY FOR APRIL 23 2014...

CLIMATE NORMAL PERIOD 1981 TO 2010
CLIMATE RECORD PERIOD 1901 TO 2014


WEATHER ITEM   OBSERVED TIME   RECORD YEAR NORMAL DEPARTURE LAST
                VALUE   (LST)  VALUE       VALUE  FROM      YEAR
                                                  NORMAL
..................................................................
TEMPERATURE (F)
 YESTERDAY
  MAXIMUM         60    529 PM  86    1948  66     -6       58
                                      1937
  MINIMUM         42    608 AM  25    1956  46     -4       37
  AVERAGE         51                        56     -5

PRECIPITATION (IN)
  YESTERDAY        T             1.80 1975   0.13  -0.13     0.44
  MONTH TO DATE    1.92                      2.76  -0.84     6.13
  SINCE MAR 1      2.60                      5.22  -2.62     8.28
  SINCE JAN 1      4.72                      8.62  -3.90    13.75

DEGREE DAYS
 HEATING
  YESTERDAY       14                        10      4
  MONTH TO DATE  306                       309     -3
  SINCE MAR 1   1184                      1027    157
  SINCE JUL 1   6078                      5369    709

 COOLING
  YESTERDAY        0                         1     -1
  MONTH TO DATE    4                        10     -6
  SINCE MAR 1      4                        12     -8
  SINCE JAN 1      4                        12     -8
..................................................................


WIND (MPH)
  HIGHEST WIND SPEED    20   HIGHEST WIND DIRECTION    SE (120)
  HIGHEST GUST SPEED    26   HIGHEST GUST DIRECTION    SE (140)
  AVERAGE WIND SPEED    13.5


SKY COVER
  AVERAGE SKY COVER 0.3



RELATIVE HUMIDITY (PERCENT)
 HIGHEST    70           500 AM
 LOWEST     36           300 PM
 AVERAGE    53

..........................................................


THE QUINCY IL CLIMATE NORMALS FOR TODAY
                         NORMAL    RECORD    YEAR
 MAXIMUM TEMPERATURE (F)   66        89      1989
 MINIMUM TEMPERATURE (F)   46        22      1910


SUNRISE AND SUNSET
APRIL 24 2014.........SUNRISE   614 AM CDT   SUNSET   752 PM CDT
APRIL 25 2014.........SUNRISE   613 AM CDT   SUNSET   753 PM CDT


-  INDICATES NEGATIVE NUMBERS.
R  INDICATES RECORD WAS SET OR TIED.
MM INDICATES DATA IS MISSING.
T  INDICATES TRACE AMOUNT.




$$
