000
CDUS43 KLSX 050727
CLIUIN


CLIMATE REPORT
NATIONAL WEATHER SERVICE ST LOUIS MO
226 AM CDT THU MAY 5 2016


...................................

...THE QUINCY IL CLIMATE SUMMARY FOR MAY 4 2016...

CLIMATE NORMAL PERIOD 1981 TO 2010
CLIMATE RECORD PERIOD 1901 TO 2016


WEATHER ITEM   OBSERVED TIME   RECORD YEAR NORMAL DEPARTURE LAST
                VALUE   (LST)  VALUE       VALUE  FROM      YEAR
                                                  NORMAL
..................................................................
TEMPERATURE (F)
 YESTERDAY
  MAXIMUM         65    234 PM  89    1959  69     -4       81
  MINIMUM         46   1159 PM  26    1907  49     -3       64
  AVERAGE         56                        59     -3

PRECIPITATION (IN)
  YESTERDAY        T             1.26 1991   0.14  -0.14     0.01
  MONTH TO DATE    T                         0.53  -0.53     0.06
  SINCE MAR 1      4.42                      6.68  -2.26     2.71
  SINCE JAN 1      5.04                     10.08  -5.04     4.75

DEGREE DAYS
 HEATING
  YESTERDAY        9                         7      2
  MONTH TO DATE   43                        29     14
  SINCE MAR 1    890                      1117   -227
  SINCE JUL 1   4487                      5459   -972

 COOLING
  YESTERDAY        0                         1     -1
  MONTH TO DATE    0                         4     -4
  SINCE MAR 1     21                        22     -1
  SINCE JAN 1     21                        22     -1
..................................................................


WIND (MPH)
  HIGHEST WIND SPEED    25   HIGHEST WIND DIRECTION    NW (330)
  HIGHEST GUST SPEED    31   HIGHEST GUST DIRECTION    NW (330)
  AVERAGE WIND SPEED    13.1


SKY COVER
  AVERAGE SKY COVER 0.3



RELATIVE HUMIDITY (PERCENT)
 HIGHEST    72           700 AM
 LOWEST     34           400 PM
 AVERAGE    53

..........................................................


THE QUINCY IL CLIMATE NORMALS FOR TODAY
                         NORMAL    RECORD    YEAR
 MAXIMUM TEMPERATURE (F)   70        92      1943
 MINIMUM TEMPERATURE (F)   50        33      1954


SUNRISE AND SUNSET
MAY  5 2016...........SUNRISE   600 AM CDT   SUNSET   804 PM CDT
MAY  6 2016...........SUNRISE   558 AM CDT   SUNSET   805 PM CDT


-  INDICATES NEGATIVE NUMBERS.
R  INDICATES RECORD WAS SET OR TIED.
MM INDICATES DATA IS MISSING.
T  INDICATES TRACE AMOUNT.




$$
