000
CDUS43 KLSX 250728
CLIUIN


CLIMATE REPORT
NATIONAL WEATHER SERVICE ST LOUIS MO
227 AM CDT SAT OCT 25 2014


...................................

...THE QUINCY IL CLIMATE SUMMARY FOR OCTOBER 24 2014...

CLIMATE NORMAL PERIOD 1981 TO 2010
CLIMATE RECORD PERIOD 1901 TO 2014


WEATHER ITEM   OBSERVED TIME   RECORD YEAR NORMAL DEPARTURE LAST
                VALUE   (LST)  VALUE       VALUE  FROM      YEAR
                                                  NORMAL
..................................................................
TEMPERATURE (F)
 YESTERDAY
  MAXIMUM         70    402 PM  84    1940  62      8       44
  MINIMUM         52    101 AM  23    1981  42     10       26
  AVERAGE         61                        52      9

PRECIPITATION (IN)
  YESTERDAY        0.00          1.09 1975   0.09  -0.09     0.00
  MONTH TO DATE    6.00                      2.34   3.66     0.69
  SINCE SEP 1     12.27                      5.64   6.63     2.49
  SINCE JAN 1     37.89                     31.39   6.50    30.59

DEGREE DAYS
 HEATING
  YESTERDAY        4                        13     -9
  MONTH TO DATE  239                       235      4
  SINCE SEP 1    326                       317      9
  SINCE JUL 1    331                       322      9

 COOLING
  YESTERDAY        0                         0      0
  MONTH TO DATE    0                        14    -14
  SINCE SEP 1     87                       137    -50
  SINCE JAN 1   1016                      1090    -74
..................................................................


WIND (MPH)
  HIGHEST WIND SPEED    15   HIGHEST WIND DIRECTION     S (180)
  HIGHEST GUST SPEED    20   HIGHEST GUST DIRECTION     S (170)
  AVERAGE WIND SPEED     7.1


SKY COVER
  AVERAGE SKY COVER 0.6



RELATIVE HUMIDITY (PERCENT)
 HIGHEST   100           700 AM
 LOWEST     61           300 PM
 AVERAGE    81

..........................................................


THE QUINCY IL CLIMATE NORMALS FOR TODAY
                         NORMAL    RECORD    YEAR
 MAXIMUM TEMPERATURE (F)   62        85      1939
 MINIMUM TEMPERATURE (F)   42        23      2013


SUNRISE AND SUNSET
OCTOBER 25 2014.......SUNRISE   726 AM CDT   SUNSET   611 PM CDT
OCTOBER 26 2014.......SUNRISE   727 AM CDT   SUNSET   610 PM CDT


-  INDICATES NEGATIVE NUMBERS.
R  INDICATES RECORD WAS SET OR TIED.
MM INDICATES DATA IS MISSING.
T  INDICATES TRACE AMOUNT.




$$
