000
CDUS46 KEKA 070020
CLIUKI


CLIMATE REPORT
NATIONAL WEATHER SERVICE EUREKA CA
520 PM PDT FRI MAY 6 2016


...................................

...THE UKIAH CA CLIMATE SUMMARY FOR MAY 6 2016...
VALID TODAY AS OF 0500 PM LOCAL TIME.

CLIMATE NORMAL PERIOD 1981 TO 2010
CLIMATE RECORD PERIOD 1903 TO 2016


WEATHER ITEM   OBSERVED RECORD YEAR NORMAL DEPARTURE LAST
                VALUE   VALUE       VALUE  FROM      YEAR
                                           NORMAL
...........................................................
TEMPERATURE (F)
 TODAY
  MAXIMUM         68    100    1987  75     -7       75
  MINIMUM         52     32    1977  46      6       45
  AVERAGE         60                 60      0       60

PRECIPITATION (IN)
  TODAY            T      0.35 1956   0.07  -0.07     0.00
  MONTH TO DATE    0.07               0.42  -0.35     0.00
  SINCE OCT 1     35.78              35.42   0.36    25.44
  SINCE JAN 1     23.57              22.04   1.53     7.67

SNOWFALL (IN)
  TODAY            0.0   MM          MM     MM        0.0
  MONTH TO DATE    0.0               MM     MM        0.0
  SINCE MAR 1      0.0               MM     MM        0.0
  SINCE JUL 1      0.0               MM     MM        0.0
  SNOW DEPTH       0

...........................................................


WIND (MPH)
  HIGHEST WIND SPEED    13   HIGHEST WIND DIRECTION    SE (150)
  HIGHEST GUST SPEED    16   HIGHEST GUST DIRECTION     S (160)
  AVERAGE WIND SPEED     4.1


SKY COVER
  AVERAGE SKY COVER 0.6


WEATHER CONDITIONS
 THE FOLLOWING WEATHER WAS RECORDED TODAY.
  LIGHT RAIN


RELATIVE HUMIDITY (PERCENT)
 HIGHEST    93
 LOWEST     63
 AVERAGE    78

..........................................................


THE UKIAH CA CLIMATE NORMALS FOR TOMORROW
                         NORMAL    RECORD    YEAR
 MAXIMUM TEMPERATURE (F)   75       100      1987
 MINIMUM TEMPERATURE (F)   46        31      1977


SUNRISE AND SUNSET
MAY  6 2016...........SUNRISE   608 AM PDT   SUNSET   811 PM PDT
MAY  7 2016...........SUNRISE   607 AM PDT   SUNSET   812 PM PDT


-  INDICATES NEGATIVE NUMBERS.
R  INDICATES RECORD WAS SET OR TIED.
MM INDICATES DATA IS MISSING.
T  INDICATES TRACE AMOUNT.




$$
