387
CDUS46 KEKA 051214
CLIUKI


CLIMATE REPORT
NATIONAL WEATHER SERVICE EUREKA CA
414 AM PST FRI FEB 5 2016


...................................

...THE UKIAH CA CLIMATE SUMMARY FOR FEBRUARY 4 2016...

CLIMATE NORMAL PERIOD 1981 TO 2010
CLIMATE RECORD PERIOD 1903 TO 2016


WEATHER ITEM   OBSERVED TIME   RECORD YEAR NORMAL DEPARTURE LAST
                VALUE   (LST)  VALUE       VALUE  FROM      YEAR
                                                  NORMAL
..................................................................
TEMPERATURE (F)
 YESTERDAY
  MAXIMUM         61    340 PM  74    2001  59      2       65
  MINIMUM         41   1159 PM  22    1910  38      3       45
  AVERAGE         51                        48      3       55

PRECIPITATION (IN)
  YESTERDAY        0.01          3.79 1937   0.20  -0.19     0.00
  MONTH TO DATE    0.29                      0.72  -0.43      T
  SINCE OCT 1     23.28                     21.11   2.17    18.23
  SINCE JAN 1     11.07                      7.73   3.34     0.46

SNOWFALL (IN)
  YESTERDAY       MM            MM      MM  MM     MM        0.0
  MONTH TO DATE    0.0                      MM     MM        0.0
  SINCE DEC 1      0.0                      MM     MM        0.0
  SINCE JUL 1      0.0                      MM     MM        0.0
  SNOW DEPTH       0

DEGREE DAYS
 HEATING
  YESTERDAY       14                        17     -3       10
  MONTH TO DATE   73                        68      5       38
  SINCE DEC 1   1172                      1245    -73      884
  SINCE JUL 1   1695                      1868   -173     1285

 COOLING
  YESTERDAY        0                         0      0        0
  MONTH TO DATE    0                         0      0        0
  SINCE DEC 1      0                         0      0        0
  SINCE JAN 1      0                         0      0        0
..................................................................


WIND (MPH)
  HIGHEST WIND SPEED     7   HIGHEST WIND DIRECTION     W (280)
  HIGHEST GUST SPEED     8   HIGHEST GUST DIRECTION     W (270)
  AVERAGE WIND SPEED     0.9


SKY COVER
  AVERAGE SKY COVER 0.3


WEATHER CONDITIONS
 THE FOLLOWING WEATHER WAS RECORDED YESTERDAY.
  LIGHT RAIN
  FOG W/VISIBILITY <= 1/4 MILE


RELATIVE HUMIDITY (PERCENT)
 HIGHEST   100
 LOWEST     55
 AVERAGE    78

..........................................................


THE UKIAH CA CLIMATE NORMALS FOR TODAY
                         NORMAL    RECORD    YEAR
 MAXIMUM TEMPERATURE (F)   59        80      1967
 MINIMUM TEMPERATURE (F)   38        22      1989


SUNRISE AND SUNSET
FEBRUARY  5 2016......SUNRISE   716 AM PST   SUNSET   538 PM PST
FEBRUARY  6 2016......SUNRISE   715 AM PST   SUNSET   539 PM PST


-  INDICATES NEGATIVE NUMBERS.
R  INDICATES RECORD WAS SET OR TIED.
MM INDICATES DATA IS MISSING.
T  INDICATES TRACE AMOUNT.




$$
