000
CDUS46 KEKA 080023
CLIUKI


CLIMATE REPORT
NATIONAL WEATHER SERVICE EUREKA CA
420 PM PST WED DEC 7 2016


...................................

...THE UKIAH CA CLIMATE SUMMARY FOR DECEMBER 7 2016...
VALID TODAY AS OF 0400 PM LOCAL TIME.

CLIMATE NORMAL PERIOD 1981 TO 2010
CLIMATE RECORD PERIOD 1903 TO 2016


WEATHER ITEM   OBSERVED RECORD YEAR NORMAL DEPARTURE LAST
                VALUE   VALUE       VALUE  FROM      YEAR
                                           NORMAL
...........................................................
TEMPERATURE (F)
 TODAY
  MAXIMUM         46     76    1912  56    -10       59
  MINIMUM         29     22    1978  36     -7       51
  AVERAGE         38                 46     -8       55

PRECIPITATION (IN)
  TODAY            0.05   2.59 1952   0.19  -0.14     0.00
  MONTH TO DATE    0.05               1.16  -1.11     1.56
  SINCE OCT 1      9.62               7.59   2.03     3.93
  SINCE JAN 1     33.93              31.56   2.37    12.91

SNOWFALL (IN)
  TODAY           MM     MM          MM     MM        0.0
  MONTH TO DATE    0.0               MM     MM        0.0
  SINCE DEC 1      0.0               MM     MM        0.0
  SINCE JUL 1      0.0               MM     MM        0.0
  SNOW DEPTH       0

...........................................................


WIND (MPH)
  HIGHEST WIND SPEED    10   HIGHEST WIND DIRECTION     S (190)
  HIGHEST GUST SPEED    14   HIGHEST GUST DIRECTION     S (180)
  AVERAGE WIND SPEED     0.2


SKY COVER
  AVERAGE SKY COVER 0.5


WEATHER CONDITIONS
 THE FOLLOWING WEATHER WAS RECORDED TODAY.
  LIGHT RAIN
  FOG


RELATIVE HUMIDITY (PERCENT)
 HIGHEST   100
 LOWEST     65
 AVERAGE    83

..........................................................


THE UKIAH CA CLIMATE NORMALS FOR TOMORROW
                         NORMAL    RECORD    YEAR
 MAXIMUM TEMPERATURE (F)   55        73      1979
 MINIMUM TEMPERATURE (F)   36        17      1972


SUNRISE AND SUNSET
DECEMBER  7 2016......SUNRISE   719 AM PST   SUNSET   450 PM PST
DECEMBER  8 2016......SUNRISE   720 AM PST   SUNSET   450 PM PST


-  INDICATES NEGATIVE NUMBERS.
R  INDICATES RECORD WAS SET OR TIED.
MM INDICATES DATA IS MISSING.
T  INDICATES TRACE AMOUNT.




$$
