000
CDUS46 KEKA 231209
CLIUKI


CLIMATE REPORT
NATIONAL WEATHER SERVICE EUREKA CA
509 AM PDT MON OCT 23 2017


...................................

...THE UKIAH CA CLIMATE SUMMARY FOR OCTOBER 22 2017...

CLIMATE NORMAL PERIOD 1981 TO 2010
CLIMATE RECORD PERIOD 1903 TO 2017


WEATHER ITEM   OBSERVED TIME   RECORD YEAR NORMAL DEPARTURE LAST
                VALUE   (LST)  VALUE       VALUE  FROM      YEAR
                                                  NORMAL
..................................................................
TEMPERATURE (F)
 YESTERDAY
  MAXIMUM         76    300 PM  97    1929  74      2       72
  MINIMUM         45    651 AM  26    1906  43      2       47
  AVERAGE         61                        58      3       60

PRECIPITATION (IN)
  YESTERDAY        T             1.03 1931   0.08  -0.08     0.00
  MONTH TO DATE    0.21                      0.95  -0.74     2.79
  SINCE OCT 1      0.21                      0.95  -0.74     2.79
  SINCE JAN 1     34.75                     24.92   9.83    27.10

SNOWFALL (IN)
  YESTERDAY       MM            MM      MM  MM     MM        0.0
  MONTH TO DATE    0.0                      MM     MM        0.0
  SINCE SEP 1      0.0                      MM     MM        0.0
  SINCE JUL 1      0.0                      MM     MM        0.0
  SNOW DEPTH       0

DEGREE DAYS
 HEATING
  YESTERDAY        4                         7     -3        5
  MONTH TO DATE  132                        93     39      107
  SINCE SEP 1    166                       123     43      123
  SINCE JUL 1    166                       126     40      123

 COOLING
  YESTERDAY        0                         0      0        0
  MONTH TO DATE    0                        19    -19       12
  SINCE SEP 1    183                       149     34      176
  SINCE JAN 1   1273                       832    441     1004
..................................................................


WIND (MPH)
  HIGHEST WIND SPEED    13   HIGHEST WIND DIRECTION     N (10)
  HIGHEST GUST SPEED    18   HIGHEST GUST DIRECTION     N (340)
  AVERAGE WIND SPEED     2.6


SKY COVER
  AVERAGE SKY COVER 0.0


WEATHER CONDITIONS
 THE FOLLOWING WEATHER WAS RECORDED YESTERDAY.
  FOG


RELATIVE HUMIDITY (PERCENT)
 HIGHEST    93
 LOWEST     35
 AVERAGE    64

..........................................................


THE UKIAH CA CLIMATE NORMALS FOR TODAY
                         NORMAL    RECORD    YEAR
 MAXIMUM TEMPERATURE (F)   74        99      1959
 MINIMUM TEMPERATURE (F)   43        29      1916


SUNRISE AND SUNSET
OCTOBER 23 2017.......SUNRISE   731 AM PDT   SUNSET   622 PM PDT
OCTOBER 24 2017.......SUNRISE   732 AM PDT   SUNSET   621 PM PDT


-  INDICATES NEGATIVE NUMBERS.
R  INDICATES RECORD WAS SET OR TIED.
MM INDICATES DATA IS MISSING.
T  INDICATES TRACE AMOUNT.




$$
