000
CDUS46 KEKA 041211
CLIUKI


CLIMATE REPORT
NATIONAL WEATHER SERVICE EUREKA CA
510 AM PDT SAT JUL 4 2015


...................................

...THE UKIAH CA CLIMATE SUMMARY FOR JULY 3 2015...

CLIMATE NORMAL PERIOD 1981 TO 2010
CLIMATE RECORD PERIOD 1903 TO 2015


WEATHER ITEM   OBSERVED TIME   RECORD YEAR NORMAL DEPARTURE LAST
                VALUE   (LST)  VALUE       VALUE  FROM      YEAR
                                                  NORMAL
..................................................................
TEMPERATURE (F)
 YESTERDAY
  MAXIMUM         97    419 PM 112    2013  89      8       99
                                      1931
  MINIMUM         65    556 AM  44    1963  56      9       57
  AVERAGE         81                        72      9       78

PRECIPITATION (IN)
  YESTERDAY        0.00          0.04 1913   0.00   0.00     0.00
  MONTH TO DATE    0.00                      0.01  -0.01     0.00
  SINCE OCT 1     25.87                     36.77 -10.90    17.97
  SINCE JAN 1      8.10                     23.39 -15.29    16.63

SNOWFALL (IN)
  YESTERDAY        0.0          MM      MM  MM     MM        0.0
  MONTH TO DATE    0.0                      MM     MM        0.0
  SINCE JUN 1      0.0                      MM     MM        0.0
  SINCE JUL 1      0.0                      MM     MM        0.0
  SNOW DEPTH       0

DEGREE DAYS
 HEATING
  YESTERDAY        0                         0      0        0
  MONTH TO DATE    0                         0      0        0
  SINCE JUN 1      4                        32    -28        2
  SINCE JUL 1      0                         0      0        0

 COOLING
  YESTERDAY       16                         7      9       13
  MONTH TO DATE   50                        21     29       38
  SINCE JUN 1    341                       133    208      259
  SINCE JAN 1    389                       185    204      348
..................................................................


WIND (MPH)
  HIGHEST WIND SPEED    16   HIGHEST WIND DIRECTION     S (160)
  HIGHEST GUST SPEED    24   HIGHEST GUST DIRECTION    SE (150)
  AVERAGE WIND SPEED     5.8


SKY COVER
  AVERAGE SKY COVER 0.1


WEATHER CONDITIONS
 THE FOLLOWING WEATHER WAS RECORDED YESTERDAY.
  NO SIGNIFICANT WEATHER WAS OBSERVED.


RELATIVE HUMIDITY (PERCENT)
 HIGHEST    73
 LOWEST     24
 AVERAGE    49

..........................................................


THE UKIAH CA CLIMATE NORMALS FOR TODAY
                         NORMAL    RECORD    YEAR
 MAXIMUM TEMPERATURE (F)   89       111      1931
 MINIMUM TEMPERATURE (F)   56        42      1948


SUNRISE AND SUNSET
JULY  4 2015..........SUNRISE   552 AM PDT   SUNSET   842 PM PDT
JULY  5 2015..........SUNRISE   552 AM PDT   SUNSET   842 PM PDT


-  INDICATES NEGATIVE NUMBERS.
R  INDICATES RECORD WAS SET OR TIED.
MM INDICATES DATA IS MISSING.
T  INDICATES TRACE AMOUNT.




$$
