000
CDUS46 KEKA 281216
CLIUKI


CLIMATE REPORT
NATIONAL WEATHER SERVICE EUREKA CA
516 AM PDT WED SEP 28 2016


...................................

...THE UKIAH CA CLIMATE SUMMARY FOR SEPTEMBER 27 2016...

CLIMATE NORMAL PERIOD 1981 TO 2010
CLIMATE RECORD PERIOD 1903 TO 2016


WEATHER ITEM   OBSERVED TIME   RECORD YEAR NORMAL DEPARTURE LAST
                VALUE   (LST)  VALUE       VALUE  FROM      YEAR
                                                  NORMAL
..................................................................
TEMPERATURE (F)
 YESTERDAY
  MAXIMUM        101    233 PM 107    2009  85     16       95
  MINIMUM         51    638 AM  35    1924  47      4       50
  AVERAGE         76                        66     10       73

PRECIPITATION (IN)
  YESTERDAY        0.00          2.25 1957   0.02  -0.02     0.00
  MONTH TO DATE    0.00                      0.40  -0.40     0.74
  SINCE OCT 1     36.52                     37.30  -0.78    26.75
  SINCE JAN 1     24.31                     23.92   0.39     8.98

SNOWFALL (IN)
  YESTERDAY        0.0          MM      MM  MM     MM        0.0
  MONTH TO DATE    0.0                      MM     MM        0.0
  SINCE SEP 1      0.0                      MM     MM        0.0
  SINCE JUL 1      0.0                      MM     MM        0.0
  SNOW DEPTH       0

DEGREE DAYS
 HEATING
  YESTERDAY        0                         2     -2        0
  MONTH TO DATE    8                        21    -13       22
  SINCE SEP 1      8                        21    -13       22
  SINCE JUL 1      8                        24    -16       25

 COOLING
  YESTERDAY       11                         3      8        8
  MONTH TO DATE  152                       123     29      166
  SINCE SEP 1    152                       123     29      166
  SINCE JAN 1    980                       806    174     1096
..................................................................


WIND (MPH)
  HIGHEST WIND SPEED    13   HIGHEST WIND DIRECTION     W (260)
  HIGHEST GUST SPEED    18   HIGHEST GUST DIRECTION     W (260)
  AVERAGE WIND SPEED     2.3


SKY COVER
  AVERAGE SKY COVER 0.0


WEATHER CONDITIONS
 THE FOLLOWING WEATHER WAS RECORDED YESTERDAY.
  NO SIGNIFICANT WEATHER WAS OBSERVED.


RELATIVE HUMIDITY (PERCENT)
 HIGHEST    64
 LOWEST     10
 AVERAGE    37

..........................................................


THE UKIAH CA CLIMATE NORMALS FOR TODAY
                         NORMAL    RECORD    YEAR
 MAXIMUM TEMPERATURE (F)   84       103      2010
                                             1958
 MINIMUM TEMPERATURE (F)   47        35      1924


SUNRISE AND SUNSET
SEPTEMBER 28 2016.....SUNRISE   707 AM PDT   SUNSET   659 PM PDT
SEPTEMBER 29 2016.....SUNRISE   707 AM PDT   SUNSET   658 PM PDT


-  INDICATES NEGATIVE NUMBERS.
R  INDICATES RECORD WAS SET OR TIED.
MM INDICATES DATA IS MISSING.
T  INDICATES TRACE AMOUNT.




$$
