000
CDUS46 KEKA 260030
CLIUKI


CLIMATE REPORT
NATIONAL WEATHER SERVICE EUREKA CA
427 PM PST THU DEC 25 2014


...................................

...THE UKIAH CA CLIMATE SUMMARY FOR DECEMBER 25 2014...
VALID TODAY AS OF 0400 PM LOCAL TIME.

CLIMATE NORMAL PERIOD 1981 TO 2010
CLIMATE RECORD PERIOD 1903 TO 2014


WEATHER ITEM   OBSERVED RECORD YEAR NORMAL DEPARTURE LAST
                VALUE   VALUE       VALUE  FROM      YEAR
                                           NORMAL
...........................................................
TEMPERATURE (F)
 TODAY
  MAXIMUM         55     79    1967  54      1       66
  MINIMUM         35     19    1924  36     -1       26
  AVERAGE         45                 45      0       46

PRECIPITATION (IN)
  TODAY            0.00   1.48 1983   0.26  -0.26     0.00
  MONTH TO DATE   12.10               5.47   6.63     0.49
  SINCE JUL 1     18.46              12.49   5.97     1.92
  SINCE JAN 1     35.09              35.87  -0.78     7.50

SNOWFALL (IN)
  TODAY            0.0   MM          MM     MM        0.0
  MONTH TO DATE    0.0               MM     MM        0.0
  SINCE DEC 1      0.0               MM     MM        0.0
  SINCE JUL 1      0.0               MM     MM        0.0
  SNOW DEPTH       0

...........................................................


WIND (MPH)
  HIGHEST WIND SPEED    14   HIGHEST WIND DIRECTION     W (280)
  HIGHEST GUST SPEED    18   HIGHEST GUST DIRECTION     W (290)
  AVERAGE WIND SPEED     5.3


SKY COVER
  AVERAGE SKY COVER 0.0


WEATHER CONDITIONS
 THE FOLLOWING WEATHER WAS RECORDED TODAY.
  NO SIGNIFICANT WEATHER WAS OBSERVED.


RELATIVE HUMIDITY (PERCENT)
 HIGHEST    92
 LOWEST     46
 AVERAGE    69

..........................................................


THE UKIAH CA CLIMATE NORMALS FOR TOMORROW
                         NORMAL    RECORD    YEAR
 MAXIMUM TEMPERATURE (F)   55        77      1967
 MINIMUM TEMPERATURE (F)   36        19      1924


SUNRISE AND SUNSET
DECEMBER 25 2014......SUNRISE   730 AM PST   SUNSET   456 PM PST
DECEMBER 26 2014......SUNRISE   731 AM PST   SUNSET   456 PM PST


-  INDICATES NEGATIVE NUMBERS.
R  INDICATES RECORD WAS SET OR TIED.
MM INDICATES DATA IS MISSING.
T  INDICATES TRACE AMOUNT.




$$
