000
CDUS43 KSGF 270639
CLIUNO


CLIMATE REPORT
NATIONAL WEATHER SERVICE SPRINGFIELD MO
139 AM CDT SAT AUG 27 2016


...................................

...THE WEST PLAINS MO CLIMATE SUMMARY FOR AUGUST 26 2016...

CLIMATE NORMAL PERIOD 1981 TO 2010
CLIMATE RECORD PERIOD 1947 TO 2016


WEATHER ITEM   OBSERVED TIME   RECORD YEAR NORMAL DEPARTURE LAST
                VALUE   (LST)  VALUE       VALUE  FROM      YEAR
                                                  NORMAL
..................................................................
TEMPERATURE (F)
 YESTERDAY
  MAXIMUM         87    335 PM 103    1983  88     -1       81
  MINIMUM         71   1159 PM  50    1958  64      7       56
  AVERAGE         79                        76      3       69

PRECIPITATION (IN)
  YESTERDAY        0.00          1.47 2006   0.11  -0.11     0.00
  MONTH TO DATE    3.63                      2.70   0.93     4.35
  SINCE JUN 1     17.38                     10.27   7.11    17.93
  SINCE JAN 1     32.12                     29.54   2.58    35.54

DEGREE DAYS
 HEATING
  YESTERDAY        0                         0      0        0
  MONTH TO DATE    0                         0      0        0
  SINCE JUN 1      0                         5     -5        5
  SINCE JUL 1      0                         0      0        0

 COOLING
  YESTERDAY       14                        11      3        4
  MONTH TO DATE  321                       326     -5      242
  SINCE JUN 1   1126                       997    129     1001
  SINCE JAN 1   1219                      1119    100     1123
..................................................................


WIND (MPH)
  HIGHEST WIND SPEED    15   HIGHEST WIND DIRECTION    SE (140)
  HIGHEST GUST SPEED    24   HIGHEST GUST DIRECTION    SE (140)
  AVERAGE WIND SPEED     3.4


SKY COVER
  AVERAGE SKY COVER 0.1


WEATHER CONDITIONS
 THE FOLLOWING WEATHER WAS RECORDED YESTERDAY.
  FOG


RELATIVE HUMIDITY (PERCENT)
 HIGHEST    93           300 AM
 LOWEST     55           400 PM
 AVERAGE    74

..........................................................


THE WEST PLAINS MO CLIMATE NORMALS FOR TODAY
                         NORMAL    RECORD    YEAR
 MAXIMUM TEMPERATURE (F)   88       103      1954
 MINIMUM TEMPERATURE (F)   64        52      2010
                                             1967


SUNRISE AND SUNSET
AUGUST 27 2016........SUNRISE   635 AM CDT   SUNSET   742 PM CDT
AUGUST 28 2016........SUNRISE   636 AM CDT   SUNSET   741 PM CDT


-  INDICATES NEGATIVE NUMBERS.
R  INDICATES RECORD WAS SET OR TIED.
MM INDICATES DATA IS MISSING.
T  INDICATES TRACE AMOUNT.




$$
