000
CDUS43 KSGF 160626
CLIUNO


CLIMATE REPORT
NATIONAL WEATHER SERVICE SPRINGFIELD MO
1226 AM CST SAT DEC 16 2017


...................................

...THE WEST PLAINS MO CLIMATE SUMMARY FOR DECEMBER 15 2017...

CLIMATE NORMAL PERIOD 1981 TO 2010
CLIMATE RECORD PERIOD 1947 TO 2017


WEATHER ITEM   OBSERVED TIME   RECORD YEAR NORMAL DEPARTURE LAST
                VALUE   (LST)  VALUE       VALUE  FROM      YEAR
                                                  NORMAL
..................................................................
TEMPERATURE (F)
 YESTERDAY
  MAXIMUM         49    126 PM  69    1948  46      3       30
  MINIMUM         24    431 AM   2    1958  26     -2       21
  AVERAGE         37                        36      1       26

PRECIPITATION (IN)
  YESTERDAY        0.00          2.02 1992   0.11  -0.11     0.00
  MONTH TO DATE    0.37                      2.15  -1.78     0.31
  SINCE DEC 1      0.37                      2.15  -1.78     0.31
  SINCE JAN 1     45.22                     44.73   0.49    36.55

DEGREE DAYS
 HEATING
  YESTERDAY       28                        29     -1       39
  MONTH TO DATE  359                       408    -49      451
  SINCE DEC 1    359                       408    -49      451
  SINCE JUL 1   1022                      1260   -238      971

 COOLING
  YESTERDAY        0                         0      0        0
  MONTH TO DATE    0                         0      0        0
  SINCE DEC 1      0                         0      0        0
  SINCE JAN 1   1389                      1354     35     1604
..................................................................


WIND (MPH)
  HIGHEST WIND SPEED    17   HIGHEST WIND DIRECTION     W (290)
  HIGHEST GUST SPEED    26   HIGHEST GUST DIRECTION     W (280)
  AVERAGE WIND SPEED     5.5


SKY COVER
  AVERAGE SKY COVER 0.4


WEATHER CONDITIONS
 THE FOLLOWING WEATHER WAS RECORDED YESTERDAY.
  NO SIGNIFICANT WEATHER WAS OBSERVED.


RELATIVE HUMIDITY (PERCENT)
 HIGHEST    81           400 AM
 LOWEST     42           100 PM
 AVERAGE    62

..........................................................


THE WEST PLAINS MO CLIMATE NORMALS FOR TODAY
                         NORMAL    RECORD    YEAR
 MAXIMUM TEMPERATURE (F)   46        68      1984
 MINIMUM TEMPERATURE (F)   25        -5      1989


SUNRISE AND SUNSET
DECEMBER 16 2017......SUNRISE   714 AM CST   SUNSET   453 PM CST
DECEMBER 17 2017......SUNRISE   715 AM CST   SUNSET   453 PM CST


-  INDICATES NEGATIVE NUMBERS.
R  INDICATES RECORD WAS SET OR TIED.
MM INDICATES DATA IS MISSING.
T  INDICATES TRACE AMOUNT.




$$
