000
CDUS43 KSGF 240629
CLIUNO


CLIMATE REPORT
NATIONAL WEATHER SERVICE SPRINGFIELD MO
1229 AM CST TUE JAN 24 2017


...................................

...THE WEST PLAINS MO CLIMATE SUMMARY FOR JANUARY 23 2017...

CLIMATE NORMAL PERIOD 1981 TO 2010
CLIMATE RECORD PERIOD 1947 TO 2017


WEATHER ITEM   OBSERVED TIME   RECORD YEAR NORMAL DEPARTURE LAST
                VALUE   (LST)  VALUE       VALUE  FROM      YEAR
                                                  NORMAL
..................................................................
TEMPERATURE (F)
 YESTERDAY
  MAXIMUM         52    329 PM  75    1967  45      7       40
  MINIMUM         29   1159 PM  -8    1963  24      5       24
  AVERAGE         41                        34      7       32

PRECIPITATION (IN)
  YESTERDAY        0.00          1.35 1949   0.11  -0.11     0.00
  MONTH TO DATE    2.04                      1.71   0.33     0.93
  SINCE DEC 1      3.06                      5.35  -2.29     9.97
  SINCE JAN 1      2.04                      1.71   0.33     0.93

DEGREE DAYS
 HEATING
  YESTERDAY       24                        31     -7       33
  MONTH TO DATE  599                       713   -114      751
  SINCE DEC 1   1469                      1606   -137     1361
  SINCE JUL 1   1989                      2458   -469     1996

 COOLING
  YESTERDAY        0                         0      0        0
  MONTH TO DATE    0                         0      0        0
  SINCE DEC 1      0                         0      0        0
  SINCE JAN 1      0                         0      0        0
..................................................................


WIND (MPH)
  HIGHEST WIND SPEED    21   HIGHEST WIND DIRECTION     N (350)
  HIGHEST GUST SPEED    31   HIGHEST GUST DIRECTION     N (340)
  AVERAGE WIND SPEED     8.4


SKY COVER
  AVERAGE SKY COVER 0.6


WEATHER CONDITIONS
 THE FOLLOWING WEATHER WAS RECORDED YESTERDAY.
  NO SIGNIFICANT WEATHER WAS OBSERVED.


RELATIVE HUMIDITY (PERCENT)
 HIGHEST    89           900 PM
 LOWEST     50           300 PM
 AVERAGE    70

..........................................................


THE WEST PLAINS MO CLIMATE NORMALS FOR TODAY
                         NORMAL    RECORD    YEAR
 MAXIMUM TEMPERATURE (F)   45        76      2002
 MINIMUM TEMPERATURE (F)   24       -11      1963


SUNRISE AND SUNSET
JANUARY 24 2017.......SUNRISE   715 AM CST   SUNSET   525 PM CST
JANUARY 25 2017.......SUNRISE   715 AM CST   SUNSET   526 PM CST


-  INDICATES NEGATIVE NUMBERS.
R  INDICATES RECORD WAS SET OR TIED.
MM INDICATES DATA IS MISSING.
T  INDICATES TRACE AMOUNT.




$$
