000
CDUS43 KSGF 230627
CLIUNO


CLIMATE REPORT
NATIONAL WEATHER SERVICE SPRINGFIELD MO
127 AM CDT SAT AUG 23 2014


...................................

...THE WEST PLAINS MO CLIMATE SUMMARY FOR AUGUST 22 2014...

CLIMATE NORMAL PERIOD 1981 TO 2010
CLIMATE RECORD PERIOD 1947 TO 2014


WEATHER ITEM   OBSERVED TIME   RECORD YEAR NORMAL DEPARTURE LAST
                VALUE   (LST)  VALUE       VALUE  FROM      YEAR
                                                  NORMAL
..................................................................
TEMPERATURE (F)
 YESTERDAY
  MAXIMUM         95    344 PM 101    1983  89      6       89
  MINIMUM         71    415 AM  45    1956  65      6       66
  AVERAGE         83                        77      6       78

PRECIPITATION (IN)
  YESTERDAY        0.00          5.20 1971   0.10  -0.10     0.00
  MONTH TO DATE    2.75                      2.27   0.48    10.62
  SINCE JUN 1      9.61                      9.84  -0.23    20.41
  SINCE JAN 1     21.59                     29.11  -7.52    42.23

DEGREE DAYS
 HEATING
  YESTERDAY        0                         0      0        0
  MONTH TO DATE    0                         0      0        4
  SINCE JUN 1      4                         5     -1       13
  SINCE JUL 1      2                         0      2        4

 COOLING
  YESTERDAY       18                        12      6       13
  MONTH TO DATE  261                       281    -20      172
  SINCE JUN 1    760                       952   -192      594
  SINCE JAN 1    910                      1074   -164      706
..................................................................


WIND (MPH)
  HIGHEST WIND SPEED    13   HIGHEST WIND DIRECTION     W (260)
  HIGHEST GUST SPEED    17   HIGHEST GUST DIRECTION     W (270)
  AVERAGE WIND SPEED     4.8


SKY COVER
  AVERAGE SKY COVER 0.0


WEATHER CONDITIONS
 THE FOLLOWING WEATHER WAS RECORDED YESTERDAY.
  NO SIGNIFICANT WEATHER WAS OBSERVED.


RELATIVE HUMIDITY (PERCENT)
 HIGHEST    90           500 AM
 LOWEST     43           300 PM
 AVERAGE    67

..........................................................


THE WEST PLAINS MO CLIMATE NORMALS FOR TODAY
                         NORMAL    RECORD    YEAR
 MAXIMUM TEMPERATURE (F)   89       101      2000
 MINIMUM TEMPERATURE (F)   65        50      1949


SUNRISE AND SUNSET
AUGUST 23 2014........SUNRISE   631 AM CDT   SUNSET   749 PM CDT
AUGUST 24 2014........SUNRISE   632 AM CDT   SUNSET   747 PM CDT


-  INDICATES NEGATIVE NUMBERS.
R  INDICATES RECORD WAS SET OR TIED.
MM INDICATES DATA IS MISSING.
T  INDICATES TRACE AMOUNT.




$$
