000
CDUS43 KSGF 280626
CLIUNO


CLIMATE REPORT
NATIONAL WEATHER SERVICE SPRINGFIELD MO
125 AM CDT SAT MAY 28 2016


...................................

...THE WEST PLAINS MO CLIMATE SUMMARY FOR MAY 27 2016...

CLIMATE NORMAL PERIOD 1981 TO 2010
CLIMATE RECORD PERIOD 1947 TO 2016


WEATHER ITEM   OBSERVED TIME   RECORD YEAR NORMAL DEPARTURE LAST
                VALUE   (LST)  VALUE       VALUE  FROM      YEAR
                                                  NORMAL
..................................................................
TEMPERATURE (F)
 YESTERDAY
  MAXIMUM         77   1257 PM  92    2012  79     -2       83
  MINIMUM         67    603 AM  33    1961  58      9       65
  AVERAGE         72                        68      4       74

PRECIPITATION (IN)
  YESTERDAY        1.57R         1.36 2015   0.14   1.43     1.36
  MONTH TO DATE    6.51                      4.39   2.12     6.61
  SINCE MAR 1     11.74                     13.16  -1.42    11.97
  SINCE JAN 1     14.38                     18.72  -4.34    16.65

DEGREE DAYS
 HEATING
  YESTERDAY        0                         1     -1        0
  MONTH TO DATE  112                        77     35       71
  SINCE MAR 1    692                       875   -183      839
  SINCE JUL 1   3525                      4339   -814     4636

 COOLING
  YESTERDAY        7                         5      2        9
  MONTH TO DATE   47                        74    -27       84
  SINCE MAR 1     63                       102    -39      100
  SINCE JAN 1     63                       102    -39      100
..................................................................


WIND (MPH)
  HIGHEST WIND SPEED    20   HIGHEST WIND DIRECTION     S (180)
  HIGHEST GUST SPEED    27   HIGHEST GUST DIRECTION     S (190)
  AVERAGE WIND SPEED     9.7


SKY COVER
  AVERAGE SKY COVER 0.9


WEATHER CONDITIONS
 THE FOLLOWING WEATHER WAS RECORDED YESTERDAY.
  THUNDERSTORM
  HEAVY RAIN
  RAIN
  LIGHT RAIN
  FOG


RELATIVE HUMIDITY (PERCENT)
 HIGHEST    93           100 AM
 LOWEST     69           100 PM
 AVERAGE    81

..........................................................


THE WEST PLAINS MO CLIMATE NORMALS FOR TODAY
                         NORMAL    RECORD    YEAR
 MAXIMUM TEMPERATURE (F)   79        94      2012
 MINIMUM TEMPERATURE (F)   58        38      1961


SUNRISE AND SUNSET
MAY 28 2016...........SUNRISE   551 AM CDT   SUNSET   819 PM CDT
MAY 29 2016...........SUNRISE   551 AM CDT   SUNSET   820 PM CDT


-  INDICATES NEGATIVE NUMBERS.
R  INDICATES RECORD WAS SET OR TIED.
MM INDICATES DATA IS MISSING.
T  INDICATES TRACE AMOUNT.




$$
