000
CDUS43 KUNR 250836
CLIUNR


CLIMATE REPORT
NATIONAL WEATHER SERVICE RAPID CITY SD
232 AM MDT FRI JUL 25 2014


...................................

...THE EAST RAPID CITY SD CLIMATE SUMMARY FOR JULY 24 2014...

CLIMATE NORMAL PERIOD 1981 TO 2010
CLIMATE RECORD PERIOD 1888 TO 2014


WEATHER ITEM   OBSERVED RECORD YEAR NORMAL DEPARTURE LAST
                VALUE   VALUE       VALUE  FROM      YEAR
                                           NORMAL
...........................................................
TEMPERATURE (F)
 YESTERDAY
  MAXIMUM         91    105    1952  86      5       85
  MINIMUM         66     46    1911  63      3       61
  AVERAGE         79                 74      5       73

PRECIPITATION (IN)
  YESTERDAY        0.00   1.04 2005   0.09  -0.09     0.00
  MONTH TO DATE    1.42               1.83  -0.41     2.21
  SINCE JUN 1      7.47               4.99   2.48     3.88
  SINCE JAN 1     12.65              13.04  -0.39    12.60

SNOWFALL (IN)
  YESTERDAY        0.0                0.0    0.0      0.0
  MONTH TO DATE    0.0                0.0    0.0      0.0
  SINCE JUN 1      0.0                0.0    0.0      0.0
  SINCE JUL 1      0.0                0.0    0.0      0.0
  SNOW DEPTH       0

DEGREE DAYS
 HEATING
  YESTERDAY        0                  0      0        0
  MONTH TO DATE   11                  6      5        0
  SINCE JUN 1    119                 94     25       58
  SINCE JUL 1     11                  6      5        0

 COOLING
  YESTERDAY       14                  9      5        8
  MONTH TO DATE  167                194    -27      251
  SINCE JUN 1    195                285    -90      346
  SINCE JAN 1    223                303    -80      370
...........................................................


WIND (MPH)
  HIGHEST GUST SPEED    31   HIGHEST GUST DIRECTION    NW (330)



WEATHER CONDITIONS
 THE FOLLOWING WEATHER WAS RECORDED YESTERDAY.
  NO SIGNIFICANT WEATHER WAS OBSERVED.


..........................................................


THE EAST RAPID CITY SD CLIMATE NORMALS FOR TODAY
                         NORMAL    RECORD    YEAR
 MAXIMUM TEMPERATURE (F)   86       105      1931
 MINIMUM TEMPERATURE (F)   63        46      1911


SUNRISE AND SUNSET
JULY 25 2014..........SUNRISE   533 AM MDT   SUNSET   825 PM MDT
JULY 26 2014..........SUNRISE   534 AM MDT   SUNSET   824 PM MDT


-  INDICATES NEGATIVE NUMBERS.
R  INDICATES RECORD WAS SET OR TIED.
MM INDICATES DATA IS MISSING.
T  INDICATES TRACE AMOUNT.




$$
