000
CDUS43 KUNR 280037
CLIUNR


CLIMATE REPORT
NATIONAL WEATHER SERVICE RAPID CITY SD
537 PM MST SAT DEC 27 2014


...................................

...THE EAST RAPID CITY SD CLIMATE SUMMARY FOR DECEMBER 27 2014...
VALID TODAY AS OF 0500 PM LOCAL TIME.

CLIMATE NORMAL PERIOD 1981 TO 2010
CLIMATE RECORD PERIOD 1888 TO 2014


WEATHER ITEM   OBSERVED RECORD YEAR NORMAL DEPARTURE LAST
                VALUE   VALUE       VALUE  FROM      YEAR
                                           NORMAL
...........................................................
TEMPERATURE (F)
 TODAY
  MAXIMUM         27     66    1928  37    -10       56
  MINIMUM         11    -18    1925  17     -6       32
  AVERAGE         19                 27     -8       44

PRECIPITATION (IN)
  TODAY            0.00   0.15 1969   0.02  -0.02     0.00
  MONTH TO DATE    0.28               0.28   0.00     0.54
  SINCE DEC 1      0.28               0.28   0.00     0.54
  SINCE JAN 1     23.63              19.75   3.88    23.00

SNOWFALL (IN)
  TODAY            0.0    1.9  1969   0.2   -0.2      0.0
  MONTH TO DATE    4.7                4.6    0.1      9.0
  SINCE DEC 1      4.7                4.6    0.1      9.0
  SINCE JUL 1     20.0               13.2    6.8     38.8
  SNOW DEPTH       3

DEGREE DAYS
 HEATING
  TODAY           46                 38      8       21
  MONTH TO DATE  837               1009   -172     1186
  SINCE DEC 1    837               1009   -172     1186
  SINCE JUL 1   2451               2589   -138     2775

 COOLING
  TODAY            0                  0      0        0
  MONTH TO DATE    0                  0      0        0
  SINCE DEC 1      0                  0      0        0
  SINCE JAN 1    514                665   -151      830
...........................................................





WEATHER CONDITIONS
 THE FOLLOWING WEATHER WAS RECORDED TODAY.
  NO SIGNIFICANT WEATHER WAS OBSERVED.


..........................................................


THE EAST RAPID CITY SD CLIMATE NORMALS FOR TOMORROW
                         NORMAL    RECORD    YEAR
 MAXIMUM TEMPERATURE (F)   37        64      1897
 MINIMUM TEMPERATURE (F)   17       -16      1917


SUNRISE AND SUNSET
DECEMBER 27 2014......SUNRISE   727 AM MST   SUNSET   421 PM MST
DECEMBER 28 2014......SUNRISE   727 AM MST   SUNSET   422 PM MST


-  INDICATES NEGATIVE NUMBERS.
R  INDICATES RECORD WAS SET OR TIED.
MM INDICATES DATA IS MISSING.
T  INDICATES TRACE AMOUNT.




$$
