000
CDUS43 KUNR 300835
CLIUNR


CLIMATE REPORT
NATIONAL WEATHER SERVICE RAPID CITY SD
235 AM MDT MON MAY 30 2016


...................................

...THE EAST RAPID CITY SD CLIMATE SUMMARY FOR MAY 29 2016...

CLIMATE NORMAL PERIOD 1981 TO 2010
CLIMATE RECORD PERIOD 1888 TO 2016


WEATHER ITEM   OBSERVED RECORD YEAR NORMAL DEPARTURE LAST
                VALUE   VALUE       VALUE  FROM      YEAR
                                           NORMAL
...........................................................
TEMPERATURE (F)
 YESTERDAY
  MAXIMUM         74     97    1939  70      4       58
  MINIMUM         51     29    1947  49      2       43
  AVERAGE         63                 60      3       51

PRECIPITATION (IN)
  YESTERDAY        0.10   2.25 2013   0.15  -0.05     0.06
  MONTH TO DATE    1.34               3.87  -2.53     7.76
  SINCE MAR 1      3.57               6.96  -3.39     8.81
  SINCE JAN 1      4.38               7.73  -3.35     9.36

SNOWFALL (IN)
  YESTERDAY        0.0    0.0  2002   0.0    0.0      0.0
                               2001
                               2000
  MONTH TO DATE    T                  2.0   -2.0     13.6
  SINCE MAR 1     11.7               22.6  -10.9     15.0
  SINCE JUL 1     41.6               49.3   -7.7     50.7
  SNOW DEPTH       0

DEGREE DAYS
 HEATING
  YESTERDAY        2                  6     -4       14
  MONTH TO DATE  258                295    -37      387
  SINCE MAR 1   1455               1807   -352     1526
  SINCE JUL 1   5704               6761  -1057     6222

 COOLING
  YESTERDAY        0                  1     -1        0
  MONTH TO DATE    4                 13     -9        2
  SINCE MAR 1      6                 14     -8        8
  SINCE JAN 1      6                 14     -8        8
...........................................................


WIND (MPH)
  HIGHEST GUST SPEED    24   HIGHEST GUST DIRECTION    SE (150)



WEATHER CONDITIONS
 THE FOLLOWING WEATHER WAS RECORDED YESTERDAY.
  THUNDERSTORM
  RAIN
  LIGHT RAIN


..........................................................


THE EAST RAPID CITY SD CLIMATE NORMALS FOR TODAY
                         NORMAL    RECORD    YEAR
 MAXIMUM TEMPERATURE (F)   71        95      1939
 MINIMUM TEMPERATURE (F)   49        31      1947


SUNRISE AND SUNSET
MAY 30 2016...........SUNRISE   514 AM MDT   SUNSET   828 PM MDT
MAY 31 2016...........SUNRISE   513 AM MDT   SUNSET   829 PM MDT


-  INDICATES NEGATIVE NUMBERS.
R  INDICATES RECORD WAS SET OR TIED.
MM INDICATES DATA IS MISSING.
T  INDICATES TRACE AMOUNT.




$$
