000
CDUS43 KUNR 300841
CLIUNR


CLIMATE REPORT
NATIONAL WEATHER SERVICE RAPID CITY SD
238 AM MDT THU MAR 30 2017


...................................

...THE EAST RAPID CITY SD CLIMATE SUMMARY FOR MARCH 29 2017...

CLIMATE NORMAL PERIOD 1981 TO 2010
CLIMATE RECORD PERIOD 1888 TO 2017


WEATHER ITEM   OBSERVED RECORD YEAR NORMAL DEPARTURE LAST
                VALUE   VALUE       VALUE  FROM      YEAR
                                           NORMAL
...........................................................
TEMPERATURE (F)
 YESTERDAY
  MAXIMUM         56     82    1943  50      6       50
  MINIMUM         36      4    1898  28      8       38
  AVERAGE         46                 39      7       44

PRECIPITATION (IN)
  YESTERDAY        0.00   0.64 1998   0.04  -0.04     0.01
  MONTH TO DATE    0.78               0.90  -0.12     0.70
  SINCE MAR 1      0.78               0.90  -0.12     0.70
  SINCE JAN 1      1.57               1.67  -0.10     1.51

SNOWFALL (IN)
  YESTERDAY        0.0    8.6  1936   0.4   -0.4      0.0
  MONTH TO DATE    1.3               11.0   -9.7      6.7
  SINCE MAR 1      1.3               11.0   -9.7      6.7
  SINCE JUL 1     34.5               37.7   -3.2     36.6
  SNOW DEPTH       0

DEGREE DAYS
 HEATING
  YESTERDAY       19                 26     -7       21
  MONTH TO DATE  714                858   -144      631
  SINCE MAR 1    714                858   -144      631
  SINCE JUL 1   5310               5812   -502     4880

 COOLING
  YESTERDAY        0                  0      0        0
  MONTH TO DATE    0                  0      0        0
  SINCE MAR 1      0                  0      0        0
  SINCE JAN 1      0                  0      0        0
...........................................................


WIND (MPH)
  HIGHEST GUST SPEED    15   HIGHEST GUST DIRECTION     N (10)



WEATHER CONDITIONS
 THE FOLLOWING WEATHER WAS RECORDED YESTERDAY.
  NO SIGNIFICANT WEATHER WAS OBSERVED.


..........................................................


THE EAST RAPID CITY SD CLIMATE NORMALS FOR TODAY
                         NORMAL    RECORD    YEAR
 MAXIMUM TEMPERATURE (F)   51        78      1893
 MINIMUM TEMPERATURE (F)   29        -6      1936


SUNRISE AND SUNSET
MARCH 30 2017.........SUNRISE   637 AM MDT   SUNSET   718 PM MDT
MARCH 31 2017.........SUNRISE   635 AM MDT   SUNSET   719 PM MDT


-  INDICATES NEGATIVE NUMBERS.
R  INDICATES RECORD WAS SET OR TIED.
MM INDICATES DATA IS MISSING.
T  INDICATES TRACE AMOUNT.




$$
