000
CDUS43 KUNR 270831
CLIUNR


CLIMATE REPORT
NATIONAL WEATHER SERVICE RAPID CITY SD
231 AM MDT TUE JUN 27 2017


...................................

...THE EAST RAPID CITY SD CLIMATE SUMMARY FOR JUNE 26 2017...

CLIMATE NORMAL PERIOD 1981 TO 2010
CLIMATE RECORD PERIOD 1888 TO 2017


WEATHER ITEM   OBSERVED RECORD YEAR NORMAL DEPARTURE LAST
                VALUE   VALUE       VALUE  FROM      YEAR
                                           NORMAL
...........................................................
TEMPERATURE (F)
 YESTERDAY
  MAXIMUM         80    106    2012  80      0       88
  MINIMUM         53     45    2003  58     -5       58
                               1968
  AVERAGE         67                 69     -2       73

PRECIPITATION (IN)
  YESTERDAY        0.00   1.05 1952   0.08  -0.08     0.00
  MONTH TO DATE    0.93               2.90  -1.97     0.52
  SINCE JUN 1      0.93               2.90  -1.97     0.52
  SINCE JAN 1      5.56              10.95  -5.39     5.06

SNOWFALL (IN)
  YESTERDAY        0.0    0.0  2002   0.0    0.0      0.0
                               2001
                               2000
  MONTH TO DATE    0.0                0.0    0.0      0.0
  SINCE JUN 1      0.0                0.0    0.0      0.0
  SINCE JUL 1     39.2               49.3  -10.1     41.6
  SNOW DEPTH       0

DEGREE DAYS
 HEATING
  YESTERDAY        0                  1     -1        0
  MONTH TO DATE   12                 83    -71        5
  SINCE JUN 1     12                 83    -71        5
  SINCE JUL 1   6188               6855   -667     5719

 COOLING
  YESTERDAY        2                  5     -3        8
  MONTH TO DATE  125                 68     57      218
  SINCE JUN 1    125                 68     57      218
  SINCE JAN 1    138                 86     52      224
...........................................................


WIND (MPH)
  HIGHEST GUST SPEED    31   HIGHEST GUST DIRECTION    SE (150)



WEATHER CONDITIONS
 THE FOLLOWING WEATHER WAS RECORDED YESTERDAY.
  NO SIGNIFICANT WEATHER WAS OBSERVED.


..........................................................


THE EAST RAPID CITY SD CLIMATE NORMALS FOR TODAY
                         NORMAL    RECORD    YEAR
 MAXIMUM TEMPERATURE (F)   80       100      1931
 MINIMUM TEMPERATURE (F)   58        43      1898


SUNRISE AND SUNSET
JUNE 27 2017..........SUNRISE   512 AM MDT   SUNSET   840 PM MDT
JUNE 28 2017..........SUNRISE   512 AM MDT   SUNSET   840 PM MDT


-  INDICATES NEGATIVE NUMBERS.
R  INDICATES RECORD WAS SET OR TIED.
MM INDICATES DATA IS MISSING.
T  INDICATES TRACE AMOUNT.




$$
