000
CDUS44 KCRP 130843
CLIVCT

CLIMATE REPORT
NATIONAL WEATHER SERVICE CORPUS CHRISTI TX
340 AM CDT SUN JUL 13 2014


...................................

...THE VICTORIA CLIMATE SUMMARY FOR JULY 12 2014...

CLIMATE NORMAL PERIOD 1981 TO 2010
CLIMATE RECORD PERIOD 1893 TO 2014


WEATHER ITEM   OBSERVED TIME   RECORD YEAR NORMAL DEPARTURE LAST
                VALUE   (LST)  VALUE       VALUE  FROM      YEAR
                                                  NORMAL
..................................................................
TEMPERATURE (F)
 YESTERDAY
  MAXIMUM         94    104 AM 104    1964  93      1       98
  MINIMUM         71    604 AM  67    1905  74     -3       74
  AVERAGE         83                        84     -1       86

PRECIPITATION (IN)
  YESTERDAY       MM             1.25 1968   0.14  MM        0.00
  MONTH TO DATE    2.33                      1.81   0.52     0.85
  SINCE JUN 1      6.44                      6.27   0.17     1.03
  SINCE JAN 1     17.72                     21.65  -3.93    10.41

SNOWFALL (IN)
  YESTERDAY        0.0
  MONTH TO DATE    0.0
  SINCE JUN 1      0.0
  SINCE JUL 1      0.0
  SNOW DEPTH       0

DEGREE DAYS
 HEATING
  YESTERDAY        0                         0      0        0
  MONTH TO DATE    0                         0      0        0
  SINCE JUN 1      0                         0      0        0
  SINCE JUL 1      0                         0      0        0

 COOLING
  YESTERDAY       18                        19     -1       21
  MONTH TO DATE  224                       223      1      230
  SINCE JUN 1    782                       731     51      822
  SINCE JAN 1   1432                      1390     42     1456
..................................................................


WIND (MPH)
  HIGHEST WIND SPEED    11   HIGHEST WIND DIRECTION     S (160)
  HIGHEST GUST SPEED    17   HIGHEST GUST DIRECTION     S (160)
  AVERAGE WIND SPEED    MM


SKY COVER
  POSSIBLE SUNSHINE  MM
  AVERAGE SKY COVER 0.1


WEATHER CONDITIONS
 THE FOLLOWING WEATHER WAS RECORDED YESTERDAY.
  FOG


RELATIVE HUMIDITY (PERCENT)
 HIGHEST   100           400 AM
 LOWEST     74           900 AM
 AVERAGE    87

..........................................................


THE VICTORIA CLIMATE NORMALS FOR TODAY
                         NORMAL    RECORD    YEAR
 MAXIMUM TEMPERATURE (F)   94       102      2000
 MINIMUM TEMPERATURE (F)   74        68      1973


SUNRISE AND SUNSET
JULY 13 2014..........SUNRISE   638 AM CDT   SUNSET   828 PM CDT
JULY 14 2014..........SUNRISE   639 AM CDT   SUNSET   828 PM CDT


-  INDICATES NEGATIVE NUMBERS.
R  INDICATES RECORD WAS SET OR TIED.
MM INDICATES DATA IS MISSING.
T  INDICATES TRACE AMOUNT.




$$
