000
CDUS44 KCRP 190921
CLIVCT

CLIMATE REPORT
NATIONAL WEATHER SERVICE CORPUS CHRISTI TX
320 AM CST FRI DEC 19 2014


...................................

...THE VICTORIA CLIMATE SUMMARY FOR DECEMBER 18 2014...

CLIMATE NORMAL PERIOD 1981 TO 2010
CLIMATE RECORD PERIOD 1893 TO 2014


WEATHER ITEM   OBSERVED TIME   RECORD YEAR NORMAL DEPARTURE LAST
                VALUE   (LST)  VALUE       VALUE  FROM      YEAR
                                                  NORMAL
..................................................................
TEMPERATURE (F)
 YESTERDAY
  MAXIMUM         68    321 PM  84    1924  66      2       74
  MINIMUM         60   1035 AM  23    1996  44     16       38
  AVERAGE         64                        55      9       56

PRECIPITATION (IN)
  YESTERDAY        0.08          1.65 1956   0.07   0.01     0.00
  MONTH TO DATE    0.26                      1.35  -1.09     0.11
  SINCE DEC 1      0.26                      1.35  -1.09     0.11
  SINCE JAN 1     28.24                     40.26 -12.02    25.22

SNOWFALL (IN)
  YESTERDAY        0.0
  MONTH TO DATE    0.0
  SINCE DEC 1      0.0
  SINCE JUL 1      0.0
  SNOW DEPTH       0

DEGREE DAYS
 HEATING
  YESTERDAY        1                        11    -10        9
  MONTH TO DATE   58                       178   -120      243
  SINCE DEC 1     58                       178   -120      243
  SINCE JUL 1    249                       341    -92      440

 COOLING
  YESTERDAY        0                         1     -1        0
  MONTH TO DATE   24                        18      6       20
  SINCE DEC 1     24                        18      6       20
  SINCE JAN 1   3513                      3141    372     3422
..................................................................


WIND (MPH)
  HIGHEST WIND SPEED    13   HIGHEST WIND DIRECTION     N (20)
  HIGHEST GUST SPEED    15   HIGHEST GUST DIRECTION    NE (30)
  AVERAGE WIND SPEED     6.5


SKY COVER
  POSSIBLE SUNSHINE  MM
  AVERAGE SKY COVER 0.9


WEATHER CONDITIONS
 THE FOLLOWING WEATHER WAS RECORDED YESTERDAY.
  RAIN
  LIGHT RAIN
  FOG
  FOG W/VISIBILITY <= 1/4 MILE


RELATIVE HUMIDITY (PERCENT)
 HIGHEST   100           200 AM
 LOWEST     87           100 PM
 AVERAGE    94

..........................................................


THE VICTORIA CLIMATE NORMALS FOR TODAY
                         NORMAL    RECORD    YEAR
 MAXIMUM TEMPERATURE (F)   65        81      1921
 MINIMUM TEMPERATURE (F)   44        20      1996


SUNRISE AND SUNSET
DECEMBER 19 2014......SUNRISE   716 AM CST   SUNSET   534 PM CST
DECEMBER 20 2014......SUNRISE   716 AM CST   SUNSET   534 PM CST


-  INDICATES NEGATIVE NUMBERS.
R  INDICATES RECORD WAS SET OR TIED.
MM INDICATES DATA IS MISSING.
T  INDICATES TRACE AMOUNT.




$$
