000
CDUS44 KCRP 300935 RRA
CLIVCT

CLIMATE REPORT
NATIONAL WEATHER SERVICE CORPUS CHRISTI TX
432 AM CDT THU MAR 30 2017

...THE VICTORIA CLIMATE SUMMARY FOR MARCH 29 2017...

CLIMATE NORMAL PERIOD 1981 TO 2010
CLIMATE RECORD PERIOD 1893 TO 2017


WEATHER ITEM   OBSERVED TIME   RECORD YEAR NORMAL DEPARTURE LAST
                VALUE   (LST)  VALUE       VALUE  FROM      YEAR
                                                  NORMAL
..................................................................
TEMPERATURE (F)
 YESTERDAY
  MAXIMUM         87    216 PM  93    1974  77     10       72
  MINIMUM         60    715 AM  37    2009  55      5       63
                                      2003
  AVERAGE         74                        66      8       68

PRECIPITATION (IN)
  YESTERDAY        0.79          0.82 1990   0.09   0.70     0.04
  MONTH TO DATE    4.98                      2.60   2.38     4.30
  SINCE MAR 1      4.98                      2.60   2.38     4.30
  SINCE JAN 1     13.58                      7.20   6.38     9.24

SNOWFALL (IN)
  YESTERDAY        0.0
  MONTH TO DATE    0.0
  SINCE MAR 1      0.0
  SINCE JUL 1      0.0
  SNOW DEPTH       0

DEGREE DAYS
 HEATING
  YESTERDAY        0                         2     -2        0
  MONTH TO DATE   34                       121    -87       54
  SINCE MAR 1     34                       121    -87       54
  SINCE JUL 1    565                      1214   -649      904

 COOLING
  YESTERDAY        9                         3      6        3
  MONTH TO DATE  171                        66    105      102
  SINCE MAR 1    171                        66    105      102
  SINCE JAN 1    378                       104    274      137
..................................................................


WIND (MPH)
  HIGHEST WIND SPEED    29   HIGHEST WIND DIRECTION     S (160)
  HIGHEST GUST SPEED    36   HIGHEST GUST DIRECTION     S (160)
  AVERAGE WIND SPEED     7.7


SKY COVER
  POSSIBLE SUNSHINE  MM
  AVERAGE SKY COVER 0.5


WEATHER CONDITIONS
 THE FOLLOWING WEATHER WAS RECORDED YESTERDAY.
  THUNDERSTORM
  HEAVY RAIN
  RAIN
  LIGHT RAIN
  FOG
  FOG W/VISIBILITY <= 1/4 MILE


RELATIVE HUMIDITY (PERCENT)
 HIGHEST    84           300 AM
 LOWEST     25           300 PM
 AVERAGE    55

..........................................................


THE VICTORIA CLIMATE NORMALS FOR TODAY
                         NORMAL    RECORD    YEAR
 MAXIMUM TEMPERATURE (F)   77        97      1989
 MINIMUM TEMPERATURE (F)   55        33      2003


SUNRISE AND SUNSET
MARCH 30 2017.........SUNRISE   720 AM CDT   SUNSET   745 PM CDT
MARCH 31 2017.........SUNRISE   718 AM CDT   SUNSET   745 PM CDT


-  INDICATES NEGATIVE NUMBERS.
R  INDICATES RECORD WAS SET OR TIED.
MM INDICATES DATA IS MISSING.
T  INDICATES TRACE AMOUNT.

$$

87
