000
CDUS44 KCRP 210855
CLIVCT

CLIMATE REPORT
NATIONAL WEATHER SERVICE CORPUS CHRISTI TX
352 AM CDT THU SEP 21 2017


...................................

...THE VICTORIA CLIMATE SUMMARY FOR SEPTEMBER 20 2017...

CLIMATE NORMAL PERIOD 1981 TO 2010
CLIMATE RECORD PERIOD 1893 TO 2017


WEATHER ITEM   OBSERVED TIME   RECORD YEAR NORMAL DEPARTURE LAST
                VALUE   (LST)  VALUE       VALUE  FROM      YEAR
                                                  NORMAL
..................................................................
TEMPERATURE (F)
 YESTERDAY
  MAXIMUM         93    229 PM 103    1924  89      4       97
                                      1912
  MINIMUM         75    645 AM  57    1981  68      7       71
                                      1971
  AVERAGE         84                        79      5       84

PRECIPITATION (IN)
  YESTERDAY        0.00          6.63 1967   0.13  -0.13     0.00
  MONTH TO DATE    0.36                      2.91  -2.55     2.20
  SINCE SEP 1      0.36                      2.91  -2.55     2.20
  SINCE JAN 1     40.76                     29.78  10.98    31.78

SNOWFALL (IN)
  YESTERDAY        0.0
  MONTH TO DATE    0.0
  SINCE SEP 1      0.0
  SINCE JUL 1      0.0
  SNOW DEPTH       0

DEGREE DAYS
 HEATING
  YESTERDAY        0                         0      0        0
  MONTH TO DATE    0                         0      0        0
  SINCE SEP 1      0                         0      0        0
  SINCE JUL 1      0                         0      0        0

 COOLING
  YESTERDAY       19                        14      5       19
  MONTH TO DATE  292                       321    -29      366
  SINCE SEP 1    292                       321    -29      366
  SINCE JAN 1   3125                      2674    451     2853
..................................................................


WIND (MPH)
  HIGHEST WIND SPEED    20   HIGHEST WIND DIRECTION     S (170)
  HIGHEST GUST SPEED    24   HIGHEST GUST DIRECTION     S (170)
  AVERAGE WIND SPEED    10.0


SKY COVER
  POSSIBLE SUNSHINE  MM
  AVERAGE SKY COVER 0.2


WEATHER CONDITIONS
 THE FOLLOWING WEATHER WAS RECORDED YESTERDAY.
  FOG
  HAZE


RELATIVE HUMIDITY (PERCENT)
 HIGHEST    94           200 AM
 LOWEST     52          1200 PM
 AVERAGE    73

..........................................................


THE VICTORIA CLIMATE NORMALS FOR TODAY
                         NORMAL    RECORD    YEAR
 MAXIMUM TEMPERATURE (F)   89       103      1911
 MINIMUM TEMPERATURE (F)   68        53      1983


SUNRISE AND SUNSET
SEPTEMBER 21 2017.....SUNRISE   716 AM CDT   SUNSET   725 PM CDT
SEPTEMBER 22 2017.....SUNRISE   716 AM CDT   SUNSET   724 PM CDT


-  INDICATES NEGATIVE NUMBERS.
R  INDICATES RECORD WAS SET OR TIED.
MM INDICATES DATA IS MISSING.
T  INDICATES TRACE AMOUNT.




$$
