000
CDUS44 KCRP 230653 RRA
CLIVCT

CLIMATE REPORT
NATIONAL WEATHER SERVICE CORPUS CHRISTI TX
1251 AM CST THU NOV 23 2017


...................................

...THE VICTORIA CLIMATE SUMMARY FOR NOVEMBER 22 2017...

CLIMATE NORMAL PERIOD 1981 TO 2010
CLIMATE RECORD PERIOD 1893 TO 2017


WEATHER ITEM   OBSERVED TIME   RECORD YEAR NORMAL DEPARTURE LAST
                VALUE   (LST)  VALUE       VALUE  FROM      YEAR
                                                  NORMAL
..................................................................
TEMPERATURE (F)
 YESTERDAY
  MAXIMUM         71    210 PM  88    1917  72     -1       80
  MINIMUM         42   1159 PM  32    1945  50     -8       58
  AVERAGE         57                        61     -4       69

PRECIPITATION (IN)
  YESTERDAY        0.00          1.56 2004   0.10  -0.10     0.00
  MONTH TO DATE    0.48                      2.44  -1.96     3.93
  SINCE SEP 1      4.18                     11.24  -7.06     6.54
  SINCE JAN 1     44.58                     38.11   6.47    36.12

SNOWFALL (IN)
  YESTERDAY        0.0
  MONTH TO DATE    0.0
  SINCE SEP 1      0.0
  SINCE JUL 1      0.0
  SNOW DEPTH       0

DEGREE DAYS
 HEATING
  YESTERDAY        8                         6      2        0
  MONTH TO DATE   49                        83    -34       30
  SINCE SEP 1     93                       106    -13       36
  SINCE JUL 1     93                       106    -13       36

 COOLING
  YESTERDAY        0                         2     -2        4
  MONTH TO DATE  139                        68     71      114
  SINCE SEP 1    846                       758     88      923
  SINCE JAN 1   3679                      3111    568     3410
..................................................................


WIND (MPH)
  HIGHEST WIND SPEED    24   HIGHEST WIND DIRECTION     N (10)
  HIGHEST GUST SPEED    30   HIGHEST GUST DIRECTION     N (360)
  AVERAGE WIND SPEED    11.9


SKY COVER
  POSSIBLE SUNSHINE  MM
  AVERAGE SKY COVER 0.2


WEATHER CONDITIONS
 THE FOLLOWING WEATHER WAS RECORDED YESTERDAY.
  NO SIGNIFICANT WEATHER WAS OBSERVED.


RELATIVE HUMIDITY (PERCENT)
 HIGHEST    84           300 AM
 LOWEST     37           300 PM
 AVERAGE    61

..........................................................


THE VICTORIA CLIMATE NORMALS FOR TODAY
                         NORMAL    RECORD    YEAR
 MAXIMUM TEMPERATURE (F)   72        89      1924
 MINIMUM TEMPERATURE (F)   49        30      1975


SUNRISE AND SUNSET
NOVEMBER 23 2017......SUNRISE   657 AM CST   SUNSET   531 PM CST
NOVEMBER 24 2017......SUNRISE   658 AM CST   SUNSET   531 PM CST


-  INDICATES NEGATIVE NUMBERS.
R  INDICATES RECORD WAS SET OR TIED.
MM INDICATES DATA IS MISSING.
T  INDICATES TRACE AMOUNT.

$$

GW
