000
CDUS44 KCRP 010034 RRA
CLIVCT

CLIMATE REPORT
NATIONAL WEATHER SERVICE CORPUS CHRISTI TX
732 PM CDT WED AUG 31 2016

...................................

...THE VICTORIA CLIMATE SUMMARY FOR AUGUST 31 2016...
VALID TODAY AS OF 700 PM LOCAL TIME.

CLIMATE NORMAL PERIOD 1981 TO 2010
CLIMATE RECORD PERIOD 1893 TO 2016


WEATHER ITEM   OBSERVED TIME   RECORD YEAR NORMAL DEPARTURE LAST
                VALUE   (LST)  VALUE       VALUE  FROM      YEAR
                                                  NORMAL
..................................................................
TEMPERATURE (F)
 TODAY
  MAXIMUM         93    141 PM 106    1927  94     -1       89
  MINIMUM         72    604 AM  61    1915  73     -1       73
  AVERAGE         83                        83      0       81

PRECIPITATION (IN)
  TODAY            0.40          4.07 2001   0.13   0.27     0.09
  MONTH TO DATE    5.52                      2.85   2.67     2.48
  SINCE JUN 1      9.36                     11.49  -2.13    12.55
  SINCE JAN 1     29.58                     26.87   2.71    40.28

SNOWFALL (IN)
  TODAY            0.0
  MONTH TO DATE    0.0
  SINCE JUN 1      0.0
  SINCE JUL 1      0.0
  SNOW DEPTH       0

DEGREE DAYS
 HEATING
  TODAY            0                         0      0        0
  MONTH TO DATE    0                         0      0        0
  SINCE JUN 1      0                         0      0        0
  SINCE JUL 1      0                         0      0        0

 COOLING
  TODAY           18                        18      0       16
  MONTH TO DATE  590                       600    -10      611
  SINCE JUN 1   1774                      1694     80     1722
  SINCE JAN 1   2487                      2353    134     2422
..................................................................


WIND (MPH)
  HIGHEST WIND SPEED    36   HIGHEST WIND DIRECTION    SE (120)
  HIGHEST GUST SPEED    49   HIGHEST GUST DIRECTION     E (110)


SKY COVER
  POSSIBLE SUNSHINE  MM
  AVERAGE SKY COVER 0.3


WEATHER CONDITIONS
 THE FOLLOWING WEATHER WAS RECORDED TODAY.
  THUNDERSTORM
  HEAVY RAIN
  RAIN
  LIGHT RAIN
  FOG
  HAZE


RELATIVE HUMIDITY (PERCENT)
 HIGHEST   100           100 AM
 LOWEST     56           200 PM
 AVERAGE    78

..........................................................


THE VICTORIA CLIMATE NORMALS FOR TOMORROW
                         NORMAL    RECORD    YEAR
 MAXIMUM TEMPERATURE (F)   94       105      1939
 MINIMUM TEMPERATURE (F)   73        63      1915


SUNRISE AND SUNSET
AUGUST 31 2016........SUNRISE   705 AM CDT   SUNSET   750 PM CDT
SEPTEMBER  1 2016.....SUNRISE   706 AM CDT   SUNSET   749 PM CDT


-  INDICATES NEGATIVE NUMBERS.
R  INDICATES RECORD WAS SET OR TIED.
MM INDICATES DATA IS MISSING.
T  INDICATES TRACE AMOUNT.




$$
