000
CDUS45 KGJT 310730
CLIVEL


CLIMATE REPORT
NATIONAL WEATHER SERVICE GRAND JUNCTION CO
128 AM MDT SUN AUG 31 2014


...................................

...THE VERNAL UT CLIMATE SUMMARY FOR AUGUST 30 2014...

CLIMATE NORMAL PERIOD 1981 TO 2010
CLIMATE RECORD PERIOD 9999 TO 9999


WEATHER ITEM   OBSERVED TIME   RECORD YEAR NORMAL DEPARTURE LAST
                VALUE   (LST)  VALUE       VALUE  FROM      YEAR
                                                  NORMAL
..................................................................
TEMPERATURE (F)
 YESTERDAY
  MAXIMUM         79    422 PM  MM      MM  82     -3       92
  MINIMUM         52    557 AM  MM      MM  52      0       59
  AVERAGE         66                        67     -1       76

PRECIPITATION (IN)
  YESTERDAY        T            MM      MM   0.03  -0.03      T
  MONTH TO DATE    4.01                      0.73   3.28     0.45
  SINCE JUN 1      4.76                      2.17   2.59     1.04
  SINCE JAN 1      6.74                      5.58   1.16     4.83

SNOWFALL (IN)
  YESTERDAY       MM            MM      MM   0.0   MM       MM
  MONTH TO DATE   MM                         0.0   MM       MM
  SINCE JUN 1     MM                         0.0   MM       MM
  SINCE JUL 1     MM                         0.0   MM       MM
  SNOW DEPTH      MM

DEGREE DAYS
 HEATING
  YESTERDAY        0                         1     -1        0
  MONTH TO DATE   22                         6     16        2
  SINCE JUN 1     55                        84    -29       17
  SINCE JUL 1     22                        12     10        2

 COOLING
  YESTERDAY        1                         3     -2       11
  MONTH TO DATE  131                       169    -38      194
  SINCE JUN 1    564                       478     86      699
  SINCE JAN 1    587                       487    100      707
..................................................................


WIND (MPH)
  HIGHEST WIND SPEED    12   HIGHEST WIND DIRECTION    NW (300)
  HIGHEST GUST SPEED    16   HIGHEST GUST DIRECTION     W (290)
  AVERAGE WIND SPEED     3.5


SKY COVER
  POSSIBLE SUNSHINE  MM
  AVERAGE SKY COVER 0.0


WEATHER CONDITIONS
 THE FOLLOWING WEATHER WAS RECORDED YESTERDAY.
  THUNDERSTORM
  LIGHT RAIN


RELATIVE HUMIDITY (PERCENT)
 HIGHEST    83           600 AM
 LOWEST     33           400 PM
 AVERAGE    58

..........................................................


THE VERNAL UT CLIMATE NORMALS FOR TODAY
                         NORMAL    RECORD    YEAR
 MAXIMUM TEMPERATURE (F)   81        MM        MM
 MINIMUM TEMPERATURE (F)   51        MM        MM


SUNRISE AND SUNSET
AUGUST 31 2014........SUNRISE   644 AM MDT   SUNSET   751 PM MDT
SEPTEMBER  1 2014.....SUNRISE   645 AM MDT   SUNSET   750 PM MDT


-  INDICATES NEGATIVE NUMBERS.
R  INDICATES RECORD WAS SET OR TIED.
MM INDICATES DATA IS MISSING.
T  INDICATES TRACE AMOUNT.




$$
