000
CDUS45 KGJT 152342
CLIVEL


CLIMATE REPORT
NATIONAL WEATHER SERVICE GRAND JUNCTION CO
439 PM MST FRI DEC 15 2017


...................................

...THE VERNAL UT CLIMATE SUMMARY FOR DECEMBER 15 2017...
VALID TODAY AS OF 0400 PM LOCAL TIME.

CLIMATE NORMAL PERIOD 1981 TO 2010
CLIMATE RECORD PERIOD 9999 TO 9999


WEATHER ITEM   OBSERVED TIME   RECORD YEAR NORMAL DEPARTURE LAST
                VALUE   (LST)  VALUE       VALUE  FROM      YEAR
                                                  NORMAL
..................................................................
TEMPERATURE (F)
 TODAY
  MAXIMUM         42    358 PM  MM      MM  30     12       45
  MINIMUM         13    622 AM  MM      MM  13      0       20
  AVERAGE         28                        22      6       33

PRECIPITATION (IN)
  TODAY            0.00         MM      MM   0.02  -0.02      T
  MONTH TO DATE    T                         0.29  -0.29     0.19
  SINCE DEC 1      T                         0.29  -0.29     0.19
  SINCE JAN 1      7.13                      8.96  -1.83    12.20

SNOWFALL (IN)
  TODAY           MM            MM      MM    MM   MM       MM
  MONTH TO DATE   MM                          MM   MM       MM
  SINCE DEC 1     MM                          MM   MM       MM
  SINCE JUL 1     MM                          MM   MM       MM
  SNOW DEPTH      MM

DEGREE DAYS
 HEATING
  TODAY           37                        44     -7       32
  MONTH TO DATE  549                       620    -71      590
  SINCE DEC 1    549                       620    -71      590
  SINCE JUL 1   2027                      2251   -224     1947

 COOLING
  TODAY            0                         0      0        0
  MONTH TO DATE    0                         0      0        0
  SINCE DEC 1      0                         0      0        0
  SINCE JAN 1    891                       511    380      735
..................................................................


WIND (MPH)
  HIGHEST WIND SPEED     7   HIGHEST WIND DIRECTION     W (290)
  HIGHEST GUST SPEED     8   HIGHEST GUST DIRECTION     W (280)
  AVERAGE WIND SPEED     1.6


SKY COVER
  POSSIBLE SUNSHINE  MM
  AVERAGE SKY COVER 0.0


WEATHER CONDITIONS
 THE FOLLOWING WEATHER WAS RECORDED TODAY.
  NO SIGNIFICANT WEATHER WAS OBSERVED.


RELATIVE HUMIDITY (PERCENT)
 HIGHEST    80          1200 AM
 LOWEST     38           300 PM
 AVERAGE    59

..........................................................


THE VERNAL UT CLIMATE NORMALS FOR TOMORROW
                         NORMAL    RECORD    YEAR
 MAXIMUM TEMPERATURE (F)   30        MM        MM
 MINIMUM TEMPERATURE (F)   13        MM        MM


SUNRISE AND SUNSET
DECEMBER 15 2017......SUNRISE   734 AM MST   SUNSET   452 PM MST
DECEMBER 16 2017......SUNRISE   735 AM MST   SUNSET   453 PM MST


-  INDICATES NEGATIVE NUMBERS.
R  INDICATES RECORD WAS SET OR TIED.
MM INDICATES DATA IS MISSING.
T  INDICATES TRACE AMOUNT.




$$
