000
CDUS43 KSGF 120704
CLIVIH


CLIMATE REPORT
NATIONAL WEATHER SERVICE SPRINGFIELD MO
104 AM CST FRI FEB 12 2016


...................................

...THE VICHY-ROLLA MO CLIMATE SUMMARY FOR FEBRUARY 11 2016...

CLIMATE NORMAL PERIOD 1981 TO 2010
CLIMATE RECORD PERIOD 1888 TO 2016


WEATHER ITEM   OBSERVED TIME   RECORD YEAR NORMAL DEPARTURE LAST
                VALUE   (LST)  VALUE       VALUE  FROM      YEAR
                                                  NORMAL
..................................................................
TEMPERATURE (F)
 YESTERDAY
  MAXIMUM         36    359 PM  72    1951  45     -9       39
  MINIMUM         20    735 AM -11    1899  24     -4       25
  AVERAGE         28                        34     -6       32

PRECIPITATION (IN)
  YESTERDAY        0.00          0.60 2009   0.07  -0.07     0.00
  MONTH TO DATE    0.21                      0.72  -0.51     0.74
  SINCE DEC 1     11.27                      5.53   5.74     4.04
  SINCE JAN 1      0.95                      2.89  -1.94     1.67

DEGREE DAYS
 HEATING
  YESTERDAY       37                        31      6       33
  MONTH TO DATE  338                       348    -10      339
  SINCE DEC 1   2052                      2369   -317     2228
  SINCE JUL 1   2773                      3316   -543     3370

 COOLING
  YESTERDAY        0                         0      0        0
  MONTH TO DATE    0                         0      0        0
  SINCE DEC 1      0                         0      0        0
  SINCE JAN 1      0                         0      0        0
..................................................................


WIND (MPH)
  HIGHEST WIND SPEED    17   HIGHEST WIND DIRECTION    SE (130)
  HIGHEST GUST SPEED    20   HIGHEST GUST DIRECTION    SE (130)
  AVERAGE WIND SPEED     7.7


SKY COVER
  AVERAGE SKY COVER 0.6


WEATHER CONDITIONS
 THE FOLLOWING WEATHER WAS RECORDED YESTERDAY.
  NO SIGNIFICANT WEATHER WAS OBSERVED.


RELATIVE HUMIDITY (PERCENT)
 HIGHEST    92           600 AM
 LOWEST     52           200 PM
 AVERAGE    72

..........................................................


THE VICHY-ROLLA MO CLIMATE NORMALS FOR TODAY
                         NORMAL    RECORD    YEAR
 MAXIMUM TEMPERATURE (F)   45        72      1961
 MINIMUM TEMPERATURE (F)   25       -29      1899


SUNRISE AND SUNSET
FEBRUARY 12 2016......SUNRISE   701 AM CST   SUNSET   542 PM CST
FEBRUARY 13 2016......SUNRISE   700 AM CST   SUNSET   543 PM CST


-  INDICATES NEGATIVE NUMBERS.
R  INDICATES RECORD WAS SET OR TIED.
MM INDICATES DATA IS MISSING.
T  INDICATES TRACE AMOUNT.




$$
