471
CDUS43 KSGF 260630
CLIVIH


CLIMATE REPORT
NATIONAL WEATHER SERVICE SPRINGFIELD MO
129 AM CDT FRI MAY 26 2017


...................................

...THE VICHY-ROLLA MO CLIMATE SUMMARY FOR MAY 25 2017...

CLIMATE NORMAL PERIOD 1981 TO 2010
CLIMATE RECORD PERIOD 1888 TO 2017


WEATHER ITEM   OBSERVED TIME   RECORD YEAR NORMAL DEPARTURE LAST
                VALUE   (LST)  VALUE       VALUE  FROM      YEAR
                                                  NORMAL
..................................................................
TEMPERATURE (F)
 YESTERDAY
  MAXIMUM         73    532 PM  93    2012  77     -4       79
                                      1953
  MINIMUM         44    501 AM  35    1897  56    -12       60
  AVERAGE         59                        66     -7       70

PRECIPITATION (IN)
  YESTERDAY        0.00          1.45 1968   0.16  -0.16      T
  MONTH TO DATE    4.95                      4.05   0.90     2.98
  SINCE MAR 1     19.18                     11.72   7.46     9.92
  SINCE JAN 1     21.24                     15.82   5.42    12.04

DEGREE DAYS
 HEATING
  YESTERDAY        6                         2      4        0
  MONTH TO DATE  114                       105      9      161
  SINCE MAR 1    817                      1033   -216      849
  SINCE JUL 1   3803                      4823  -1020     4052

 COOLING
  YESTERDAY        0                         3     -3        5
  MONTH TO DATE   53                        55     -2       20
  SINCE MAR 1     88                        81      7       34
  SINCE JAN 1     89                        81      8       34
..................................................................


WIND (MPH)
  HIGHEST WIND SPEED    13   HIGHEST WIND DIRECTION    SE (140)
  HIGHEST GUST SPEED    19   HIGHEST GUST DIRECTION    SE (140)
  AVERAGE WIND SPEED     6.3


SKY COVER
  AVERAGE SKY COVER 0.1


WEATHER CONDITIONS
 THE FOLLOWING WEATHER WAS RECORDED YESTERDAY.
  FOG


RELATIVE HUMIDITY (PERCENT)
 HIGHEST   100           300 AM
 LOWEST     49           300 PM
 AVERAGE    75

..........................................................


THE VICHY-ROLLA MO CLIMATE NORMALS FOR TODAY
                         NORMAL    RECORD    YEAR
 MAXIMUM TEMPERATURE (F)   77        98      2012
 MINIMUM TEMPERATURE (F)   56        37      1901


SUNRISE AND SUNSET
MAY 26 2017...........SUNRISE   548 AM CDT   SUNSET   820 PM CDT
MAY 27 2017...........SUNRISE   548 AM CDT   SUNSET   821 PM CDT


-  INDICATES NEGATIVE NUMBERS.
R  INDICATES RECORD WAS SET OR TIED.
MM INDICATES DATA IS MISSING.
T  INDICATES TRACE AMOUNT.




$$
