138
CDUS43 KSGF 140633
CLIVIH


CLIMATE REPORT
NATIONAL WEATHER SERVICE SPRINGFIELD MO
1232 AM CST THU DEC 14 2017


...................................

...THE VICHY-ROLLA MO CLIMATE SUMMARY FOR DECEMBER 13 2017...

CLIMATE NORMAL PERIOD 1981 TO 2010
CLIMATE RECORD PERIOD 1888 TO 2017


WEATHER ITEM   OBSERVED TIME   RECORD YEAR NORMAL DEPARTURE LAST
                VALUE   (LST)  VALUE       VALUE  FROM      YEAR
                                                  NORMAL
..................................................................
TEMPERATURE (F)
 YESTERDAY
  MAXIMUM         58    318 PM  76    1948  43     15       40
  MINIMUM         25   1254 AM  -9    1898  25      0       17
  AVERAGE         42                        34      8       29

PRECIPITATION (IN)
  YESTERDAY        0.00          1.33 2015   0.09  -0.09      T
  MONTH TO DATE    0.17                      1.28  -1.11     0.25
  SINCE DEC 1      0.17                      1.28  -1.11     0.25
  SINCE JAN 1     42.12                     42.25  -0.13    40.31

DEGREE DAYS
 HEATING
  YESTERDAY       23                        31     -8       36
  MONTH TO DATE  336                       378    -42      426
  SINCE DEC 1    336                       378    -42      426
  SINCE JUL 1   1088                      1325   -237     1054

 COOLING
  YESTERDAY        0                         0      0        0
  MONTH TO DATE    0                         0      0        0
  SINCE DEC 1      0                         0      0        0
  SINCE JAN 1   1247                      1246      1     1482
..................................................................


WIND (MPH)
  HIGHEST WIND SPEED    26   HIGHEST WIND DIRECTION     W (280)
  HIGHEST GUST SPEED    37   HIGHEST GUST DIRECTION     W (290)
  AVERAGE WIND SPEED    15.2


SKY COVER
  AVERAGE SKY COVER 0.0


WEATHER CONDITIONS
 THE FOLLOWING WEATHER WAS RECORDED YESTERDAY.
  NO SIGNIFICANT WEATHER WAS OBSERVED.


RELATIVE HUMIDITY (PERCENT)
 HIGHEST    64          1100 PM
 LOWEST     30           200 PM
 AVERAGE    47

..........................................................


THE VICHY-ROLLA MO CLIMATE NORMALS FOR TODAY
                         NORMAL    RECORD    YEAR
 MAXIMUM TEMPERATURE (F)   43        68      1975
 MINIMUM TEMPERATURE (F)   24         1      1963


SUNRISE AND SUNSET
DECEMBER 14 2017......SUNRISE   716 AM CST   SUNSET   448 PM CST
DECEMBER 15 2017......SUNRISE   716 AM CST   SUNSET   448 PM CST


-  INDICATES NEGATIVE NUMBERS.
R  INDICATES RECORD WAS SET OR TIED.
MM INDICATES DATA IS MISSING.
T  INDICATES TRACE AMOUNT.




$$
