000
CDUS42 KTAE 040634
CLIVLD


CLIMATE REPORT
NATIONAL WEATHER SERVICE TALLAHASSEE FL
233 AM EDT WED MAY 4 2016


...................................

...THE VALDOSTA CLIMATE SUMMARY FOR MAY 3 2016...

CLIMATE NORMAL PERIOD 1981 TO 2010
CLIMATE RECORD PERIOD 1948 TO 2016


WEATHER ITEM   OBSERVED TIME   NORMAL DEPARTURE LAST
                VALUE   (LST)  VALUE  FROM      YEAR
                                      NORMAL
......................................................
TEMPERATURE (F)
 YESTERDAY
  MAXIMUM         88    259 PM  84      4       83
  MINIMUM         68   1159 PM  57     11       52
  AVERAGE         78            70      8       68

PRECIPITATION (IN)
  YESTERDAY        0.97          0.05   0.92     0.00
  MONTH TO DATE    1.23          0.15   1.08     0.00
  SINCE MAR 1     13.22          7.89   5.33     7.34
  SINCE JAN 1     22.08         16.62   5.46    16.50

DEGREE DAYS
 COOLING
  YESTERDAY       13             6      7        3
  MONTH TO DATE   38            17     21        3
  SINCE MAR 1    251           142    109      300
  SINCE JAN 1    261           152    109      304
......................................................


WIND (MPH)
  HIGHEST WIND SPEED    17   HIGHEST WIND DIRECTION     S (190)
  HIGHEST GUST SPEED    23   HIGHEST GUST DIRECTION     S (190)
  AVERAGE WIND SPEED     3.2




RELATIVE HUMIDITY (PERCENT)
 HIGHEST   100
 LOWEST     50
 AVERAGE    75

..........................................................




SUNRISE AND SUNSET
MAY  4 2016...........SUNRISE   646 AM EDT   SUNSET   814 PM EDT
MAY  5 2016...........SUNRISE   645 AM EDT   SUNSET   815 PM EDT


-  INDICATES NEGATIVE NUMBERS.
R  INDICATES RECORD WAS SET OR TIED.
MM INDICATES DATA IS MISSING.
T  INDICATES TRACE AMOUNT.




$$
