000
CDUS42 KTAE 300636
CLIVLD


CLIMATE REPORT
NATIONAL WEATHER SERVICE TALLAHASSEE FL
235 AM EDT SAT AUG 30 2014


...................................

...THE VALDOSTA CLIMATE SUMMARY FOR AUGUST 29 2014...

CLIMATE NORMAL PERIOD 1981 TO 2010
CLIMATE RECORD PERIOD 1948 TO 2014


WEATHER ITEM   OBSERVED TIME   NORMAL DEPARTURE LAST
                VALUE   (LST)  VALUE  FROM      YEAR
                                      NORMAL
......................................................
TEMPERATURE (F)
 YESTERDAY
  MAXIMUM         97    151 PM  91      6       95
  MINIMUM         65    614 AM  71     -6       71
  AVERAGE         81            80      1       83

PRECIPITATION (IN)
  YESTERDAY        0.00          0.16  -0.16     0.00
  MONTH TO DATE    2.77          5.03  -2.26     5.33
  SINCE JUN 1      8.85         17.72  -8.87    18.49
  SINCE JAN 1     32.12         36.72  -4.60    33.03

DEGREE DAYS
 COOLING
  YESTERDAY       16            16      0       18
  MONTH TO DATE  558           471     87      553
  SINCE JUN 1   1722          1411    311     1674
  SINCE JAN 1   2325          1823    502     2236
......................................................


WIND (MPH)
  HIGHEST WIND SPEED    12   HIGHEST WIND DIRECTION     E (110)
  HIGHEST GUST SPEED    17   HIGHEST GUST DIRECTION     E (80)
  AVERAGE WIND SPEED     3.2




RELATIVE HUMIDITY (PERCENT)
 HIGHEST    93
 LOWEST     38
 AVERAGE    66

..........................................................




SUNRISE AND SUNSET
AUGUST 30 2014........SUNRISE   708 AM EDT   SUNSET   759 PM EDT
AUGUST 31 2014........SUNRISE   709 AM EDT   SUNSET   757 PM EDT


-  INDICATES NEGATIVE NUMBERS.
R  INDICATES RECORD WAS SET OR TIED.
MM INDICATES DATA IS MISSING.
T  INDICATES TRACE AMOUNT.




$$
