000
CDUS42 KTAE 200635
CLIVLD


CLIMATE REPORT
NATIONAL WEATHER SERVICE TALLAHASSEE FL
235 AM EDT SAT SEP 20 2014


...................................

...THE VALDOSTA CLIMATE SUMMARY FOR SEPTEMBER 19 2014...

CLIMATE NORMAL PERIOD 1981 TO 2010
CLIMATE RECORD PERIOD 1948 TO 2014


WEATHER ITEM   OBSERVED TIME   NORMAL DEPARTURE LAST
                VALUE   (LST)  VALUE  FROM      YEAR
                                      NORMAL
......................................................
TEMPERATURE (F)
 YESTERDAY
  MAXIMUM         85    246 PM  87     -2       92
  MINIMUM         69    316 AM  66      3       68
  AVERAGE         77            77      0       80

PRECIPITATION (IN)
  YESTERDAY        0.01          0.16  -0.15     0.00
  MONTH TO DATE    6.19          3.25   2.94     0.14
  SINCE SEP 1      6.19          3.25   2.94     0.14
  SINCE JAN 1     41.62         40.28   1.34    34.30

DEGREE DAYS
 HEATING
  YESTERDAY        0             0      0        0
  MONTH TO DATE    0             0      0        0
  SINCE SEP 1      0             0      0        0
  SINCE JUL 1      0             0      0        0

 COOLING
  YESTERDAY       12            12      0       15
  MONTH TO DATE  306           259     47      322
  SINCE SEP 1    306           259     47      322
  SINCE JAN 1   2667          2113    554     2596
......................................................


WIND (MPH)
  HIGHEST WIND SPEED    22   HIGHEST WIND DIRECTION    SE (150)
  HIGHEST GUST SPEED    28   HIGHEST GUST DIRECTION     S (160)
  AVERAGE WIND SPEED     3.5




RELATIVE HUMIDITY (PERCENT)
 HIGHEST    93
 LOWEST     61
 AVERAGE    77

..........................................................




SUNRISE AND SUNSET
SEPTEMBER 20 2014.....SUNRISE   720 AM EDT   SUNSET   732 PM EDT
SEPTEMBER 21 2014.....SUNRISE   721 AM EDT   SUNSET   731 PM EDT


-  INDICATES NEGATIVE NUMBERS.
R  INDICATES RECORD WAS SET OR TIED.
MM INDICATES DATA IS MISSING.
T  INDICATES TRACE AMOUNT.




$$
