000
CDUS42 KTAE 172231
CLIVLD


CLIMATE REPORT
NATIONAL WEATHER SERVICE TALLAHASSEE FL
531 PM EST TUE JAN 17 2017


...................................

...THE VALDOSTA CLIMATE SUMMARY FOR JANUARY 17 2017...
VALID TODAY AS OF 0500 PM LOCAL TIME.

CLIMATE NORMAL PERIOD 1981 TO 2010
CLIMATE RECORD PERIOD 1948 TO 2017


WEATHER ITEM   OBSERVED TIME   NORMAL DEPARTURE LAST
                VALUE   (LST)  VALUE  FROM      YEAR
                                      NORMAL
......................................................
TEMPERATURE (F)
 TODAY
  MAXIMUM         79    146 PM  62     17       59
  MINIMUM         50    742 AM  38     12       37
  AVERAGE         65            50     15       48

PRECIPITATION (IN)
  TODAY            0.00          0.10  -0.10     1.13
  MONTH TO DATE    2.73          2.74  -0.01     3.13
  SINCE DEC 1      4.88          5.91  -1.03     5.64
  SINCE JAN 1      2.73          2.74  -0.01     3.13

......................................................







THE VALDOSTA CLIMATE NORMALS FOR TOMORROW
                         NORMAL
 MAXIMUM TEMPERATURE (F)   62
 MINIMUM TEMPERATURE (F)   38



-  INDICATES NEGATIVE NUMBERS.
R  INDICATES RECORD WAS SET OR TIED.
MM INDICATES DATA IS MISSING.
T  INDICATES TRACE AMOUNT.




$$
