000
CDUS42 KTAE 250634
CLIVLD


CLIMATE REPORT
NATIONAL WEATHER SERVICE TALLAHASSEE FL
234 AM EDT SUN SEP 25 2016


...................................

...THE VALDOSTA CLIMATE SUMMARY FOR SEPTEMBER 24 2016...

CLIMATE NORMAL PERIOD 1981 TO 2010
CLIMATE RECORD PERIOD 1948 TO 2016


WEATHER ITEM   OBSERVED TIME   NORMAL DEPARTURE LAST
                VALUE   (LST)  VALUE  FROM      YEAR
                                      NORMAL
......................................................
TEMPERATURE (F)
 YESTERDAY
  MAXIMUM         93    152 PM  86      7       77
  MINIMUM         70    405 AM  65      5       66
  AVERAGE         82            75      7       72

PRECIPITATION (IN)
  YESTERDAY        T             0.13  -0.13     0.02
  MONTH TO DATE    5.56          3.93   1.63     2.62
  SINCE SEP 1      5.56          3.93   1.63     2.62
  SINCE JAN 1     49.89         40.96   8.93    40.78

DEGREE DAYS
 HEATING
  YESTERDAY        0             0      0        0
  MONTH TO DATE    0             0      0        0
  SINCE SEP 1      0             0      0        0
  SINCE JUL 1      0             0      0        0

 COOLING
  YESTERDAY       17            10      7        7
  MONTH TO DATE  365           313     52      316
  SINCE SEP 1    365           313     52      316
  SINCE JAN 1   2495          2167    328     2583
......................................................


WIND (MPH)
  HIGHEST WIND SPEED    12   HIGHEST WIND DIRECTION    NE (40)
  HIGHEST GUST SPEED    15   HIGHEST GUST DIRECTION    NE (40)
  AVERAGE WIND SPEED     2.0




RELATIVE HUMIDITY (PERCENT)
 HIGHEST   100
 LOWEST     44
 AVERAGE    72

..........................................................




SUNRISE AND SUNSET
SEPTEMBER 25 2016.....SUNRISE   723 AM EDT   SUNSET   725 PM EDT
SEPTEMBER 26 2016.....SUNRISE   724 AM EDT   SUNSET   724 PM EDT


-  INDICATES NEGATIVE NUMBERS.
R  INDICATES RECORD WAS SET OR TIED.
MM INDICATES DATA IS MISSING.
T  INDICATES TRACE AMOUNT.




$$
