000
CDUS43 KLOT 180633
CLIVPZ


CLIMATE REPORT
NATIONAL WEATHER SERVICE CHICAGO IL
131 AM CDT FRI APR 18 2014


...................................

...THE VALPARAISO CLIMATE SUMMARY FOR APRIL 17 2014...

CLIMATE NORMAL PERIOD 1981 TO 2010
CLIMATE RECORD PERIOD 1998 TO 2014


WEATHER ITEM   OBSERVED TIME   RECORD YEAR NORMAL DEPARTURE LAST
                VALUE   (LST)  VALUE       VALUE  FROM      YEAR
                                                  NORMAL
..................................................................
TEMPERATURE (F)
 YESTERDAY
  MAXIMUM         64    338 PM  85    2002  60      4       55
  MINIMUM         36    541 AM  28    2001  39     -3       43
  AVERAGE         50                        50      0       49

PRECIPITATION (IN)
  YESTERDAY        T             0.74 2013   0.13  -0.13     0.74
  MONTH TO DATE    1.71                      1.89  -0.18     4.29
  SINCE MAR 1      2.50                      4.37  -1.87     4.83
  SINCE JAN 1      5.13                      7.54  -2.41     8.38

DEGREE DAYS
 HEATING
  YESTERDAY       15                        15      0       16
  MONTH TO DATE  338                       312     26      323
  SINCE MAR 1   1338                      1157    181     1301
  SINCE JUL 1   6787                      5889    898     5692

 COOLING
  YESTERDAY        0                         0      0        0
  MONTH TO DATE    0                         0      0        0
  SINCE MAR 1      0                         0      0        0
  SINCE JAN 1      0                         0      0        0
..................................................................


WIND (MPH)
  RESULTANT WIND SPEED   9   RESULTANT WIND DIRECTION  SW (210)
  HIGHEST WIND SPEED    23   HIGHEST WIND DIRECTION    SW (210)
  HIGHEST GUST SPEED    30   HIGHEST GUST DIRECTION     W (250)
  AVERAGE WIND SPEED    11.3



WEATHER CONDITIONS
 THE FOLLOWING WEATHER WAS RECORDED YESTERDAY.
  LIGHT RAIN


..........................................................


THE VALPARAISO CLIMATE NORMALS FOR TODAY
                         NORMAL    RECORD    YEAR
 MAXIMUM TEMPERATURE (F)   61        88      2002
                                             2002
 MINIMUM TEMPERATURE (F)   39        27      2001
                                             1926


SUNRISE AND SUNSET
APRIL 18 2014.........SUNRISE   604 AM CDT   SUNSET   732 PM CDT
APRIL 19 2014.........SUNRISE   602 AM CDT   SUNSET   733 PM CDT


-  INDICATES NEGATIVE NUMBERS.
R  INDICATES RECORD WAS SET OR TIED.
MM INDICATES DATA IS MISSING.
T  INDICATES TRACE AMOUNT.




$$
