000
CDUS43 KLOT 210644
CLIVPZ


CLIMATE REPORT
NATIONAL WEATHER SERVICE CHICAGO IL
1242 AM CST SAT JAN 21 2017


...................................

...THE VALPARAISO CLIMATE SUMMARY FOR JANUARY 20 2017...

CLIMATE NORMAL PERIOD 1981 TO 2010
CLIMATE RECORD PERIOD 1998 TO 2017


WEATHER ITEM   OBSERVED TIME   RECORD YEAR NORMAL DEPARTURE LAST
                VALUE   (LST)  VALUE       VALUE  FROM      YEAR
                                                  NORMAL
..................................................................
TEMPERATURE (F)
 YESTERDAY
  MAXIMUM         48   1159 PM  59    1999  31     17       25
  MINIMUM         38    759 AM  -4    2008  16     22        9
  AVERAGE         43                        23     20       17

PRECIPITATION (IN)
  YESTERDAY        0.26          0.39 2006   0.05   0.21     0.01
  MONTH TO DATE    2.40                      1.09   1.31     0.41
  SINCE DEC 1      3.15                      3.27  -0.12     2.54
  SINCE JAN 1      2.40                      1.09   1.31     0.41

DEGREE DAYS
 HEATING
  YESTERDAY       22                        42    -20       48
  MONTH TO DATE  720                       831   -111      821
  SINCE DEC 1   1918                      1975    -57     1534
  SINCE JUL 1   2731                      3233   -502     2510

 COOLING
  YESTERDAY        0                         0      0        0
  MONTH TO DATE    0                         0      0        0
  SINCE DEC 1      0                         0      0        0
  SINCE JAN 1      0                         0      0        0
..................................................................


WIND (MPH)
  RESULTANT WIND SPEED   3   RESULTANT WIND DIRECTION  SE (120)
  HIGHEST WIND SPEED    13   HIGHEST WIND DIRECTION     E (70)
  HIGHEST GUST SPEED    17   HIGHEST GUST DIRECTION     E (80)
  AVERAGE WIND SPEED     6.4



WEATHER CONDITIONS
 THE FOLLOWING WEATHER WAS RECORDED YESTERDAY.
  RAIN
  LIGHT RAIN
  FOG
  FOG W/VISIBILITY <= 1/4 MILE


..........................................................


THE VALPARAISO CLIMATE NORMALS FOR TODAY
                         NORMAL    RECORD    YEAR
 MAXIMUM TEMPERATURE (F)   31        62      1999
 MINIMUM TEMPERATURE (F)   16        -7      2000


SUNRISE AND SUNSET
JANUARY 21 2017.......SUNRISE   708 AM CST   SUNSET   451 PM CST
JANUARY 22 2017.......SUNRISE   708 AM CST   SUNSET   452 PM CST


-  INDICATES NEGATIVE NUMBERS.
R  INDICATES RECORD WAS SET OR TIED.
MM INDICATES DATA IS MISSING.
T  INDICATES TRACE AMOUNT.




$$
