000
CDUS43 KLOT 260645
CLIVPZ


CLIMATE REPORT
NATIONAL WEATHER SERVICE CHICAGO IL
1244 AM CST SUN FEB 26 2017


...................................

...THE VALPARAISO CLIMATE SUMMARY FOR FEBRUARY 25 2017...

CLIMATE NORMAL PERIOD 1981 TO 2010
CLIMATE RECORD PERIOD 1998 TO 2017


WEATHER ITEM   OBSERVED TIME   RECORD YEAR NORMAL DEPARTURE LAST
                VALUE   (LST)  VALUE       VALUE  FROM      YEAR
                                                  NORMAL
..................................................................
TEMPERATURE (F)
 YESTERDAY
  MAXIMUM         40   1209 AM  71    2000  39      1       34
  MINIMUM         23   1152 PM   0    2003  23      0       31
  AVERAGE         32                        31      1       33

PRECIPITATION (IN)
  YESTERDAY        T             0.09 2008   0.06  -0.06      T
  MONTH TO DATE    0.67                      1.26  -0.59     0.79
  SINCE DEC 1      3.83                      5.19  -1.36     3.38
  SINCE JAN 1      3.08                      3.01   0.07     1.25

DEGREE DAYS
 HEATING
  YESTERDAY       33                        34     -1       32
  MONTH TO DATE  595                       948   -353      872
  SINCE DEC 1   2836                      3375   -539     2777
  SINCE JUL 1   3649                      4633   -984     3753

 COOLING
  YESTERDAY        0                         0      0        0
  MONTH TO DATE    0                         0      0        0
  SINCE DEC 1      0                         0      0        0
  SINCE JAN 1      0                         0      0        0
..................................................................


WIND (MPH)
  RESULTANT WIND SPEED  16   RESULTANT WIND DIRECTION   W (280)
  HIGHEST WIND SPEED    24   HIGHEST WIND DIRECTION     W (270)
  HIGHEST GUST SPEED    30   HIGHEST GUST DIRECTION     W (280)
  AVERAGE WIND SPEED    16.0



WEATHER CONDITIONS
 THE FOLLOWING WEATHER WAS RECORDED YESTERDAY.
  LIGHT RAIN
  LIGHT SNOW
  HAZE


..........................................................


THE VALPARAISO CLIMATE NORMALS FOR TODAY
                         NORMAL    RECORD    YEAR
 MAXIMUM TEMPERATURE (F)   39        63      2000
 MINIMUM TEMPERATURE (F)   23         1      2014


SUNRISE AND SUNSET
FEBRUARY 26 2017......SUNRISE   627 AM CST   SUNSET   535 PM CST
FEBRUARY 27 2017......SUNRISE   625 AM CST   SUNSET   537 PM CST


-  INDICATES NEGATIVE NUMBERS.
R  INDICATES RECORD WAS SET OR TIED.
MM INDICATES DATA IS MISSING.
T  INDICATES TRACE AMOUNT.




$$
