000
CDUS43 KLOT 290635
CLIVPZ


CLIMATE REPORT
NATIONAL WEATHER SERVICE CHICAGO IL
134 AM CDT MON AUG 29 2016


...................................

...THE VALPARAISO CLIMATE SUMMARY FOR AUGUST 28 2016...

CLIMATE NORMAL PERIOD 1981 TO 2010
CLIMATE RECORD PERIOD 1998 TO 2016


WEATHER ITEM   OBSERVED TIME   RECORD YEAR NORMAL DEPARTURE LAST
                VALUE   (LST)  VALUE       VALUE  FROM      YEAR
                                                  NORMAL
..................................................................
TEMPERATURE (F)
 YESTERDAY
  MAXIMUM         86   1032 AM  91    2003  79      7       77
  MINIMUM         67   1150 PM  53    2015  59      8       53
  AVERAGE         77                        69      8       65

PRECIPITATION (IN)
  YESTERDAY        0.19          0.74 2009   0.13   0.06     0.00
  MONTH TO DATE    9.23                      3.91   5.32     4.28
  SINCE JUN 1     13.42                     12.16   1.26    14.81
  SINCE JAN 1     22.82                     25.14  -2.32    23.60

DEGREE DAYS
 HEATING
  YESTERDAY        0                         1     -1        0
  MONTH TO DATE    0                         4     -4        5
  SINCE JUN 1     28                        49    -21       38
  SINCE JUL 1      8                         8      0       11

 COOLING
  YESTERDAY       12                         5      7        0
  MONTH TO DATE  262                       172     90      160
  SINCE JUN 1    743                       576    167      494
  SINCE JAN 1    820                       623    197      570
..................................................................


WIND (MPH)
  RESULTANT WIND SPEED   1   RESULTANT WIND DIRECTION  SE (120)
  HIGHEST WIND SPEED    18   HIGHEST WIND DIRECTION    SE (140)
  HIGHEST GUST SPEED    24   HIGHEST GUST DIRECTION    SE (150)
  AVERAGE WIND SPEED     2.5



WEATHER CONDITIONS
 THE FOLLOWING WEATHER WAS RECORDED YESTERDAY.
  THUNDERSTORM
  RAIN
  LIGHT RAIN


..........................................................


THE VALPARAISO CLIMATE NORMALS FOR TODAY
                         NORMAL    RECORD    YEAR
 MAXIMUM TEMPERATURE (F)   79        94      2010
 MINIMUM TEMPERATURE (F)   59        53      2011
                                             2009


SUNRISE AND SUNSET
AUGUST 29 2016........SUNRISE   612 AM CDT   SUNSET   725 PM CDT
AUGUST 30 2016........SUNRISE   613 AM CDT   SUNSET   723 PM CDT


-  INDICATES NEGATIVE NUMBERS.
R  INDICATES RECORD WAS SET OR TIED.
MM INDICATES DATA IS MISSING.
T  INDICATES TRACE AMOUNT.




$$
