000
CDUS43 KLOT 220631
CLIVPZ


CLIMATE REPORT
NATIONAL WEATHER SERVICE CHICAGO IL
131 AM CDT MON MAY 22 2017


...................................

...THE VALPARAISO CLIMATE SUMMARY FOR MAY 21 2017...

CLIMATE NORMAL PERIOD 1981 TO 2010
CLIMATE RECORD PERIOD 1998 TO 2017


WEATHER ITEM   OBSERVED TIME   RECORD YEAR NORMAL DEPARTURE LAST
                VALUE   (LST)  VALUE       VALUE  FROM      YEAR
                                                  NORMAL
..................................................................
TEMPERATURE (F)
 YESTERDAY
  MAXIMUM         68   1232 PM  84    2009  72     -4       72
  MINIMUM         51   1012 PM  30    2002  50      1       48
  AVERAGE         60                        61     -1       60

PRECIPITATION (IN)
  YESTERDAY        0.33          0.68 2013   0.14   0.19     0.00
  MONTH TO DATE    3.13                      2.65   0.48     1.66
  SINCE MAR 1     11.58                      8.66   2.92     7.39
  SINCE JAN 1     15.02                     11.83   3.19     8.72

DEGREE DAYS
 HEATING
  YESTERDAY        5                         6     -1        5
  MONTH TO DATE  197                       174     23      233
  SINCE MAR 1   1302                      1501   -199     1376
  SINCE JUL 1   5016                      6233  -1217     5234

 COOLING
  YESTERDAY        0                         2     -2        0
  MONTH TO DATE   33                        20     13        0
  SINCE MAR 1     46                        25     21        6
  SINCE JAN 1     46                        25     21        6
..................................................................


WIND (MPH)
  RESULTANT WIND SPEED  12   RESULTANT WIND DIRECTION  SW (240)
  HIGHEST WIND SPEED    23   HIGHEST WIND DIRECTION     W (280)
  HIGHEST GUST SPEED    31   HIGHEST GUST DIRECTION    SW (240)
  AVERAGE WIND SPEED    13.2



WEATHER CONDITIONS
 THE FOLLOWING WEATHER WAS RECORDED YESTERDAY.
  THUNDERSTORM
  RAIN
  LIGHT RAIN
  FOG


..........................................................


THE VALPARAISO CLIMATE NORMALS FOR TODAY
                         NORMAL    RECORD    YEAR
 MAXIMUM TEMPERATURE (F)   72        87      2007
 MINIMUM TEMPERATURE (F)   50        36      2006


SUNRISE AND SUNSET
MAY 22 2017...........SUNRISE   523 AM CDT   SUNSET   807 PM CDT
MAY 23 2017...........SUNRISE   522 AM CDT   SUNSET   808 PM CDT


-  INDICATES NEGATIVE NUMBERS.
R  INDICATES RECORD WAS SET OR TIED.
MM INDICATES DATA IS MISSING.
T  INDICATES TRACE AMOUNT.




$$
