000
CDUS43 KLOT 070645
CLIVPZ


CLIMATE REPORT
NATIONAL WEATHER SERVICE CHICAGO IL
144 AM CDT TUE JUL 7 2015


...................................

...THE VALPARAISO CLIMATE SUMMARY FOR JULY 6 2015...

CLIMATE NORMAL PERIOD 1981 TO 2010
CLIMATE RECORD PERIOD 1998 TO 2015


WEATHER ITEM   OBSERVED TIME   RECORD YEAR NORMAL DEPARTURE LAST
                VALUE   (LST)  VALUE       VALUE  FROM      YEAR
                                                  NORMAL
..................................................................
TEMPERATURE (F)
 YESTERDAY
  MAXIMUM         85    349 PM 100    2012  83      2       84
  MINIMUM         62    420 AM  47    2001  63     -1       63
  AVERAGE         74                        73      1       74

PRECIPITATION (IN)
  YESTERDAY        0.30          1.31 2003   0.11   0.19     0.00
  MONTH TO DATE    0.30                      0.67  -0.37     0.23
  SINCE JUN 1      5.91                      4.58   1.33     8.44
  SINCE JAN 1     14.70                     17.56  -2.86    17.37

DEGREE DAYS
 HEATING
  YESTERDAY        0                         0      0        0
  MONTH TO DATE    2                         0      2        1
  SINCE JUN 1     29                        41    -12       21
  SINCE JUL 1      2                         0      2        1

 COOLING
  YESTERDAY        9                         8      1        9
  MONTH TO DATE   20                        48    -28       18
  SINCE JUN 1    152                       212    -60      177
  SINCE JAN 1    228                       259    -31      250
..................................................................


WIND (MPH)
  RESULTANT WIND SPEED   7   RESULTANT WIND DIRECTION   S (180)
  HIGHEST WIND SPEED    18   HIGHEST WIND DIRECTION     S (170)
  HIGHEST GUST SPEED    26   HIGHEST GUST DIRECTION     S (170)
  AVERAGE WIND SPEED     7.9



WEATHER CONDITIONS
 THE FOLLOWING WEATHER WAS RECORDED YESTERDAY.
  HEAVY RAIN
  RAIN
  LIGHT RAIN
  FOG
  HAZE


..........................................................


THE VALPARAISO CLIMATE NORMALS FOR TODAY
                         NORMAL    RECORD    YEAR
 MAXIMUM TEMPERATURE (F)   83       100      2012
 MINIMUM TEMPERATURE (F)   63        52      2006


SUNRISE AND SUNSET
JULY  7 2015..........SUNRISE   521 AM CDT   SUNSET   824 PM CDT
JULY  8 2015..........SUNRISE   522 AM CDT   SUNSET   824 PM CDT


-  INDICATES NEGATIVE NUMBERS.
R  INDICATES RECORD WAS SET OR TIED.
MM INDICATES DATA IS MISSING.
T  INDICATES TRACE AMOUNT.




$$
