000
CDUS43 KLOT 180636
CLIVPZ


CLIMATE REPORT
NATIONAL WEATHER SERVICE CHICAGO IL
134 AM CDT THU SEP 18 2014


...................................

...THE VALPARAISO CLIMATE SUMMARY FOR SEPTEMBER 17 2014...

CLIMATE NORMAL PERIOD 1981 TO 2010
CLIMATE RECORD PERIOD 1998 TO 2014


WEATHER ITEM   OBSERVED TIME   RECORD YEAR NORMAL DEPARTURE LAST
                VALUE   (LST)  VALUE       VALUE  FROM      YEAR
                                                  NORMAL
..................................................................
TEMPERATURE (F)
 YESTERDAY
  MAXIMUM         69    416 PM  84    2006  74     -5       73
  MINIMUM         41R   455 AM  42    2013  52    -11       42
  AVERAGE         55                        63     -8       58

PRECIPITATION (IN)
  YESTERDAY        0.00          0.33 2001   0.08  -0.08      T
  MONTH TO DATE    2.32                      1.89   0.43     0.22
  SINCE SEP 1      2.32                      1.89   0.43     0.22
  SINCE JAN 1     31.68                     27.43   4.25    25.90

DEGREE DAYS
 HEATING
  YESTERDAY       10                         4      6        7
  MONTH TO DATE   83                        35     48       41
  SINCE SEP 1     83                        35     48       41
  SINCE JUL 1    123                        52     71       69

 COOLING
  YESTERDAY        0                         2     -2        0
  MONTH TO DATE   56                        51      5      104
  SINCE SEP 1     56                        51      5      104
  SINCE JAN 1    603                       687    -84      771
..................................................................


WIND (MPH)
  RESULTANT WIND SPEED   1   RESULTANT WIND DIRECTION  NW (300)
  HIGHEST WIND SPEED    10   HIGHEST WIND DIRECTION     W (270)
  HIGHEST GUST SPEED    14   HIGHEST GUST DIRECTION     W (270)
  AVERAGE WIND SPEED     2.2



WEATHER CONDITIONS
 THE FOLLOWING WEATHER WAS RECORDED YESTERDAY.
  FOG
  FOG W/VISIBILITY <= 1/4 MILE


..........................................................


THE VALPARAISO CLIMATE NORMALS FOR TODAY
                         NORMAL    RECORD    YEAR
 MAXIMUM TEMPERATURE (F)   74        89      2007
 MINIMUM TEMPERATURE (F)   52        43      2009


SUNRISE AND SUNSET
SEPTEMBER 18 2014.....SUNRISE   631 AM CDT   SUNSET   652 PM CDT
SEPTEMBER 19 2014.....SUNRISE   632 AM CDT   SUNSET   650 PM CDT


-  INDICATES NEGATIVE NUMBERS.
R  INDICATES RECORD WAS SET OR TIED.
MM INDICATES DATA IS MISSING.
T  INDICATES TRACE AMOUNT.




$$

BMD
