000
CDUS43 KLOT 020636
CLIVPZ


CLIMATE REPORT
NATIONAL WEATHER SERVICE CHICAGO IL
1235 AM CST MON MAR 2 2015


...................................

...THE VALPARAISO CLIMATE SUMMARY FOR MARCH 1 2015...

CLIMATE NORMAL PERIOD 1981 TO 2010
CLIMATE RECORD PERIOD 1998 TO 2015


WEATHER ITEM   OBSERVED TIME   RECORD YEAR NORMAL DEPARTURE LAST
                VALUE   (LST)  VALUE       VALUE  FROM      YEAR
                                                  NORMAL
..................................................................
TEMPERATURE (F)
 YESTERDAY
  MAXIMUM         25    312 PM  67    1992  40    -15       28
  MINIMUM         15   1133 PM  -2    1960  24     -9       16
  AVERAGE         20                        32    -12       22

PRECIPITATION (IN)
  YESTERDAY        0.05          1.38 1976   0.08  -0.03     0.06
  MONTH TO DATE    0.05                      0.08  -0.03     0.06
  SINCE MAR 1      0.05                      0.08  -0.03     0.06
  SINCE JAN 1      1.66                      3.25  -1.59     2.69

DEGREE DAYS
 HEATING
  YESTERDAY       45                        33     12       43
  MONTH TO DATE   45                        33     12       43
  SINCE MAR 1     45                        33     12       43
  SINCE JUL 1   5303                      4765    538     5492

 COOLING
  YESTERDAY        0                         0      0        0
  MONTH TO DATE    0                         0      0        0
  SINCE MAR 1      0                         0      0        0
  SINCE JAN 1      0                         0      0        0
..................................................................


WIND (MPH)
  RESULTANT WIND SPEED   4   RESULTANT WIND DIRECTION   W (250)
  HIGHEST WIND SPEED    16   HIGHEST WIND DIRECTION     W (270)
  HIGHEST GUST SPEED    19   HIGHEST GUST DIRECTION     W (260)
  AVERAGE WIND SPEED     6.3



WEATHER CONDITIONS
 THE FOLLOWING WEATHER WAS RECORDED YESTERDAY.
  SNOW
  LIGHT SNOW
  FOG
  HAZE


..........................................................


THE VALPARAISO CLIMATE NORMALS FOR TODAY
                         NORMAL    RECORD    YEAR
 MAXIMUM TEMPERATURE (F)   41        67      1974
 MINIMUM TEMPERATURE (F)   25        -3      1925


SUNRISE AND SUNSET
MARCH  2 2015.........SUNRISE   621 AM CST   SUNSET   540 PM CST
MARCH  3 2015.........SUNRISE   620 AM CST   SUNSET   541 PM CST


-  INDICATES NEGATIVE NUMBERS.
R  INDICATES RECORD WAS SET OR TIED.
MM INDICATES DATA IS MISSING.
T  INDICATES TRACE AMOUNT.




$$
