000
CDUS43 KLOT 260632
CLIVPZ


CLIMATE REPORT
NATIONAL WEATHER SERVICE CHICAGO IL
132 AM CDT MON SEP 26 2016


...................................

...THE VALPARAISO CLIMATE SUMMARY FOR SEPTEMBER 25 2016...

CLIMATE NORMAL PERIOD 1981 TO 2010
CLIMATE RECORD PERIOD 1998 TO 2016


WEATHER ITEM   OBSERVED TIME   RECORD YEAR NORMAL DEPARTURE LAST
                VALUE   (LST)  VALUE       VALUE  FROM      YEAR
                                                  NORMAL
..................................................................
TEMPERATURE (F)
 YESTERDAY
  MAXIMUM         86R   238 PM  86    1999  71     15       82
  MINIMUM         58    607 AM  38    2000  49      9       54
  AVERAGE         72                        60     12       68

PRECIPITATION (IN)
  YESTERDAY        T             0.48 2001   0.10  -0.10     0.00
  MONTH TO DATE    0.72                      2.66  -1.94     1.16
  SINCE SEP 1      0.72                      2.66  -1.94     1.16
  SINCE JAN 1     23.56                     28.20  -4.64    24.86

DEGREE DAYS
 HEATING
  YESTERDAY        0                         6     -6        0
  MONTH TO DATE    0                        76    -76       31
  SINCE SEP 1      0                        76    -76       31
  SINCE JUL 1      8                        93    -85       42

 COOLING
  YESTERDAY        7                         1      6        3
  MONTH TO DATE  141                        60     81      130
  SINCE SEP 1    141                        60     81      130
  SINCE JAN 1    990                       696    294      717
..................................................................


WIND (MPH)
  RESULTANT WIND SPEED   5   RESULTANT WIND DIRECTION   S (160)
  HIGHEST WIND SPEED    28   HIGHEST WIND DIRECTION     W (250)
  HIGHEST GUST SPEED    43   HIGHEST GUST DIRECTION     W (260)
  AVERAGE WIND SPEED     7.5



WEATHER CONDITIONS
 THE FOLLOWING WEATHER WAS RECORDED YESTERDAY.
  THUNDERSTORM
  LIGHT RAIN


..........................................................


THE VALPARAISO CLIMATE NORMALS FOR TODAY
                         NORMAL    RECORD    YEAR
 MAXIMUM TEMPERATURE (F)   71        91      1998
 MINIMUM TEMPERATURE (F)   48        38      2000


SUNRISE AND SUNSET
SEPTEMBER 26 2016.....SUNRISE   640 AM CDT   SUNSET   637 PM CDT
SEPTEMBER 27 2016.....SUNRISE   641 AM CDT   SUNSET   636 PM CDT


-  INDICATES NEGATIVE NUMBERS.
R  INDICATES RECORD WAS SET OR TIED.
MM INDICATES DATA IS MISSING.
T  INDICATES TRACE AMOUNT.




$$
