000
CDUS43 KLOT 220632
CLIVPZ


CLIMATE REPORT
NATIONAL WEATHER SERVICE CHICAGO IL
1231 AM CST MON JAN 22 2018


...................................

...THE VALPARAISO CLIMATE SUMMARY FOR JANUARY 21 2018...

CLIMATE NORMAL PERIOD 1981 TO 2010
CLIMATE RECORD PERIOD 1998 TO 2018


WEATHER ITEM   OBSERVED TIME   RECORD YEAR NORMAL DEPARTURE LAST
                VALUE   (LST)  VALUE       VALUE  FROM      YEAR
                                                  NORMAL
..................................................................
TEMPERATURE (F)
 YESTERDAY
  MAXIMUM         47   1151 PM  62    2017  31     16       62
                                      1999
  MINIMUM         37    511 AM  -7    2000  16     21       39
  AVERAGE         42                        23     19       51

PRECIPITATION (IN)
  YESTERDAY        0.00          0.15 2010   0.06  -0.06     0.00
  MONTH TO DATE    0.33                      1.15  -0.82     2.40
  SINCE DEC 1      0.49                      3.33  -2.84     3.15
  SINCE JAN 1      0.33                      1.15  -0.82     2.40

DEGREE DAYS
 HEATING
  YESTERDAY       23                        42    -19       14
  MONTH TO DATE  948                       873     75      734
  SINCE DEC 1   2088                      2017     71     1932
  SINCE JUL 1   3087                      3275   -188     2745

 COOLING
  YESTERDAY        0                         0      0        0
  MONTH TO DATE    0                         0      0        0
  SINCE DEC 1      0                         0      0        0
  SINCE JAN 1      0                         0      0        0
..................................................................


WIND (MPH)
  RESULTANT WIND SPEED   6   RESULTANT WIND DIRECTION   S (160)
  HIGHEST WIND SPEED    10   HIGHEST WIND DIRECTION     S (160)
  HIGHEST GUST SPEED    14   HIGHEST GUST DIRECTION    SE (150)
  AVERAGE WIND SPEED     5.9



WEATHER CONDITIONS
 THE FOLLOWING WEATHER WAS RECORDED YESTERDAY.
  FOG
  FOG W/VISIBILITY <= 1/4 MILE


..........................................................


THE VALPARAISO CLIMATE NORMALS FOR TODAY
                         NORMAL    RECORD    YEAR
 MAXIMUM TEMPERATURE (F)   31        55      2002
 MINIMUM TEMPERATURE (F)   16        -7      2000


SUNRISE AND SUNSET
JANUARY 22 2018.......SUNRISE   708 AM CST   SUNSET   452 PM CST
JANUARY 23 2018.......SUNRISE   707 AM CST   SUNSET   453 PM CST


-  INDICATES NEGATIVE NUMBERS.
R  INDICATES RECORD WAS SET OR TIED.
MM INDICATES DATA IS MISSING.
T  INDICATES TRACE AMOUNT.




$$
