000
CDUS43 KLOT 120634
CLIVPZ


CLIMATE REPORT
NATIONAL WEATHER SERVICE CHICAGO IL
1234 AM CST FRI FEB 12 2016


...................................

...THE VALPARAISO CLIMATE SUMMARY FOR FEBRUARY 11 2016...

CLIMATE NORMAL PERIOD 1981 TO 2010
CLIMATE RECORD PERIOD 1998 TO 2016


WEATHER ITEM   OBSERVED TIME   RECORD YEAR NORMAL DEPARTURE LAST
                VALUE   (LST)  VALUE       VALUE  FROM      YEAR
                                                  NORMAL
..................................................................
TEMPERATURE (F)
 YESTERDAY
  MAXIMUM         22    216 PM  70    1999  34    -12       35
  MINIMUM         10   1117 PM -11    2014  19     -9       23
  AVERAGE         16                        26    -10       29

PRECIPITATION (IN)
  YESTERDAY        T             1.48 2009   0.06  -0.06      T
  MONTH TO DATE    0.69                      0.53   0.16     0.71
  SINCE DEC 1      3.28                      4.46  -1.18     2.42
  SINCE JAN 1      1.15                      2.28  -1.13     1.61

DEGREE DAYS
 HEATING
  YESTERDAY       49                        39     10       36
  MONTH TO DATE  393                       438    -45      474
  SINCE DEC 1   2298                      2865   -567     2830
  SINCE JUL 1   3274                      4123   -849     4331

 COOLING
  YESTERDAY        0                         0      0        0
  MONTH TO DATE    0                         0      0        0
  SINCE DEC 1      0                         0      0        0
  SINCE JAN 1      0                         0      0        0
..................................................................


WIND (MPH)
  RESULTANT WIND SPEED   4   RESULTANT WIND DIRECTION   W (280)
  HIGHEST WIND SPEED    15   HIGHEST WIND DIRECTION     W (290)
  HIGHEST GUST SPEED    18   HIGHEST GUST DIRECTION     W (290)
  AVERAGE WIND SPEED     6.3



WEATHER CONDITIONS
 THE FOLLOWING WEATHER WAS RECORDED YESTERDAY.
  LIGHT SNOW


..........................................................


THE VALPARAISO CLIMATE NORMALS FOR TODAY
                         NORMAL    RECORD    YEAR
 MAXIMUM TEMPERATURE (F)   34        48      2005
 MINIMUM TEMPERATURE (F)   19        -9      2014


SUNRISE AND SUNSET
FEBRUARY 12 2016......SUNRISE   648 AM CST   SUNSET   517 PM CST
FEBRUARY 13 2016......SUNRISE   646 AM CST   SUNSET   519 PM CST


-  INDICATES NEGATIVE NUMBERS.
R  INDICATES RECORD WAS SET OR TIED.
MM INDICATES DATA IS MISSING.
T  INDICATES TRACE AMOUNT.




$$
