000
CDUS42 KMLB 240644
CLIVRB


CLIMATE REPORT
NATIONAL WEATHER SERVICE MELBOURNE FL
233 AM EDT FRI MAR 24 2017


...................................

...THE VERO BEACH CLIMATE SUMMARY FOR MARCH 23 2017...

CLIMATE NORMAL PERIOD 1981 TO 2010
CLIMATE RECORD PERIOD 1942 TO 2017


WEATHER ITEM   OBSERVED TIME   RECORD YEAR NORMAL DEPARTURE LAST
                VALUE   (LST)  VALUE       VALUE  FROM      YEAR
                                                  NORMAL
..................................................................
TEMPERATURE (F)
 YESTERDAY
  MAXIMUM         79   1052 AM  90    2013  78      1       78
                                      1977
                                      1944
  MINIMUM         64   1215 PM  37    1996  58      6       55
  AVERAGE         72                        68      4       67

PRECIPITATION (IN)
  YESTERDAY        0.70          1.09 1981   0.15   0.55     0.00
  MONTH TO DATE    1.61                      3.04  -1.43     0.53
  SINCE MAR 1      1.61                      3.04  -1.43     0.53
  SINCE JAN 1      3.57                      8.21  -4.64    13.88

SNOWFALL (IN)
  YESTERDAY        0.0
  MONTH TO DATE    0.0
  SINCE JUL 1      0.0

DEGREE DAYS
 HEATING
  YESTERDAY        0                         1     -1        0
  MONTH TO DATE   39                        47     -8       11
  SINCE MAR 1     39                        47     -8       11
  SINCE JUL 1    182                       432   -250      279

 COOLING
  YESTERDAY        7                         4      3        2
  MONTH TO DATE  103                        92     11      154
  SINCE MAR 1    103                        92     11      154
  SINCE JAN 1    304                       231     73      252
..................................................................


WIND (MPH)
  HIGHEST WIND SPEED    37   HIGHEST WIND DIRECTION     E (80)
  HIGHEST GUST SPEED    54   HIGHEST GUST DIRECTION     E (70)
  AVERAGE WIND SPEED    12.0


SKY COVER
  AVERAGE SKY COVER 0.6


WEATHER CONDITIONS
 THE FOLLOWING WEATHER WAS RECORDED YESTERDAY.
  THUNDERSTORM
  HEAVY RAIN
  RAIN
  LIGHT RAIN
  FOG
  HAZE


RELATIVE HUMIDITY (PERCENT)
 HIGHEST    93           800 PM
 LOWEST     67          1000 AM
 AVERAGE    80

..........................................................


THE VERO BEACH CLIMATE NORMALS FOR TODAY
                         NORMAL    RECORD    YEAR
 MAXIMUM TEMPERATURE (F)   78        91      2013
                                             1952
 MINIMUM TEMPERATURE (F)   59        37      1968


SUNRISE AND SUNSET
MARCH 24 2017.........SUNRISE   721 AM EDT   SUNSET   735 PM EDT
MARCH 25 2017.........SUNRISE   720 AM EDT   SUNSET   736 PM EDT


-  INDICATES NEGATIVE NUMBERS.
R  INDICATES RECORD WAS SET OR TIED.
MM INDICATES DATA IS MISSING.
T  INDICATES TRACE AMOUNT.




$$
