000
CDUS42 KMLB 260642
CLIVRB


CLIMATE REPORT
NATIONAL WEATHER SERVICE MELBOURNE FL
232 AM EDT SUN OCT 26 2014


...................................

...THE VERO BEACH CLIMATE SUMMARY FOR OCTOBER 25 2014...

CLIMATE NORMAL PERIOD 1981 TO 2010
CLIMATE RECORD PERIOD 1942 TO 2014


WEATHER ITEM   OBSERVED TIME   RECORD YEAR NORMAL DEPARTURE LAST
                VALUE   (LST)  VALUE       VALUE  FROM      YEAR
                                                  NORMAL
..................................................................
TEMPERATURE (F)
 YESTERDAY
  MAXIMUM         79    209 PM  92    1997  83     -4       81
  MINIMUM         61    627 AM  48    2005  67     -6       62
  AVERAGE         70                        75     -5       72

PRECIPITATION (IN)
  YESTERDAY        0.00          4.26 1964   0.12  -0.12     0.00
  MONTH TO DATE    4.03                      4.23  -0.20     0.52
  SINCE SEP 1     14.77                     11.02   3.75     7.14
  SINCE JAN 1     48.08                     45.72   2.36    34.82

SNOWFALL (IN)
  YESTERDAY        0.0
  MONTH TO DATE    0.0
  SINCE JUL 1      0.0

DEGREE DAYS
 HEATING
  YESTERDAY        0                         0      0        0
  MONTH TO DATE    0                         0      0        0
  SINCE SEP 1      0                         0      0        0
  SINCE JUL 1      0                         0      0        0

 COOLING
  YESTERDAY        5                        10     -5        7
  MONTH TO DATE  250                       306    -56      301
  SINCE SEP 1    668                       775   -107      753
  SINCE JAN 1   3035                      3073    -38     3159
..................................................................


WIND (MPH)
  HIGHEST WIND SPEED    18   HIGHEST WIND DIRECTION     N (360)
  HIGHEST GUST SPEED    24   HIGHEST GUST DIRECTION     N (340)
  AVERAGE WIND SPEED     9.3


SKY COVER
  AVERAGE SKY COVER 0.2


WEATHER CONDITIONS
 THE FOLLOWING WEATHER WAS RECORDED YESTERDAY.
  NO SIGNIFICANT WEATHER WAS OBSERVED.


RELATIVE HUMIDITY (PERCENT)
 HIGHEST    97           500 AM
 LOWEST     45           100 PM
 AVERAGE    71

..........................................................


THE VERO BEACH CLIMATE NORMALS FOR TODAY
                         NORMAL    RECORD    YEAR
 MAXIMUM TEMPERATURE (F)   83        92      1997
 MINIMUM TEMPERATURE (F)   66        48      2005


SUNRISE AND SUNSET
OCTOBER 26 2014.......SUNRISE   728 AM EDT   SUNSET   642 PM EDT
OCTOBER 27 2014.......SUNRISE   729 AM EDT   SUNSET   642 PM EDT


-  INDICATES NEGATIVE NUMBERS.
R  INDICATES RECORD WAS SET OR TIED.
MM INDICATES DATA IS MISSING.
T  INDICATES TRACE AMOUNT.




$$
