000
CDUS42 KMLB 270641
CLIVRB


CLIMATE REPORT
NATIONAL WEATHER SERVICE MELBOURNE FL
231 AM EDT FRI MAR 27 2015


...................................

...THE VERO BEACH CLIMATE SUMMARY FOR MARCH 26 2015...

CLIMATE NORMAL PERIOD 1981 TO 2010
CLIMATE RECORD PERIOD 1942 TO 2015


WEATHER ITEM   OBSERVED TIME   RECORD YEAR NORMAL DEPARTURE LAST
                VALUE   (LST)  VALUE       VALUE  FROM      YEAR
                                                  NORMAL
..................................................................
TEMPERATURE (F)
 YESTERDAY
  MAXIMUM         88R   109 PM  88    1980  78     10       62
                                      1944
  MINIMUM         65    349 AM  43    1979  59      6       47
  AVERAGE         77                        68      9       55

PRECIPITATION (IN)
  YESTERDAY        T             2.62 1970   0.13  -0.13     0.00
  MONTH TO DATE    1.98                      3.46  -1.48     0.70
  SINCE MAR 1      1.98                      3.46  -1.48     0.70
  SINCE JAN 1      5.61                      8.63  -3.02     7.25

SNOWFALL (IN)
  YESTERDAY        0.0
  MONTH TO DATE    0.0
  SINCE JUL 1      0.0

DEGREE DAYS
 HEATING
  YESTERDAY        0                         1     -1       10
  MONTH TO DATE    0                        50    -50       23
  SINCE MAR 1      0                        50    -50       23
  SINCE JUL 1    372                       435    -63      258

 COOLING
  YESTERDAY       12                         5      7        0
  MONTH TO DATE  234                       105    129      100
  SINCE MAR 1    234                       105    129      100
  SINCE JAN 1    359                       244    115      308
..................................................................


WIND (MPH)
  HIGHEST WIND SPEED    25   HIGHEST WIND DIRECTION    SE (140)
  HIGHEST GUST SPEED    30   HIGHEST GUST DIRECTION    SE (150)
  AVERAGE WIND SPEED     7.6


SKY COVER
  AVERAGE SKY COVER 0.5


WEATHER CONDITIONS
 THE FOLLOWING WEATHER WAS RECORDED YESTERDAY.
  THUNDERSTORM
  LIGHT RAIN
  FOG


RELATIVE HUMIDITY (PERCENT)
 HIGHEST    93           300 AM
 LOWEST     40          1200 PM
 AVERAGE    67

..........................................................


THE VERO BEACH CLIMATE NORMALS FOR TODAY
                         NORMAL    RECORD    YEAR
 MAXIMUM TEMPERATURE (F)   78        92      2011
 MINIMUM TEMPERATURE (F)   59        42      1979
                                             1971


SUNRISE AND SUNSET
MARCH 27 2015.........SUNRISE   718 AM EDT   SUNSET   737 PM EDT
MARCH 28 2015.........SUNRISE   717 AM EDT   SUNSET   737 PM EDT


-  INDICATES NEGATIVE NUMBERS.
R  INDICATES RECORD WAS SET OR TIED.
MM INDICATES DATA IS MISSING.
T  INDICATES TRACE AMOUNT.




$$
