000
CDUS42 KMLB 030643
CLIVRB


CLIMATE REPORT
NATIONAL WEATHER SERVICE MELBOURNE FL
142 AM EST TUE MAR 3 2015


...................................

...THE VERO BEACH CLIMATE SUMMARY FOR MARCH 2 2015...

CLIMATE NORMAL PERIOD 1981 TO 2010
CLIMATE RECORD PERIOD 1942 TO 2015


WEATHER ITEM   OBSERVED TIME   RECORD YEAR NORMAL DEPARTURE LAST
                VALUE   (LST)  VALUE       VALUE  FROM      YEAR
                                                  NORMAL
..................................................................
TEMPERATURE (F)
 YESTERDAY
  MAXIMUM         78    305 PM  91    2007  76      2       80
  MINIMUM         62    425 AM  31    1968  56      6       56
  AVERAGE         70                        66      4       68

PRECIPITATION (IN)
  YESTERDAY        0.00          2.28 1947   0.11  -0.11     0.00
  MONTH TO DATE    T                         0.21  -0.21     0.00
  SINCE MAR 1      T                         0.21  -0.21     0.00
  SINCE JAN 1      3.63                      5.38  -1.75     6.55

SNOWFALL (IN)
  YESTERDAY        0.0
  MONTH TO DATE    0.0
  SINCE JUL 1      0.0

DEGREE DAYS
 HEATING
  YESTERDAY        0                         3     -3        0
  MONTH TO DATE    0                         6     -6        0
  SINCE MAR 1      0                         6     -6        0
  SINCE JUL 1    372                       391    -19      235

 COOLING
  YESTERDAY        5                         4      1        3
  MONTH TO DATE   15                         8      7        4
  SINCE MAR 1     15                         8      7        4
  SINCE JAN 1    140                       147     -7      212
..................................................................


WIND (MPH)
  HIGHEST WIND SPEED    12   HIGHEST WIND DIRECTION    NE (30)
  HIGHEST GUST SPEED    15   HIGHEST GUST DIRECTION    NE (40)
  AVERAGE WIND SPEED     5.4


SKY COVER
  AVERAGE SKY COVER 0.4


WEATHER CONDITIONS
 THE FOLLOWING WEATHER WAS RECORDED YESTERDAY.
  FOG
  FOG W/VISIBILITY <= 1/4 MILE
  HAZE


RELATIVE HUMIDITY (PERCENT)
 HIGHEST    93           300 AM
 LOWEST     67           200 PM
 AVERAGE    80

..........................................................


THE VERO BEACH CLIMATE NORMALS FOR TODAY
                         NORMAL    RECORD    YEAR
 MAXIMUM TEMPERATURE (F)   76        89      2012
                                             2001
 MINIMUM TEMPERATURE (F)   56        26      1980


SUNRISE AND SUNSET
MARCH  3 2015.........SUNRISE   644 AM EST   SUNSET   623 PM EST
MARCH  4 2015.........SUNRISE   643 AM EST   SUNSET   624 PM EST


-  INDICATES NEGATIVE NUMBERS.
R  INDICATES RECORD WAS SET OR TIED.
MM INDICATES DATA IS MISSING.
T  INDICATES TRACE AMOUNT.




$$
