000
CDUS42 KMLB 290648
CLIVRB


CLIMATE REPORT
NATIONAL WEATHER SERVICE MELBOURNE FL
245 AM EDT FRI APR 29 2016


...................................

...THE VERO BEACH CLIMATE SUMMARY FOR APRIL 28 2016...

CLIMATE NORMAL PERIOD 1981 TO 2010
CLIMATE RECORD PERIOD 1942 TO 2016


WEATHER ITEM   OBSERVED TIME   RECORD YEAR NORMAL DEPARTURE LAST
                VALUE   (LST)  VALUE       VALUE  FROM      YEAR
                                                  NORMAL
..................................................................
TEMPERATURE (F)
 YESTERDAY
  MAXIMUM         86    307 PM  91    1967  82      4       79
                                      1965
  MINIMUM         62    547 AM  48    1977  63     -1       69
  AVERAGE         74                        73      1       74

PRECIPITATION (IN)
  YESTERDAY        0.00          2.34 2015   0.08  -0.08     2.34
  MONTH TO DATE    1.60                      2.56  -0.96     4.71
  SINCE MAR 1      4.46                      6.68  -2.22     7.09
  SINCE JAN 1     17.81                     11.85   5.96    10.72

SNOWFALL (IN)
  YESTERDAY        0.0
  MONTH TO DATE    0.0
  SINCE JUL 1      0.0

DEGREE DAYS
 HEATING
  YESTERDAY        0                         0      0        0
  MONTH TO DATE    5                        13     -8        0
  SINCE MAR 1     16                        68    -52       12
  SINCE JUL 1    284                       453   -169      384

 COOLING
  YESTERDAY        9                         8      1        9
  MONTH TO DATE  202                       174     28      341
  SINCE MAR 1    438                       303    135      584
  SINCE JAN 1    536                       442     94      709
..................................................................


WIND (MPH)
  HIGHEST WIND SPEED    16   HIGHEST WIND DIRECTION    SE (120)
  HIGHEST GUST SPEED    21   HIGHEST GUST DIRECTION    SE (120)
  AVERAGE WIND SPEED     7.5


SKY COVER
  AVERAGE SKY COVER 0.0


WEATHER CONDITIONS
 THE FOLLOWING WEATHER WAS RECORDED YESTERDAY.
  NO SIGNIFICANT WEATHER WAS OBSERVED.


RELATIVE HUMIDITY (PERCENT)
 HIGHEST    93           600 AM
 LOWEST     45           200 PM
 AVERAGE    69

..........................................................


THE VERO BEACH CLIMATE NORMALS FOR TODAY
                         NORMAL    RECORD    YEAR
 MAXIMUM TEMPERATURE (F)   82        94      1986
 MINIMUM TEMPERATURE (F)   64        50      1992
                                             1980
                                             1977


SUNRISE AND SUNSET
APRIL 29 2016.........SUNRISE   643 AM EDT   SUNSET   755 PM EDT
APRIL 30 2016.........SUNRISE   643 AM EDT   SUNSET   755 PM EDT


-  INDICATES NEGATIVE NUMBERS.
R  INDICATES RECORD WAS SET OR TIED.
MM INDICATES DATA IS MISSING.
T  INDICATES TRACE AMOUNT.




$$
