000
CDUS42 KMLB 310627
CLIVRB


CLIMATE REPORT
NATIONAL WEATHER SERVICE MELBOURNE FL
226 AM EDT FRI JUL 31 2015


...................................

...THE VERO BEACH CLIMATE SUMMARY FOR JULY 30 2015...

CLIMATE NORMAL PERIOD 1981 TO 2010
CLIMATE RECORD PERIOD 1942 TO 2015


WEATHER ITEM   OBSERVED TIME   RECORD YEAR NORMAL DEPARTURE LAST
                VALUE   (LST)  VALUE       VALUE  FROM      YEAR
                                                  NORMAL
..................................................................
TEMPERATURE (F)
 YESTERDAY
  MAXIMUM         92    224 PM  97    2010  90      2       90
  MINIMUM         75    421 PM  69    2000  74      1       73
                                      1982
                                      1976
  AVERAGE         84                        82      2       82

PRECIPITATION (IN)
  YESTERDAY        0.30          2.00 1993   0.17   0.13      T
  MONTH TO DATE    5.85                      5.45   0.40     6.14
  SINCE JUN 1     10.76                     12.12  -1.36    13.84
  SINCE JAN 1     22.48                     27.49  -5.01    27.02

SNOWFALL (IN)
  YESTERDAY        0.0
  MONTH TO DATE    0.0
  SINCE JUL 1      0.0

DEGREE DAYS
 HEATING
  YESTERDAY        0                         0      0        0
  MONTH TO DATE    0                         0      0        0
  SINCE JUN 1      0                         0      0        0
  SINCE JUL 1      0                         0      0        0

 COOLING
  YESTERDAY       19                        17      2       17
  MONTH TO DATE  548                       501     47      472
  SINCE JUN 1   1061                       957    104      906
  SINCE JAN 1   2213                      1763    450     1832
..................................................................


WIND (MPH)
  HIGHEST WIND SPEED    29   HIGHEST WIND DIRECTION     W (280)
  HIGHEST GUST SPEED    35   HIGHEST GUST DIRECTION     W (280)
  AVERAGE WIND SPEED     7.0


SKY COVER
  AVERAGE SKY COVER 0.4


WEATHER CONDITIONS
 THE FOLLOWING WEATHER WAS RECORDED YESTERDAY.
  THUNDERSTORM
  RAIN
  LIGHT RAIN
  FOG
  HAZE


RELATIVE HUMIDITY (PERCENT)
 HIGHEST    91           700 AM
 LOWEST     56          1200 PM
 AVERAGE    74

..........................................................


THE VERO BEACH CLIMATE NORMALS FOR TODAY
                         NORMAL    RECORD    YEAR
 MAXIMUM TEMPERATURE (F)   90        95      2010
                                             1999
                                             1997
 MINIMUM TEMPERATURE (F)   74        69      2000
                                             1967


SUNRISE AND SUNSET
JULY 31 2015..........SUNRISE   644 AM EDT   SUNSET   812 PM EDT
AUGUST  1 2015........SUNRISE   645 AM EDT   SUNSET   811 PM EDT


-  INDICATES NEGATIVE NUMBERS.
R  INDICATES RECORD WAS SET OR TIED.
MM INDICATES DATA IS MISSING.
T  INDICATES TRACE AMOUNT.




$$
