000
CDUS41 KBTV 190612
CLIVSF


CLIMATE REPORT
NATIONAL WEATHER SERVICE BURLINGTON VT
210 AM EDT SAT AUG 19 2017


...................................

...THE SPRINGFIELD VT CLIMATE SUMMARY FOR AUGUST 18 2017...

CLIMATE NORMAL PERIOD 1981 TO 2010
CLIMATE RECORD PERIOD 9999 TO 9999


WEATHER ITEM   OBSERVED TIME   NORMAL DEPARTURE LAST
                VALUE   (LST)  VALUE  FROM      YEAR
                                      NORMAL
......................................................
TEMPERATURE (F)
 YESTERDAY
  MAXIMUM         69    510 PM  79    -10       84
  MINIMUM         59    205 AM  55      4       56
  AVERAGE         64            67     -3       70

PRECIPITATION (IN)
  YESTERDAY        0.67          0.12   0.55      T
  MONTH TO DATE    2.69          2.25   0.44     1.05
  SINCE JUN 1     10.40         10.57  -0.17     6.91
  SINCE JAN 1     27.99         26.84   1.15    17.33

DEGREE DAYS
 HEATING
  YESTERDAY        1             1      0        0
  MONTH TO DATE    5            18    -13        0
  SINCE JUN 1    122           131     -9       86
  SINCE JUL 1     24            35    -11       14

 COOLING
  YESTERDAY        0             3     -3        5
  MONTH TO DATE   52            70    -18      120
  SINCE JUN 1    263           273    -10      343
  SINCE JAN 1    277           285     -8      384
......................................................


WIND (MPH)
  HIGHEST WIND SPEED     8   HIGHEST WIND DIRECTION    NE (40)
  HIGHEST GUST SPEED    14   HIGHEST GUST DIRECTION    NE (30)
  AVERAGE WIND SPEED     0.5


SKY COVER
  AVERAGE SKY COVER 0.9


WEATHER CONDITIONS
 THE FOLLOWING WEATHER WAS RECORDED YESTERDAY.
  HEAVY RAIN
  RAIN
  LIGHT RAIN
  FOG


RELATIVE HUMIDITY (PERCENT)
 HIGHEST   100          1100 AM
 LOWEST     84           200 AM
 AVERAGE    92

..........................................................


THE SPRINGFIELD VT CLIMATE NORMALS FOR TODAY
                         NORMAL    RECORD    YEAR
 MAXIMUM TEMPERATURE (F)   79        88      2010
 MINIMUM TEMPERATURE (F)   55        44      2014


SUNRISE AND SUNSET
AUGUST 19 2017........SUNRISE   600 AM EDT   SUNSET   746 PM EDT
AUGUST 20 2017........SUNRISE   601 AM EDT   SUNSET   745 PM EDT


-  INDICATES NEGATIVE NUMBERS.
R  INDICATES RECORD WAS SET OR TIED.
MM INDICATES DATA IS MISSING.
T  INDICATES TRACE AMOUNT.




$$
