000
CDUS41 KBTV 060551
CLIVSF


CLIMATE REPORT
NATIONAL WEATHER SERVICE BURLINGTON VT
149 AM EDT FRI MAY 6 2016


...................................

...THE SPRINGFIELD VT CLIMATE SUMMARY FOR MAY 5 2016...

CLIMATE NORMAL PERIOD 1981 TO 2010
CLIMATE RECORD PERIOD 9999 TO 9999


WEATHER ITEM   OBSERVED TIME   NORMAL DEPARTURE LAST
                VALUE   (LST)  VALUE  FROM      YEAR
                                      NORMAL
......................................................
TEMPERATURE (F)
 YESTERDAY
  MAXIMUM         55        MM  65    -10       72
  MINIMUM         42        MM  40      2       47
  AVERAGE         49            52     -3       60

PRECIPITATION (IN)
  YESTERDAY        0.00          0.11  -0.11     0.00
  MONTH TO DATE    0.48          0.51  -0.03      T
  SINCE MAR 1      3.59          7.43  -3.84     3.09
  SINCE JAN 1      8.81         13.04  -4.23     7.24

DEGREE DAYS
 HEATING
  YESTERDAY       16            13      3        5
  MONTH TO DATE   91            68     23       41
  SINCE MAR 1   1590          1729   -139     1900
  SINCE JUL 1   6246          7174   -928     7452

 COOLING
  YESTERDAY        0             0      0        0
  MONTH TO DATE    0             0      0        0
  SINCE MAR 1      0             2     -2        0
  SINCE JAN 1      0             2     -2        0
......................................................


WIND (MPH)
  HIGHEST WIND SPEED     6   HIGHEST WIND DIRECTION     E (99)
  HIGHEST GUST SPEED    MM   HIGHEST GUST DIRECTION    MM
  AVERAGE WIND SPEED     1.9


SKY COVER
  AVERAGE SKY COVER 1.0


WEATHER CONDITIONS
 THE FOLLOWING WEATHER WAS RECORDED YESTERDAY.
  NO SIGNIFICANT WEATHER WAS OBSERVED.


RELATIVE HUMIDITY (PERCENT)
 HIGHEST    96           200 AM
 LOWEST     61           400 PM
 AVERAGE    79

..........................................................


THE SPRINGFIELD VT CLIMATE NORMALS FOR TODAY
                         NORMAL    RECORD    YEAR
 MAXIMUM TEMPERATURE (F)   65        82      2002
 MINIMUM TEMPERATURE (F)   40        30      2011


SUNRISE AND SUNSET
MAY  6 2016...........SUNRISE   536 AM EDT   SUNSET   758 PM EDT
MAY  7 2016...........SUNRISE   535 AM EDT   SUNSET   759 PM EDT


-  INDICATES NEGATIVE NUMBERS.
R  INDICATES RECORD WAS SET OR TIED.
MM INDICATES DATA IS MISSING.
T  INDICATES TRACE AMOUNT.




$$
