108
CDUS41 KBTV 230535
CLIVSF


CLIMATE REPORT
NATIONAL WEATHER SERVICE BURLINGTON VT
1234 AM EST TUE JAN 23 2018


...................................

...THE SPRINGFIELD VT CLIMATE SUMMARY FOR JANUARY 22 2018...

CLIMATE NORMAL PERIOD 1981 TO 2010
CLIMATE RECORD PERIOD 9999 TO 9999


WEATHER ITEM   OBSERVED TIME   NORMAL DEPARTURE LAST
                VALUE   (LST)  VALUE  FROM      YEAR
                                      NORMAL
......................................................
TEMPERATURE (F)
 YESTERDAY
  MAXIMUM         34    355 PM  29      5       40
  MINIMUM         27   1230 AM   9     18       32
  AVERAGE         31            19     12       36

PRECIPITATION (IN)
  YESTERDAY        0.12          0.07   0.05     0.02
  MONTH TO DATE    2.09          2.20  -0.11     0.94
  SINCE DEC 1      5.50          5.47   0.03     3.34
  SINCE JAN 1      2.09          2.20  -0.11     0.94

DEGREE DAYS
 HEATING
  YESTERDAY       34            46    -12       29
  MONTH TO DATE 1058          1001     57      867
  SINCE DEC 1   2430          2221    209     2082
  SINCE JUL 1   3822          3864    -42     3538

 COOLING
  YESTERDAY        0             0      0        0
  MONTH TO DATE    0             0      0        0
  SINCE DEC 1      0             0      0        0
  SINCE JAN 1      0             0      0        0
......................................................


WIND (MPH)
  HIGHEST WIND SPEED     9   HIGHEST WIND DIRECTION    SE (140)
  HIGHEST GUST SPEED    12   HIGHEST GUST DIRECTION    SE (150)
  AVERAGE WIND SPEED     1.5


SKY COVER
  AVERAGE SKY COVER 1.0


WEATHER CONDITIONS
 THE FOLLOWING WEATHER WAS RECORDED YESTERDAY.
  LT FREEZING RAIN
  LIGHT SNOW
  FOG


RELATIVE HUMIDITY (PERCENT)
 HIGHEST   100          1200 AM
 LOWEST     85           500 PM
 AVERAGE    93

..........................................................


THE SPRINGFIELD VT CLIMATE NORMALS FOR TODAY
                         NORMAL    RECORD    YEAR
 MAXIMUM TEMPERATURE (F)   29        51      2002
 MINIMUM TEMPERATURE (F)    9       -11      2000


SUNRISE AND SUNSET
JANUARY 23 2018.......SUNRISE   714 AM EST   SUNSET   450 PM EST
JANUARY 24 2018.......SUNRISE   713 AM EST   SUNSET   451 PM EST


-  INDICATES NEGATIVE NUMBERS.
R  INDICATES RECORD WAS SET OR TIED.
MM INDICATES DATA IS MISSING.
T  INDICATES TRACE AMOUNT.




$$
