000
CDUS41 KBTV 220527
CLIVSF


CLIMATE REPORT
NATIONAL WEATHER SERVICE BURLINGTON VT
121 AM EDT WED MAR 22 2017


...................................

...THE SPRINGFIELD VT CLIMATE SUMMARY FOR MARCH 21 2017...

CLIMATE NORMAL PERIOD 1981 TO 2010
CLIMATE RECORD PERIOD 9999 TO 9999


WEATHER ITEM   OBSERVED TIME   NORMAL DEPARTURE LAST
                VALUE   (LST)  VALUE  FROM      YEAR
                                      NORMAL
......................................................
TEMPERATURE (F)
 YESTERDAY
  MAXIMUM         49    246 PM  44      5       MM
  MINIMUM         27   1155 PM  23      4       MM
  AVERAGE         38            33      5       MM

PRECIPITATION (IN)
  YESTERDAY        0.00          0.14  -0.14      T
  MONTH TO DATE    0.95          1.93  -0.98     1.02
  SINCE MAR 1      0.95          1.93  -0.98     1.02
  SINCE JAN 1      4.50          7.54  -3.04     6.24

DEGREE DAYS
 HEATING
  YESTERDAY       27            32     -5       MM
  MONTH TO DATE  795           739     56      570
  SINCE MAR 1    795           739     56      570
  SINCE JUL 1   5672          6184   -512     5226

 COOLING
  YESTERDAY        0             0      0       MM
  MONTH TO DATE    0             0      0        0
  SINCE MAR 1      0             0      0        0
  SINCE JAN 1      0             0      0        0
......................................................


WIND (MPH)
  HIGHEST WIND SPEED    16   HIGHEST WIND DIRECTION     W (270)
  HIGHEST GUST SPEED    23   HIGHEST GUST DIRECTION     W (280)
  AVERAGE WIND SPEED     3.5


SKY COVER
  AVERAGE SKY COVER 0.7


WEATHER CONDITIONS
 THE FOLLOWING WEATHER WAS RECORDED YESTERDAY.
  NO SIGNIFICANT WEATHER WAS OBSERVED.


RELATIVE HUMIDITY (PERCENT)
 HIGHEST    72          1000 PM
 LOWEST     41          1000 AM
 AVERAGE    57

..........................................................


THE SPRINGFIELD VT CLIMATE NORMALS FOR TODAY
                         NORMAL    RECORD    YEAR
 MAXIMUM TEMPERATURE (F)   44        83      2012
 MINIMUM TEMPERATURE (F)   23        10      2002


SUNRISE AND SUNSET
MARCH 22 2017.........SUNRISE   649 AM EDT   SUNSET   705 PM EDT
MARCH 23 2017.........SUNRISE   648 AM EDT   SUNSET   706 PM EDT


-  INDICATES NEGATIVE NUMBERS.
R  INDICATES RECORD WAS SET OR TIED.
MM INDICATES DATA IS MISSING.
T  INDICATES TRACE AMOUNT.




$$
