548
CDUS41 KBTV 060531
CLIVSF


CLIMATE REPORT
NATIONAL WEATHER SERVICE BURLINGTON VT
1228 AM EST SAT FEB 6 2016


...................................

...THE SPRINGFIELD VT CLIMATE SUMMARY FOR FEBRUARY 5 2016...

CLIMATE NORMAL PERIOD 1981 TO 2010
CLIMATE RECORD PERIOD 9999 TO 9999


WEATHER ITEM   OBSERVED TIME   NORMAL DEPARTURE LAST
                VALUE   (LST)  VALUE  FROM      YEAR
                                      NORMAL
......................................................
TEMPERATURE (F)
 YESTERDAY
  MAXIMUM         35    459 AM  31      4       27
  MINIMUM         23    842 PM  11     12       -3
  AVERAGE         29            21      8       12

PRECIPITATION (IN)
  YESTERDAY        0.01          0.10  -0.09     0.05
  MONTH TO DATE    1.10          0.45   0.65     0.57
  SINCE DEC 1      5.91          6.64  -0.73     7.63
  SINCE JAN 1      2.59          3.37  -0.78     3.10

DEGREE DAYS
 HEATING
  YESTERDAY       36            44     -8       53
  MONTH TO DATE  150           223    -73      283
  SINCE DEC 1   2285          2852   -567     2883
  SINCE JUL 1   3698          4495   -797     4286

 COOLING
  YESTERDAY        0             0      0        0
  MONTH TO DATE    0             0      0        0
  SINCE DEC 1      0             0      0        0
  SINCE JAN 1      0             0      0        0
......................................................


WIND (MPH)
  HIGHEST WIND SPEED    18   HIGHEST WIND DIRECTION     N (340)
  HIGHEST GUST SPEED    28   HIGHEST GUST DIRECTION    NW (310)
  AVERAGE WIND SPEED     5.5


SKY COVER
  AVERAGE SKY COVER 0.6


WEATHER CONDITIONS
 THE FOLLOWING WEATHER WAS RECORDED YESTERDAY.
  SNOW
  LIGHT SNOW
  FOG


RELATIVE HUMIDITY (PERCENT)
 HIGHEST    85           100 AM
 LOWEST     36           100 PM
 AVERAGE    61

..........................................................


THE SPRINGFIELD VT CLIMATE NORMALS FOR TODAY
                         NORMAL    RECORD    YEAR
 MAXIMUM TEMPERATURE (F)   31        50      2005
 MINIMUM TEMPERATURE (F)   11       -18      2015


SUNRISE AND SUNSET
FEBRUARY  6 2016......SUNRISE   701 AM EST   SUNSET   508 PM EST
FEBRUARY  7 2016......SUNRISE   659 AM EST   SUNSET   509 PM EST


-  INDICATES NEGATIVE NUMBERS.
R  INDICATES RECORD WAS SET OR TIED.
MM INDICATES DATA IS MISSING.
T  INDICATES TRACE AMOUNT.




$$
