255
CDUS41 KBTV 290524
CLIVSF


CLIMATE REPORT
NATIONAL WEATHER SERVICE BURLINGTON VT
122 AM EDT THU JUN 29 2017


...................................

...THE SPRINGFIELD VT CLIMATE SUMMARY FOR JUNE 28 2017...

CLIMATE NORMAL PERIOD 1981 TO 2010
CLIMATE RECORD PERIOD 9999 TO 9999


WEATHER ITEM   OBSERVED TIME   NORMAL DEPARTURE LAST
                VALUE   (LST)  VALUE  FROM      YEAR
                                      NORMAL
......................................................
TEMPERATURE (F)
 YESTERDAY
  MAXIMUM         73    529 PM  80     -7       84
  MINIMUM         47    413 AM  55     -8       60
  AVERAGE         60            68     -8       72

PRECIPITATION (IN)
  YESTERDAY        T             0.11  -0.11     0.68
  MONTH TO DATE    4.05          3.69   0.36     2.27
  SINCE JUN 1      4.05          3.69   0.36     2.27
  SINCE JAN 1     21.64         19.96   1.68    12.69

DEGREE DAYS
 HEATING
  YESTERDAY        5             1      4        0
  MONTH TO DATE   94            94      0       72
  SINCE JUN 1     94            94      0       72
  SINCE JUL 1   6920          7517   -597     6519

 COOLING
  YESTERDAY        0             3     -3        7
  MONTH TO DATE   76            56     20       48
  SINCE JUN 1     76            56     20       48
  SINCE JAN 1     90            68     22       89
......................................................


WIND (MPH)
  HIGHEST WIND SPEED    20   HIGHEST WIND DIRECTION     W (280)
  HIGHEST GUST SPEED    27   HIGHEST GUST DIRECTION     W (270)
  AVERAGE WIND SPEED     3.7


SKY COVER
  AVERAGE SKY COVER 0.5


WEATHER CONDITIONS
 THE FOLLOWING WEATHER WAS RECORDED YESTERDAY.
  FOG
  FOG W/VISIBILITY <= 1/4 MILE


RELATIVE HUMIDITY (PERCENT)
 HIGHEST   100           100 AM
 LOWEST     35          1200 PM
 AVERAGE    68

..........................................................


THE SPRINGFIELD VT CLIMATE NORMALS FOR TODAY
                         NORMAL    RECORD    YEAR
 MAXIMUM TEMPERATURE (F)   80        91      2012
 MINIMUM TEMPERATURE (F)   56        51      2007


SUNRISE AND SUNSET
JUNE 29 2017..........SUNRISE   513 AM EDT   SUNSET   834 PM EDT
JUNE 30 2017..........SUNRISE   513 AM EDT   SUNSET   834 PM EDT


-  INDICATES NEGATIVE NUMBERS.
R  INDICATES RECORD WAS SET OR TIED.
MM INDICATES DATA IS MISSING.
T  INDICATES TRACE AMOUNT.




$$
