000
CDUS43 KLBF 192249
CLIVTN


CLIMATE REPORT
NATIONAL WEATHER SERVICE NORTH PLATTE
447 PM CST THU JAN 19 2017


...................................

...THE VALENTINE NE CLIMATE SUMMARY FOR JANUARY 19 2017...
VALID TODAY AS OF 0400 PM LOCAL TIME.

CLIMATE NORMAL PERIOD 1981 TO 2010
CLIMATE RECORD PERIOD 1885 TO 2017


WEATHER ITEM   OBSERVED TIME   RECORD YEAR NORMAL DEPARTURE LAST
                VALUE   (LST)  VALUE       VALUE  FROM      YEAR
                                                  NORMAL
..................................................................
TEMPERATURE (F)
 TODAY
  MAXIMUM         57    237 PM  65    1906  37     20       28
                                      1900
  MINIMUM         22    803 AM -29    1963  11     11        6
  AVERAGE         40                        24     16       17

PRECIPITATION (IN)
  TODAY            0.00          0.37 1945   0.01  -0.01     0.04
  MONTH TO DATE    0.12                      0.16  -0.04     0.17
  SINCE DEC 1      1.06                      0.53   0.53     1.21
  SINCE JAN 1      0.12                      0.16  -0.04     0.17

SNOWFALL (IN)
  TODAY            0.0           3.8  1988   0.1   -0.1      0.9
  MONTH TO DATE    1.2                       2.4   -1.2      3.0
  SINCE DEC 1      6.6                       7.5   -0.9     16.1
  SINCE JUL 1     12.9                      15.1   -2.2     26.2
  SNOW DEPTH       T

DEGREE DAYS
 HEATING
  TODAY           25                        41    -16       48
  MONTH TO DATE  882                       792     90      872
  SINCE DEC 1   2297                      2069    228     2104
  SINCE JUL 1   3403                      3687   -284     3397

 COOLING
  TODAY            0                         0      0        0
  MONTH TO DATE    0                         0      0        0
  SINCE DEC 1      0                         0      0        0
  SINCE JAN 1      0                         0      0        0
..................................................................


WIND (MPH)
  HIGHEST WIND SPEED    17   HIGHEST WIND DIRECTION    SW (230)
  HIGHEST GUST SPEED    21   HIGHEST GUST DIRECTION    SW (220)
  AVERAGE WIND SPEED    10.7


SKY COVER
  POSSIBLE SUNSHINE  MM
  AVERAGE SKY COVER 0.0


WEATHER CONDITIONS
 THE FOLLOWING WEATHER WAS RECORDED TODAY.
  FOG


RELATIVE HUMIDITY (PERCENT)
 HIGHEST    92           700 AM
 LOWEST     24           200 PM
 AVERAGE    58

..........................................................


THE VALENTINE NE CLIMATE NORMALS FOR TOMORROW
                         NORMAL    RECORD    YEAR
 MAXIMUM TEMPERATURE (F)   37        64      1944
 MINIMUM TEMPERATURE (F)   11       -24      1984
                                             1962
                                             1943


SUNRISE AND SUNSET
JANUARY 19 2017.......SUNRISE   808 AM CST   SUNSET   539 PM CST
JANUARY 20 2017.......SUNRISE   807 AM CST   SUNSET   540 PM CST


-  INDICATES NEGATIVE NUMBERS.
R  INDICATES RECORD WAS SET OR TIED.
MM INDICATES DATA IS MISSING.
T  INDICATES TRACE AMOUNT.




$$
