000
CDUS43 KLBF 012228
CLIVTN

CLIMATE REPORT
NATIONAL WEATHER SERVICE NORTH PLATTE
427 PM CST SUN FEB 1 2015

...................................

...THE VALENTINE NE CLIMATE SUMMARY FOR FEBRUARY 1 2015...
VALID TODAY AS OF 0400 PM LOCAL TIME.

CLIMATE NORMAL PERIOD 1981 TO 2010
CLIMATE RECORD PERIOD 1885 TO 2015


WEATHER ITEM   OBSERVED TIME   RECORD YEAR NORMAL DEPARTURE LAST
                VALUE   (LST)  VALUE       VALUE  FROM      YEAR
                                                  NORMAL
..................................................................
TEMPERATURE (F)
 TODAY
  MAXIMUM         12   1243 AM  72    1992  37    -25       24
  MINIMUM          0    959 AM -29    1905  12    -12       -2
  AVERAGE          6                        24    -18       11

PRECIPITATION (IN)
  TODAY            0.16          0.32 1939   0.01   0.15      T
  MONTH TO DATE    0.16                      0.01   0.15      T
  SINCE DEC 1      1.37                      0.64   0.73     0.75
  SINCE JAN 1      0.47                      0.27   0.20     0.04

SNOWFALL (IN)
  TODAY            1.5           3.2  1939   0.2    1.3       T
  MONTH TO DATE    1.5                       0.2    1.3       T
  SINCE DEC 1     13.7                       9.1    4.6     12.7
  SINCE JUL 1     20.1                      16.7    3.4     19.5
  SNOW DEPTH       4

DEGREE DAYS
 HEATING
  TODAY           59                        40     19       54
  MONTH TO DATE   59                        40     19       54
  SINCE DEC 1   2492                      2600   -108     2695
  SINCE JUL 1   4096                      4218   -122     4254

 COOLING
  TODAY            0                         0      0        0
  MONTH TO DATE    0                         0      0        0
  SINCE DEC 1      0                         0      0        0
  SINCE JAN 1      0                         0      0        0
..................................................................


WIND (MPH)
  HIGHEST WIND SPEED    26   HIGHEST WIND DIRECTION     N (350)
  HIGHEST GUST SPEED    33   HIGHEST GUST DIRECTION    NW (330)
  AVERAGE WIND SPEED    18.8


SKY COVER
  POSSIBLE SUNSHINE  MM
  AVERAGE SKY COVER 0.9


WEATHER CONDITIONS
 THE FOLLOWING WEATHER WAS RECORDED TODAY.
  LIGHT SNOW
  FOG


RELATIVE HUMIDITY (PERCENT)
 HIGHEST    87           800 AM
 LOWEST     72           100 PM
 AVERAGE    80

..........................................................


THE VALENTINE NE CLIMATE NORMALS FOR TOMORROW
                         NORMAL    RECORD    YEAR
 MAXIMUM TEMPERATURE (F)   37        66      1890
 MINIMUM TEMPERATURE (F)   12       -36      1905


SUNRISE AND SUNSET
FEBRUARY  1 2015......SUNRISE   757 AM CST   SUNSET   555 PM CST
FEBRUARY  2 2015......SUNRISE   756 AM CST   SUNSET   556 PM CST


-  INDICATES NEGATIVE NUMBERS.
R  INDICATES RECORD WAS SET OR TIED.
MM INDICATES DATA IS MISSING.
T  INDICATES TRACE AMOUNT.

$$
