000
CDUS43 KLBF 012240
CLIVTN

CLIMATE REPORT
NATIONAL WEATHER SERVICE NORTH PLATTE
539 PM CDT WED OCT 1 2014


...................................

...THE VALENTINE NE CLIMATE SUMMARY FOR OCTOBER 1 2014...
VALID TODAY AS OF 0500 PM LOCAL TIME.

CLIMATE NORMAL PERIOD 1981 TO 2010
CLIMATE RECORD PERIOD 1885 TO 2014


WEATHER ITEM   OBSERVED TIME   RECORD YEAR NORMAL DEPARTURE LAST
                VALUE   (LST)  VALUE       VALUE  FROM      YEAR
                                                  NORMAL
..................................................................
TEMPERATURE (F)
 TODAY
  MAXIMUM         72    355 PM  95    1997  70      2       73
  MINIMUM         46    650 AM  20    1985  40      6       41
  AVERAGE         59                        55      4       57

PRECIPITATION (IN)
  TODAY            0.00          0.57 1894   0.06  -0.06     0.00
  MONTH TO DATE    0.00                      0.06  -0.06     0.00
  SINCE SEP 1      0.74                      1.70  -0.96     1.55
  SINCE JAN 1     19.78                     17.81   1.97    19.19

SNOWFALL (IN)
  TODAY            0.0           T    1999   0.0    0.0      0.0
                                      1959
  MONTH TO DATE    0.0                       0.0    0.0      0.0
  SINCE SEP 1      0.0                       0.7   -0.7      0.0
  SINCE JUL 1      0.0                       0.7   -0.7      0.0
  SNOW DEPTH       0

DEGREE DAYS
 HEATING
  TODAY            6                        11     -5        8
  MONTH TO DATE    6                        11     -5        8
  SINCE SEP 1    139                       171    -32       71
  SINCE JUL 1    160                       196    -36       74

 COOLING
  TODAY            0                         1     -1        0
  MONTH TO DATE    0                         1     -1        0
  SINCE SEP 1     89                        82      7      171
  SINCE JAN 1    724                       818    -94      964
..................................................................


WIND (MPH)
  HIGHEST WIND SPEED    16   HIGHEST WIND DIRECTION     N (350)
  HIGHEST GUST SPEED    20   HIGHEST GUST DIRECTION    NW (330)
  AVERAGE WIND SPEED     6.8


SKY COVER
  POSSIBLE SUNSHINE  MM
  AVERAGE SKY COVER 0.2


WEATHER CONDITIONS
 THE FOLLOWING WEATHER WAS RECORDED TODAY.
  NO SIGNIFICANT WEATHER WAS OBSERVED.


RELATIVE HUMIDITY (PERCENT)
 HIGHEST    93           500 AM
 LOWEST     38           400 PM
 AVERAGE    66

..........................................................


THE VALENTINE NE CLIMATE NORMALS FOR TOMORROW
                         NORMAL    RECORD    YEAR
 MAXIMUM TEMPERATURE (F)   69        94      1997
 MINIMUM TEMPERATURE (F)   39        17      1999


SUNRISE AND SUNSET
OCTOBER  1 2014.......SUNRISE   739 AM CDT   SUNSET   723 PM CDT
OCTOBER  2 2014.......SUNRISE   741 AM CDT   SUNSET   722 PM CDT


-  INDICATES NEGATIVE NUMBERS.
R  INDICATES RECORD WAS SET OR TIED.
MM INDICATES DATA IS MISSING.
T  INDICATES TRACE AMOUNT.

$$
