000
CDUS43 KLBF 240932
CLIVTN

CLIMATE REPORT
NATIONAL WEATHER SERVICE NORTH PLATTE
431 AM CDT SUN MAY 24 2015


...................................

...THE VALENTINE NE CLIMATE SUMMARY FOR MAY 23 2015...

CLIMATE NORMAL PERIOD 1981 TO 2010
CLIMATE RECORD PERIOD 1885 TO 2015


WEATHER ITEM   OBSERVED TIME   RECORD YEAR NORMAL DEPARTURE LAST
                VALUE   (LST)  VALUE       VALUE  FROM      YEAR
                                                  NORMAL
..................................................................
TEMPERATURE (F)
 YESTERDAY
  MAXIMUM         60    353 PM  99    1989  73    -13       80
  MINIMUM         48    417 AM  28    2002  47      1       59
  AVERAGE         54                        60     -6       70

PRECIPITATION (IN)
  YESTERDAY        0.23          1.38 1906   0.10   0.13     0.00
  MONTH TO DATE    5.44                      2.24   3.20     1.88
  SINCE MAR 1      7.09                      5.53   1.56     5.42
  SINCE JAN 1      7.71                      6.27   1.44     6.08

SNOWFALL (IN)
  YESTERDAY        0.0           0.0    MM   0.0    0.0      0.0
  MONTH TO DATE    0.0                       0.1   -0.1      1.0
  SINCE MAR 1      0.8                      11.2  -10.4      9.3
  SINCE JUL 1     22.5                      33.3  -10.8     35.8
  SNOW DEPTH       0

DEGREE DAYS
 HEATING
  YESTERDAY       11                         6      5        0
  MONTH TO DATE  261                       219     42      271
  SINCE MAR 1   1396                      1666   -270     1766
  SINCE JUL 1   6522                      6902   -380     7244

 COOLING
  YESTERDAY        0                         1     -1        5
  MONTH TO DATE    3                        20    -17        8
  SINCE MAR 1      5                        24    -19        8
  SINCE JAN 1      5                        24    -19        8
..................................................................


WIND (MPH)
  HIGHEST WIND SPEED    20   HIGHEST WIND DIRECTION    SE (120)
  HIGHEST GUST SPEED    23   HIGHEST GUST DIRECTION     E (110)
  AVERAGE WIND SPEED     9.5


SKY COVER
  POSSIBLE SUNSHINE  MM
  AVERAGE SKY COVER 1.0


WEATHER CONDITIONS
 THE FOLLOWING WEATHER WAS RECORDED YESTERDAY.
  RAIN
  LIGHT RAIN
  FOG
  FOG W/VISIBILITY <= 1/4 MILE


RELATIVE HUMIDITY (PERCENT)
 HIGHEST   100           800 AM
 LOWEST     78           400 PM
 AVERAGE    89

..........................................................


THE VALENTINE NE CLIMATE NORMALS FOR TODAY
                         NORMAL    RECORD    YEAR
 MAXIMUM TEMPERATURE (F)   73        96      1967
                                             1926
 MINIMUM TEMPERATURE (F)   47        25      2002


SUNRISE AND SUNSET
MAY 24 2015...........SUNRISE   611 AM CDT   SUNSET   907 PM CDT
MAY 25 2015...........SUNRISE   611 AM CDT   SUNSET   908 PM CDT


-  INDICATES NEGATIVE NUMBERS.
R  INDICATES RECORD WAS SET OR TIED.
MM INDICATES DATA IS MISSING.
T  INDICATES TRACE AMOUNT.




$$
