000
CDUS46 KPQR 281157
CLIVUO


CLIMATE REPORT
NATIONAL WEATHER SERVICE PORTLAND OREGON
457 AM PDT THU JUL 28 2016


...................................

...THE VANCOUVER WA CLIMATE SUMMARY FOR JULY 27 2016...

CLIMATE NORMAL PERIOD 1981 TO 2010
CLIMATE RECORD PERIOD 1891 TO 2016


WEATHER ITEM   OBSERVED TIME   RECORD YEAR NORMAL DEPARTURE LAST
                VALUE   (LST)  VALUE       VALUE  FROM      YEAR
                                                  NORMAL
..................................................................
TEMPERATURE (F)
 YESTERDAY
  MAXIMUM         88    431 PM 103    2009  82      6       77
  MINIMUM         59    435 AM  44    1916  58      1       51
  AVERAGE         74                        70      4       64

PRECIPITATION (IN)
  YESTERDAY        0.00                      0.01  -0.01     0.00
  MONTH TO DATE    0.43                      0.64  -0.21     0.27
  SINCE OCT 1     45.23                     36.76   8.47    30.22
  SINCE JAN 1     21.38                     21.01   0.37    15.33

DEGREE DAYS
 HEATING
  YESTERDAY        0                                         1
  MONTH TO DATE   11                                         4
  SINCE JUL 1     11                                         4

 COOLING
  YESTERDAY        9                                         0
  MONTH TO DATE   76                                       201
  SINCE JAN 1    181                                       379
..................................................................


WIND (MPH)
  HIGHEST WIND SPEED    17   HIGHEST WIND DIRECTION    NW (300)
  HIGHEST GUST SPEED    24   HIGHEST GUST DIRECTION     W (280)
  AVERAGE WIND SPEED     7.0


SKY COVER
  POSSIBLE SUNSHINE  MM
  AVERAGE SKY COVER 0.2


WEATHER CONDITIONS
 THE FOLLOWING WEATHER WAS RECORDED YESTERDAY.
  NO SIGNIFICANT WEATHER WAS OBSERVED.


RELATIVE HUMIDITY (PERCENT)
 HIGHEST    84           500 AM
 LOWEST     36           400 PM
 AVERAGE    60

..........................................................




SUNRISE AND SUNSET
JULY 28 2016..........SUNRISE   550 AM PDT   SUNSET   843 PM PDT
JULY 29 2016..........SUNRISE   551 AM PDT   SUNSET   842 PM PDT


-  INDICATES NEGATIVE NUMBERS.
R  INDICATES RECORD WAS SET OR TIED.
MM INDICATES DATA IS MISSING.
T  INDICATES TRACE AMOUNT.




$$
