000
CDUS46 KPQR 220228
CLIVUO


CLIMATE REPORT
NATIONAL WEATHER SERVICE PORTLAND OREGON
728 PM PDT MON AUG 21 2017


...................................

...THE VANCOUVER WA CLIMATE SUMMARY FOR AUGUST 21 2017...
VALID TODAY AS OF 0700 PM LOCAL TIME.

CLIMATE NORMAL PERIOD 1981 TO 2010
CLIMATE RECORD PERIOD 1891 TO 2017


WEATHER ITEM   OBSERVED TIME   RECORD YEAR NORMAL DEPARTURE LAST
                VALUE   (LST)  VALUE       VALUE  FROM      YEAR
                                                  NORMAL
..................................................................
TEMPERATURE (F)
 TODAY
  MAXIMUM         90    417 PM  96    1915  81      9       80
  MINIMUM         60    544 AM  41    1985  57      3       57
                                      1909
  AVERAGE         75                        69      6       69

PRECIPITATION (IN)
  TODAY            0.00                      0.02  -0.02     0.00
  MONTH TO DATE    0.10                      0.42  -0.32     0.13
  SINCE OCT 1     48.98                     37.23  11.75    45.36
  SINCE JAN 1     29.12                     21.48   7.64    21.51

DEGREE DAYS
 HEATING
  TODAY            0                                         0
  MONTH TO DATE    2                                         5
  SINCE JUN 1     73                                       102
  SINCE JUL 1      3                                        16

 COOLING
  TODAY           10                                         4
  MONTH TO DATE  176                                       132
  SINCE JUN 1    404                                       317
  SINCE JAN 1    444                                       341
..................................................................


WIND (MPH)
  HIGHEST WIND SPEED    16   HIGHEST WIND DIRECTION    NW (300)
  HIGHEST GUST SPEED    21   HIGHEST GUST DIRECTION    NW (300)
  AVERAGE WIND SPEED     5.5


SKY COVER
  POSSIBLE SUNSHINE  MM
  AVERAGE SKY COVER 0.0


WEATHER CONDITIONS
 THE FOLLOWING WEATHER WAS RECORDED TODAY.
  NO SIGNIFICANT WEATHER WAS OBSERVED.


RELATIVE HUMIDITY (PERCENT)
 HIGHEST    90           400 AM
 LOWEST     32           400 PM
 AVERAGE    61

..........................................................


THE VANCOUVER WA CLIMATE NORMALS FOR TOMORROW
                         NORMAL    RECORD    YEAR
 MAXIMUM TEMPERATURE (F)   81       100      1891
 MINIMUM TEMPERATURE (F)   56        38      1973


SUNRISE AND SUNSET
AUGUST 21 2017........SUNRISE   619 AM PDT   SUNSET   808 PM PDT
AUGUST 22 2017........SUNRISE   620 AM PDT   SUNSET   806 PM PDT


-  INDICATES NEGATIVE NUMBERS.
R  INDICATES RECORD WAS SET OR TIED.
MM INDICATES DATA IS MISSING.
T  INDICATES TRACE AMOUNT.




$$
