000
CDUS46 KPQR 271146
CLIVUO


CLIMATE REPORT
NATIONAL WEATHER SERVICE PORTLAND OREGON
346 AM PST FRI FEB 27 2015


...................................

...THE VANCOUVER WA CLIMATE SUMMARY FOR FEBRUARY 26 2015...

CLIMATE NORMAL PERIOD 1981 TO 2010
CLIMATE RECORD PERIOD 1891 TO 2015


WEATHER ITEM   OBSERVED TIME   RECORD YEAR NORMAL DEPARTURE LAST
                VALUE   (LST)  VALUE       VALUE  FROM      YEAR
                                                  NORMAL
..................................................................
TEMPERATURE (F)
 YESTERDAY
  MAXIMUM         54    317 PM  71    1905  54      0       51
  MINIMUM         47    750 AM  17    2011  36     11       32
  AVERAGE         51                        45      6       42

PRECIPITATION (IN)
  YESTERDAY        0.10                      0.16  -0.06     0.00
  MONTH TO DATE    3.68                      3.71  -0.03     4.18
  SINCE OCT 1     21.92                     24.96  -3.04    12.19
  SINCE JAN 1      7.03                      9.21  -2.18     6.72

DEGREE DAYS
 HEATING
  YESTERDAY       14                                        23
  MONTH TO DATE  440                                       673
  SINCE JUL 1   2619                                      3422

 COOLING
  YESTERDAY        0                                         0
  MONTH TO DATE    0                                         0
  SINCE JAN 1      0                                         0
..................................................................


WIND (MPH)
  HIGHEST WIND SPEED     8   HIGHEST WIND DIRECTION    SW (210)
  HIGHEST GUST SPEED    11   HIGHEST GUST DIRECTION     S (180)
  AVERAGE WIND SPEED     3.8


SKY COVER
  POSSIBLE SUNSHINE  MM
  AVERAGE SKY COVER 1.0


WEATHER CONDITIONS
 THE FOLLOWING WEATHER WAS RECORDED YESTERDAY.
  LIGHT RAIN
  FOG


RELATIVE HUMIDITY (PERCENT)
 HIGHEST    93           200 AM
 LOWEST     77           300 PM
 AVERAGE    85

..........................................................




SUNRISE AND SUNSET
FEBRUARY 27 2015......SUNRISE   653 AM PST   SUNSET   554 PM PST
FEBRUARY 28 2015......SUNRISE   651 AM PST   SUNSET   556 PM PST


-  INDICATES NEGATIVE NUMBERS.
R  INDICATES RECORD WAS SET OR TIED.
MM INDICATES DATA IS MISSING.
T  INDICATES TRACE AMOUNT.




$$
