000
CDUS46 KPQR 231243
CLIVUO


CLIMATE REPORT
NATIONAL WEATHER SERVICE PORTLAND OREGON
442 AM PST SUN NOV 23 2014


...................................

...THE VANCOUVER WA CLIMATE SUMMARY FOR NOVEMBER 22 2014...

CLIMATE NORMAL PERIOD 1981 TO 2010
CLIMATE RECORD PERIOD 1891 TO 2014


WEATHER ITEM   OBSERVED TIME   RECORD YEAR NORMAL DEPARTURE LAST
                VALUE   (LST)  VALUE       VALUE  FROM      YEAR
                                                  NORMAL
..................................................................
TEMPERATURE (F)
 YESTERDAY
  MAXIMUM         52    154 PM  62    1909  51      1       51
  MINIMUM         37    445 AM  21    2013  39     -2       21
  AVERAGE         45                        45      0       36

PRECIPITATION (IN)
  YESTERDAY        0.12                      0.21  -0.09     0.00
  MONTH TO DATE    1.71                      4.14  -2.43     2.68
  SINCE OCT 1      7.74                      7.21   0.53     3.80
  SINCE JAN 1     31.18                     30.60   0.58    24.87

DEGREE DAYS
 HEATING
  YESTERDAY       20                                        29
  MONTH TO DATE  463                                       398
  SINCE JUL 1    680                                       892

 COOLING
  YESTERDAY        0                                         0
  MONTH TO DATE    0                                         0
  SINCE JAN 1    531                                       450
..................................................................


WIND (MPH)
  HIGHEST WIND SPEED    16   HIGHEST WIND DIRECTION    NW (310)
  HIGHEST GUST SPEED    20   HIGHEST GUST DIRECTION    NW (330)
  AVERAGE WIND SPEED     2.7


SKY COVER
  POSSIBLE SUNSHINE  MM
  AVERAGE SKY COVER 0.6


WEATHER CONDITIONS
 THE FOLLOWING WEATHER WAS RECORDED YESTERDAY.
  RAIN
  LIGHT RAIN
  FOG


RELATIVE HUMIDITY (PERCENT)
 HIGHEST    93          1200 AM
 LOWEST     71           200 PM
 AVERAGE    82

..........................................................




SUNRISE AND SUNSET
NOVEMBER 23 2014......SUNRISE   721 AM PST   SUNSET   433 PM PST
NOVEMBER 24 2014......SUNRISE   722 AM PST   SUNSET   432 PM PST


-  INDICATES NEGATIVE NUMBERS.
R  INDICATES RECORD WAS SET OR TIED.
MM INDICATES DATA IS MISSING.
T  INDICATES TRACE AMOUNT.




$$
