000
CDUS46 KPQR 302323
CLIVUO


CLIMATE REPORT
NATIONAL WEATHER SERVICE PORTLAND OREGON
423 PM PDT FRI SEP 30 2016


...................................

...THE VANCOUVER WA CLIMATE SUMMARY FOR SEPTEMBER 30 2016...
VALID TODAY AS OF 0400 PM LOCAL TIME.

CLIMATE NORMAL PERIOD 1981 TO 2010
CLIMATE RECORD PERIOD 1891 TO 2016


WEATHER ITEM   OBSERVED TIME   RECORD YEAR NORMAL DEPARTURE LAST
                VALUE   (LST)  VALUE       VALUE  FROM      YEAR
                                                  NORMAL
..................................................................
TEMPERATURE (F)
 TODAY
  MAXIMUM         69    259 PM  87    1987  70     -1       71
  MINIMUM         42    452 AM  30    1985  48     -6       50
  AVERAGE         56                        59     -3       61

PRECIPITATION (IN)
  TODAY            0.00                      0.09  -0.09     0.00
  MONTH TO DATE    1.15                      1.56  -0.41     1.23
  SINCE OCT 1     46.58                     39.14   7.44    32.00
  SINCE JAN 1     22.73                     23.39  -0.66    17.11

DEGREE DAYS
 HEATING
  TODAY            9                                         4
  MONTH TO DATE  105                                       107
  SINCE SEP 1    105                                       107
  SINCE JUL 1    127                                       111

 COOLING
  TODAY            0                                         0
  MONTH TO DATE   18                                        33
  SINCE SEP 1     18                                        33
  SINCE JAN 1    407                                       660
..................................................................


WIND (MPH)
  HIGHEST WIND SPEED    10   HIGHEST WIND DIRECTION     S (200)
  HIGHEST GUST SPEED    17   HIGHEST GUST DIRECTION     S (190)
  AVERAGE WIND SPEED     1.7


SKY COVER
  POSSIBLE SUNSHINE  MM
  AVERAGE SKY COVER 0.4


WEATHER CONDITIONS
 THE FOLLOWING WEATHER WAS RECORDED TODAY.
  FOG


RELATIVE HUMIDITY (PERCENT)
 HIGHEST   100           700 AM
 LOWEST     37           300 PM
 AVERAGE    69

..........................................................


THE VANCOUVER WA CLIMATE NORMALS FOR TOMORROW
                         NORMAL    RECORD    YEAR
 MAXIMUM TEMPERATURE (F)   70        90      1988
 MINIMUM TEMPERATURE (F)   47        31      1983


SUNRISE AND SUNSET
SEPTEMBER 30 2016.....SUNRISE   708 AM PDT   SUNSET   652 PM PDT
OCTOBER  1 2016.......SUNRISE   710 AM PDT   SUNSET   650 PM PDT


-  INDICATES NEGATIVE NUMBERS.
R  INDICATES RECORD WAS SET OR TIED.
MM INDICATES DATA IS MISSING.
T  INDICATES TRACE AMOUNT.




$$
