000
CDUS46 KPQR 312331
CLIVUO


CLIMATE REPORT
NATIONAL WEATHER SERVICE PORTLAND OREGON
431 PM PDT FRI JUL 31 2015


...................................

...THE VANCOUVER WA CLIMATE SUMMARY FOR JULY 31 2015...
VALID TODAY AS OF 0400 PM LOCAL TIME.

CLIMATE NORMAL PERIOD 1981 TO 2010
CLIMATE RECORD PERIOD 1891 TO 2015


WEATHER ITEM   OBSERVED TIME   RECORD YEAR NORMAL DEPARTURE LAST
                VALUE   (LST)  VALUE       VALUE  FROM      YEAR
                                                  NORMAL
..................................................................
TEMPERATURE (F)
 TODAY
  MAXIMUM        100    252 PM 102    1965  82     18       91
  MINIMUM         60    445 AM  45    1975  58      2       61
  AVERAGE         80                        70     10       76

PRECIPITATION (IN)
  TODAY            0.00                      0.01  -0.01     0.00
  MONTH TO DATE    0.27                      0.69  -0.42     0.82
  SINCE OCT 1     30.22                     36.81  -6.59    27.72
  SINCE JAN 1     15.33                     21.06  -5.73    22.25

DEGREE DAYS
 HEATING
  TODAY            0                                         0
  MONTH TO DATE    4                                         3
  SINCE JUN 1     28                                        81
  SINCE JUL 1      4                                         3

 COOLING
  TODAY           15                                        11
  MONTH TO DATE  249                                       201
  SINCE JUN 1    411                                       217
  SINCE JAN 1    427                                       232
..................................................................


WIND (MPH)
  HIGHEST WIND SPEED    13   HIGHEST WIND DIRECTION    NW (320)
  HIGHEST GUST SPEED    18   HIGHEST GUST DIRECTION    NW (320)
  AVERAGE WIND SPEED     4.2


SKY COVER
  POSSIBLE SUNSHINE  MM
  AVERAGE SKY COVER 0.0


WEATHER CONDITIONS
 THE FOLLOWING WEATHER WAS RECORDED TODAY.
  NO SIGNIFICANT WEATHER WAS OBSERVED.


RELATIVE HUMIDITY (PERCENT)
 HIGHEST    60           400 AM
 LOWEST     10           200 PM
 AVERAGE    35

..........................................................


THE VANCOUVER WA CLIMATE NORMALS FOR TOMORROW
                         NORMAL    RECORD    YEAR
 MAXIMUM TEMPERATURE (F)   82        96      1965
 MINIMUM TEMPERATURE (F)   58        44      1980


SUNRISE AND SUNSET
JULY 31 2015..........SUNRISE   553 AM PDT   SUNSET   840 PM PDT
AUGUST  1 2015........SUNRISE   554 AM PDT   SUNSET   839 PM PDT


-  INDICATES NEGATIVE NUMBERS.
R  INDICATES RECORD WAS SET OR TIED.
MM INDICATES DATA IS MISSING.
T  INDICATES TRACE AMOUNT.




$$
