000
CDUS46 KPQR 031147
CLIVUO


CLIMATE REPORT
NATIONAL WEATHER SERVICE PORTLAND OREGON
446 AM PDT TUE MAY 3 2016


...................................

...THE VANCOUVER WA CLIMATE SUMMARY FOR MAY 2 2016...

CLIMATE NORMAL PERIOD 1981 TO 2010
CLIMATE RECORD PERIOD 1891 TO 2016


WEATHER ITEM   OBSERVED TIME   RECORD YEAR NORMAL DEPARTURE LAST
                VALUE   (LST)  VALUE       VALUE  FROM      YEAR
                                                  NORMAL
..................................................................
TEMPERATURE (F)
 YESTERDAY
  MAXIMUM         86    341 PM  90    1945  65     21       70
  MINIMUM         59   1159 PM  32    1968  45     14       48
  AVERAGE         73                        55     18       59

PRECIPITATION (IN)
  YESTERDAY        0.00                      0.09  -0.09     0.00
  MONTH TO DATE    0.00                      0.18  -0.18     0.00
  SINCE OCT 1     41.72                     32.04   9.68    28.88
  SINCE JAN 1     17.87                     16.29   1.58    13.99

DEGREE DAYS
 HEATING
  YESTERDAY        0                                         6
  MONTH TO DATE    3                                        10
  SINCE JUL 1   3594                                      3500

 COOLING
  YESTERDAY        8                                         0
  MONTH TO DATE    8                                         0
  SINCE JAN 1     14                                         0
..................................................................


WIND (MPH)
  HIGHEST WIND SPEED    13   HIGHEST WIND DIRECTION     W (290)
  HIGHEST GUST SPEED    19   HIGHEST GUST DIRECTION    NW (310)
  AVERAGE WIND SPEED     3.7


SKY COVER
  POSSIBLE SUNSHINE  MM
  AVERAGE SKY COVER 0.0


WEATHER CONDITIONS
 THE FOLLOWING WEATHER WAS RECORDED YESTERDAY.
  NO SIGNIFICANT WEATHER WAS OBSERVED.


RELATIVE HUMIDITY (PERCENT)
 HIGHEST    86           400 AM
 LOWEST     21           300 PM
 AVERAGE    54

..........................................................




SUNRISE AND SUNSET
MAY  3 2016...........SUNRISE   555 AM PDT   SUNSET   821 PM PDT
MAY  4 2016...........SUNRISE   553 AM PDT   SUNSET   822 PM PDT


-  INDICATES NEGATIVE NUMBERS.
R  INDICATES RECORD WAS SET OR TIED.
MM INDICATES DATA IS MISSING.
T  INDICATES TRACE AMOUNT.




$$
