000
CDUS46 KPQR 301141
CLIVUO


CLIMATE REPORT
NATIONAL WEATHER SERVICE PORTLAND OREGON
340 AM PST FRI JAN 30 2015


...................................

...THE VANCOUVER WA CLIMATE SUMMARY FOR JANUARY 29 2015...

CLIMATE NORMAL PERIOD 1981 TO 2010
CLIMATE RECORD PERIOD 1891 TO 2015


WEATHER ITEM   OBSERVED TIME   RECORD YEAR NORMAL DEPARTURE LAST
                VALUE   (LST)  VALUE       VALUE  FROM      YEAR
                                                  NORMAL
..................................................................
TEMPERATURE (F)
 YESTERDAY
  MAXIMUM         50    416 PM  59    1931  49      1       54
  MINIMUM         33   1150 PM   3    1902  36     -3       39
  AVERAGE         42                        42      0       47

PRECIPITATION (IN)
  YESTERDAY        0.00                      0.16  -0.16     0.26
  MONTH TO DATE    3.35                      5.20  -1.85     2.44
  SINCE OCT 1     18.24                     20.95  -2.71     7.91
  SINCE JAN 1      3.35                      5.20  -1.85     2.44

DEGREE DAYS
 HEATING
  YESTERDAY       23                                        18
  MONTH TO DATE  655                                       712
  SINCE JUL 1   2128                                      2710

 COOLING
  YESTERDAY        0                                         0
  MONTH TO DATE    0                                         0
  SINCE JAN 1      0                                         0
..................................................................


WIND (MPH)
  HIGHEST WIND SPEED     9   HIGHEST WIND DIRECTION     W (250)
  HIGHEST GUST SPEED    12   HIGHEST GUST DIRECTION    SE (120)
  AVERAGE WIND SPEED     2.4


SKY COVER
  POSSIBLE SUNSHINE  MM
  AVERAGE SKY COVER 0.4


WEATHER CONDITIONS
 THE FOLLOWING WEATHER WAS RECORDED YESTERDAY.
  FOG


RELATIVE HUMIDITY (PERCENT)
 HIGHEST    96           100 AM
 LOWEST     61           400 PM
 AVERAGE    79

..........................................................




SUNRISE AND SUNSET
JANUARY 30 2015.......SUNRISE   734 AM PST   SUNSET   514 PM PST
JANUARY 31 2015.......SUNRISE   733 AM PST   SUNSET   515 PM PST


-  INDICATES NEGATIVE NUMBERS.
R  INDICATES RECORD WAS SET OR TIED.
MM INDICATES DATA IS MISSING.
T  INDICATES TRACE AMOUNT.




$$
