000
CDUS46 KPQR 301141
CLIVUO


CLIMATE REPORT
NATIONAL WEATHER SERVICE PORTLAND OREGON
441 AM PDT TUE AUG 30 2016


...................................

...THE VANCOUVER WA CLIMATE SUMMARY FOR AUGUST 29 2016...

CLIMATE NORMAL PERIOD 1981 TO 2010
CLIMATE RECORD PERIOD 1891 TO 2016


WEATHER ITEM   OBSERVED TIME   RECORD YEAR NORMAL DEPARTURE LAST
                VALUE   (LST)  VALUE       VALUE  FROM      YEAR
                                                  NORMAL
..................................................................
TEMPERATURE (F)
 YESTERDAY
  MAXIMUM         85    519 PM  98    1944  80      5       75
  MINIMUM         55    518 AM  36    1980  56     -1       64
  AVERAGE         70                        68      2       70

PRECIPITATION (IN)
  YESTERDAY        0.00                      0.04  -0.04     0.27
  MONTH TO DATE    0.13                      0.69  -0.56     0.28
  SINCE OCT 1     45.36                     37.50   7.86    30.50
  SINCE JAN 1     21.51                     21.75  -0.24    15.61

DEGREE DAYS
 HEATING
  YESTERDAY        0                                         0
  MONTH TO DATE    8                                         0
  SINCE JUL 1     19                                         4

 COOLING
  YESTERDAY        5                                         5
  MONTH TO DATE  180                                       194
  SINCE JAN 1    389                                       622
..................................................................


WIND (MPH)
  HIGHEST WIND SPEED    10   HIGHEST WIND DIRECTION    NW (330)
  HIGHEST GUST SPEED    17   HIGHEST GUST DIRECTION     N (350)
  AVERAGE WIND SPEED     2.4


SKY COVER
  POSSIBLE SUNSHINE  MM
  AVERAGE SKY COVER 0.0


WEATHER CONDITIONS
 THE FOLLOWING WEATHER WAS RECORDED YESTERDAY.
  NO SIGNIFICANT WEATHER WAS OBSERVED.


RELATIVE HUMIDITY (PERCENT)
 HIGHEST    86           400 AM
 LOWEST     27           500 PM
 AVERAGE    57

..........................................................




SUNRISE AND SUNSET
AUGUST 30 2016........SUNRISE   630 AM PDT   SUNSET   751 PM PDT
AUGUST 31 2016........SUNRISE   631 AM PDT   SUNSET   749 PM PDT


-  INDICATES NEGATIVE NUMBERS.
R  INDICATES RECORD WAS SET OR TIED.
MM INDICATES DATA IS MISSING.
T  INDICATES TRACE AMOUNT.




$$
