000
CDUS46 KPQR 260221
CLIVUO


CLIMATE REPORT
NATIONAL WEATHER SERVICE PORTLAND OREGON
621 PM PST THU DEC 25 2014


...................................

...THE VANCOUVER WA CLIMATE SUMMARY FOR DECEMBER 25 2014...
VALID TODAY AS OF 0600 PM LOCAL TIME.

CLIMATE NORMAL PERIOD 1981 TO 2010
CLIMATE RECORD PERIOD 1891 TO 2014


WEATHER ITEM   OBSERVED TIME   RECORD YEAR NORMAL DEPARTURE LAST
                VALUE   (LST)  VALUE       VALUE  FROM      YEAR
                                                  NORMAL
..................................................................
TEMPERATURE (F)
 TODAY
  MAXIMUM         48    158 PM  61    2005  46      2       42
  MINIMUM         40    839 AM   8    1924  34      6       35
  AVERAGE         44                        40      4       39

PRECIPITATION (IN)
  TODAY            0.07                      0.25  -0.18     0.00
  MONTH TO DATE    5.50                      5.46   0.04     1.51
  SINCE OCT 1     14.45                     14.44   0.01     5.46
  SINCE JAN 1     37.89                     37.83   0.06    26.53

DEGREE DAYS
 HEATING
  TODAY           21                                        26
  MONTH TO DATE  500                                       742
  SINCE DEC 1    500                                       742
  SINCE JUL 1   1308                                      1843

 COOLING
  TODAY            0                                         0
  MONTH TO DATE    0                                         0
  SINCE DEC 1      0                                         0
  SINCE JAN 1    531                                       450
..................................................................


WIND (MPH)
  HIGHEST WIND SPEED     9   HIGHEST WIND DIRECTION     W (270)
  HIGHEST GUST SPEED    11   HIGHEST GUST DIRECTION     W (260)
  AVERAGE WIND SPEED     2.1


SKY COVER
  POSSIBLE SUNSHINE  MM
  AVERAGE SKY COVER 1.0


WEATHER CONDITIONS
 THE FOLLOWING WEATHER WAS RECORDED TODAY.
  LIGHT RAIN
  FOG


RELATIVE HUMIDITY (PERCENT)
 HIGHEST    93           800 AM
 LOWEST     71           100 PM
 AVERAGE    82

..........................................................


THE VANCOUVER WA CLIMATE NORMALS FOR TOMORROW
                         NORMAL    RECORD    YEAR
 MAXIMUM TEMPERATURE (F)   46        57      1917
 MINIMUM TEMPERATURE (F)   34         6      1924


SUNRISE AND SUNSET
DECEMBER 25 2014......SUNRISE   750 AM PST   SUNSET   432 PM PST
DECEMBER 26 2014......SUNRISE   750 AM PST   SUNSET   433 PM PST


-  INDICATES NEGATIVE NUMBERS.
R  INDICATES RECORD WAS SET OR TIED.
MM INDICATES DATA IS MISSING.
T  INDICATES TRACE AMOUNT.




$$
