000
CDUS46 KPQR 020223
CLIVUO


CLIMATE REPORT
NATIONAL WEATHER SERVICE PORTLAND OREGON
723 PM PDT FRI AUG 1 2014


...................................

...THE VANCOUVER WA CLIMATE SUMMARY FOR AUGUST 1 2014...
VALID TODAY AS OF 0700 PM LOCAL TIME.

CLIMATE NORMAL PERIOD 1981 TO 2010
CLIMATE RECORD PERIOD 1891 TO 2014


WEATHER ITEM   OBSERVED TIME   RECORD YEAR NORMAL DEPARTURE LAST
                VALUE   (LST)  VALUE       VALUE  FROM      YEAR
                                                  NORMAL
..................................................................
TEMPERATURE (F)
 TODAY
  MAXIMUM         90    451 PM  96    1965  82      8       66
  MINIMUM         66    837 AM  47    1897  58      8       57
  AVERAGE         78                        70      8       62

PRECIPITATION (IN)
  TODAY            T                         0.01  -0.01     0.04
  MONTH TO DATE    T                         0.01  -0.01     0.04
  SINCE OCT 1     27.72                     36.82  -9.10    34.28
  SINCE JAN 1     22.25                     21.07   1.18    15.02

DEGREE DAYS
 HEATING
  TODAY            0                                         3
  MONTH TO DATE    0                                         3
  SINCE JUN 1     81                                        68
  SINCE JUL 1      3                                        12

 COOLING
  TODAY           13                                         0
  MONTH TO DATE   13                                         0
  SINCE JUN 1    230                                       192
  SINCE JAN 1    245                                       204
..................................................................


WIND (MPH)
  HIGHEST WIND SPEED    14   HIGHEST WIND DIRECTION    NW (320)
  HIGHEST GUST SPEED    21   HIGHEST GUST DIRECTION    SE (150)
  AVERAGE WIND SPEED     6.8


SKY COVER
  POSSIBLE SUNSHINE  MM
  AVERAGE SKY COVER 0.1


WEATHER CONDITIONS
 THE FOLLOWING WEATHER WAS RECORDED TODAY.
  THUNDERSTORM


RELATIVE HUMIDITY (PERCENT)
 HIGHEST    63           700 AM
 LOWEST     31           600 PM
 AVERAGE    47

..........................................................


THE VANCOUVER WA CLIMATE NORMALS FOR TOMORROW
                         NORMAL    RECORD    YEAR
 MAXIMUM TEMPERATURE (F)   82       103      1939
 MINIMUM TEMPERATURE (F)   58        47      2002


SUNRISE AND SUNSET
AUGUST  1 2014........SUNRISE   554 AM PDT   SUNSET   839 PM PDT
AUGUST  2 2014........SUNRISE   555 AM PDT   SUNSET   837 PM PDT


-  INDICATES NEGATIVE NUMBERS.
R  INDICATES RECORD WAS SET OR TIED.
MM INDICATES DATA IS MISSING.
T  INDICATES TRACE AMOUNT.




$$
