000
CDUS41 KAKQ 240645
CLIWAL


CLIMATE REPORT
NATIONAL WEATHER SERVICE WAKEFIELD, VA
145 AM EST WED JAN 24 2018


...................................

...THE WALLOPS ISLAND VA CLIMATE SUMMARY FOR JANUARY 23 2018...

CLIMATE NORMAL PERIOD 1981 TO 2010
CLIMATE RECORD PERIOD 1963 TO 2018


WEATHER ITEM   OBSERVED TIME   RECORD YEAR NORMAL DEPARTURE
                VALUE   (LST)  VALUE       VALUE  FROM
                                                  NORMAL
...............................................................
TEMPERATURE (F)
 YESTERDAY
  MAXIMUM         63   1230 PM  65    1999  45     18
  MINIMUM         45   1151 PM   7    2014  28     17
  AVERAGE         54                        36     18

PRECIPITATION (IN)
  YESTERDAY        0.95          1.45        0.10   0.85
  MONTH TO DATE    2.36                      2.26   0.10
  SINCE DEC 1      4.25                      5.69  -1.44
  SINCE JAN 1      2.36                      2.26   0.10

SNOWFALL (IN)
  YESTERDAY       MM             1.0  2016   0.1   MM
  MONTH TO DATE   10.5                       1.4    9.1
  SINCE NOV 1     11.8                       3.4    8.4
  SINCE JUL 1     11.8                       3.4    8.4

DEGREE DAYS
 HEATING
  YESTERDAY       11                              -18
  MONTH TO DATE  718                               60
  SINCE DEC 1   1509                               93
  SINCE JUL 1   2112                               -8

 COOLING
  YESTERDAY        0                                0
  MONTH TO DATE    0                                0
  SINCE DEC 1      0                                0
  SINCE JAN 1      0                                0
...............................................................


WIND (MPH)
  HIGHEST WIND SPEED    35   HIGHEST WIND DIRECTION     S (200)
  HIGHEST GUST SPEED    44   HIGHEST GUST DIRECTION     S (190)
  AVERAGE WIND SPEED    11.9




RELATIVE HUMIDITY (PERCENT)
 HIGHEST   100
 LOWEST     58
 AVERAGE    79

..........................................................


THE WALLOPS ISLAND VA CLIMATE NORMALS FOR TODAY
                         NORMAL    RECORD    YEAR
 MAXIMUM TEMPERATURE (F)   45        70      2002
 MINIMUM TEMPERATURE (F)   28        11      2011
                                             2005


SUNRISE AND SUNSET
JANUARY 24 2018.......SUNRISE   712 AM EST   SUNSET   516 PM EST
JANUARY 25 2018.......SUNRISE   711 AM EST   SUNSET   517 PM EST


-  INDICATES NEGATIVE NUMBERS.
R  INDICATES RECORD WAS SET OR TIED.
MM INDICATES DATA IS MISSING.
T  INDICATES TRACE AMOUNT.




$$
