000
CDUS41 KAKQ 280545
CLIWAL


CLIMATE REPORT
NATIONAL WEATHER SERVICE WAKEFIELD, VA
145 AM EDT TUE MAR 28 2017


...................................

...THE WALLOPS ISLAND VA CLIMATE SUMMARY FOR MARCH 27 2017...

CLIMATE NORMAL PERIOD 1981 TO 2010
CLIMATE RECORD PERIOD 1963 TO 2017


WEATHER ITEM   OBSERVED TIME   RECORD YEAR NORMAL DEPARTURE
                VALUE   (LST)  VALUE       VALUE  FROM
                                                  NORMAL
...............................................................
TEMPERATURE (F)
 YESTERDAY
  MAXIMUM         69   1222 PM  82    2007  57     12
  MINIMUM         44    208 AM  23    2014  39      5
  AVERAGE         57                        48      9

PRECIPITATION (IN)
  YESTERDAY        0.00          1.52        0.14  -0.14
  MONTH TO DATE    1.79                      3.48  -1.69
  SINCE MAR 1      1.79                      3.48  -1.69
  SINCE JAN 1      7.99                      9.28  -1.29

SNOWFALL (IN)
  YESTERDAY        0.0           0.6  2011   0.0    0.0
  MONTH TO DATE    T                         0.4   -0.4
  SINCE NOV 1     10.1                       7.8    2.3
  SINCE JUL 1     10.1                       7.8    2.3

DEGREE DAYS
 HEATING
  YESTERDAY        8                               -9
  MONTH TO DATE  569                               14
  SINCE MAR 1    569                               14
  SINCE JUL 1   3145                             -490

 COOLING
  YESTERDAY        0                                0
  MONTH TO DATE    2                                2
  SINCE MAR 1      2                                2
  SINCE JAN 1      2                                2
...............................................................


WIND (MPH)
  HIGHEST WIND SPEED    22   HIGHEST WIND DIRECTION     S (190)
  HIGHEST GUST SPEED    28   HIGHEST GUST DIRECTION     S (190)
  AVERAGE WIND SPEED    11.0




RELATIVE HUMIDITY (PERCENT)
 HIGHEST   100
 LOWEST     67
 AVERAGE    84

..........................................................


THE WALLOPS ISLAND VA CLIMATE NORMALS FOR TODAY
                         NORMAL    RECORD    YEAR
 MAXIMUM TEMPERATURE (F)   57        81      1991
                                             1989
 MINIMUM TEMPERATURE (F)   40        24      2001


SUNRISE AND SUNSET
MARCH 28 2017.........SUNRISE   653 AM EDT   SUNSET   721 PM EDT
MARCH 29 2017.........SUNRISE   651 AM EDT   SUNSET   722 PM EDT


-  INDICATES NEGATIVE NUMBERS.
R  INDICATES RECORD WAS SET OR TIED.
MM INDICATES DATA IS MISSING.
T  INDICATES TRACE AMOUNT.




$$
