000
CDUS41 KAKQ 212226
CLIWAL


CLIMATE REPORT
NATIONAL WEATHER SERVICE WAKEFIELD, VA
526 PM EST SUN DEC 21 2014


...................................

...THE WALLOPS ISLAND VA CLIMATE SUMMARY FOR DECEMBER 21 2014...
VALID TODAY AS OF 0500 PM LOCAL TIME.

CLIMATE NORMAL PERIOD 1981 TO 2010
CLIMATE RECORD PERIOD 1963 TO 2014


WEATHER ITEM   OBSERVED TIME   RECORD YEAR NORMAL DEPARTURE
                VALUE   (LST)  VALUE       VALUE  FROM
                                                  NORMAL
...............................................................
TEMPERATURE (F)
 TODAY
  MAXIMUM         44    307 PM  66    2013  48     -4
  MINIMUM         30   1243 AM   4    1989  31     -1
  AVERAGE         37

PRECIPITATION (IN)
  TODAY            0.00          0.82 1973   0.12  -0.12
  MONTH TO DATE    1.16                      2.39  -1.23
  SINCE DEC 1      1.16                      2.39  -1.23
  SINCE JAN 1     35.92                     39.80  -3.88

SNOWFALL (IN)
  TODAY            0.0           0.3  1973
  MONTH TO DATE    0.0
  SINCE NOV 1      0.0
  SINCE JUL 1      0.0
  SNOW DEPTH       0

DEGREE DAYS
 HEATING
  TODAY           28

 COOLING
  TODAY            0
...............................................................


WIND (MPH)
  HIGHEST WIND SPEED     8   HIGHEST WIND DIRECTION    NW (330)
  HIGHEST GUST SPEED    11   HIGHEST GUST DIRECTION     N (350)




RELATIVE HUMIDITY (PERCENT)
 HIGHEST    85
 LOWEST     53
 AVERAGE    69

..........................................................


THE WALLOPS ISLAND VA CLIMATE NORMALS FOR TOMORROW
                         NORMAL    RECORD    YEAR
 MAXIMUM TEMPERATURE (F)   47        71      2013
 MINIMUM TEMPERATURE (F)   31         7      1989


SUNRISE AND SUNSET
DECEMBER 21 2014......SUNRISE   714 AM EST   SUNSET   446 PM EST
DECEMBER 22 2014......SUNRISE   714 AM EST   SUNSET   447 PM EST


-  INDICATES NEGATIVE NUMBERS.
R  INDICATES RECORD WAS SET OR TIED.
MM INDICATES DATA IS MISSING.
T  INDICATES TRACE AMOUNT.




$$
