000
CDUS46 KLOX 010118
CLIWJF


CLIMATE REPORT
NATIONAL WEATHER SERVICE LOS ANGELES/OXNARD CA
618 PM PDT THU JUL 31 2014


...................................

...THE LANCASTER CLIMATE SUMMARY FOR JULY 31 2014...
VALID TODAY AS OF 0600 PM LOCAL TIME.

CLIMATE NORMAL PERIOD 1981 TO 2010
CLIMATE RECORD PERIOD 1948 TO 2014


WEATHER ITEM   OBSERVED TIME   RECORD YEAR NORMAL DEPARTURE LAST
                VALUE   (LST)  VALUE       VALUE  FROM      YEAR
                                                  NORMAL
..................................................................
TEMPERATURE (F)
 TODAY
  MAXIMUM        104    249 PM 107    1951  99      5       97
  MINIMUM         68    543 AM  52    1956  67      1       60
  AVERAGE         86                        83      3       79

PRECIPITATION (IN)
  TODAY            0.00          T    1991   0.00   0.00     0.00
  MONTH TO DATE    T                         0.09  -0.09     0.02
  SINCE JUL 1      T                         0.09  -0.09     0.02
  SINCE JAN 1      2.32                      5.00  -2.68     1.12

SNOWFALL (IN)
  TODAY            0.0           0.0    MM   0.0             0.0
  MONTH TO DATE    0.0                       0.0             0.0
  SINCE JUN 1      0.0                       0.0             0.0
  SINCE JUL 1      0.0                       0.0             0.0
  SNOW DEPTH       0

DEGREE DAYS
 HEATING
  TODAY            0                         0      0        0
  MONTH TO DATE    0                         0      0        0
  SINCE JUN 1      0                         8     -8        0
  SINCE JUL 1      0                         0      0        0

 COOLING
  TODAY           21                        18      3       14
  MONTH TO DATE  587                       536     51      627
  SINCE JUN 1    987                       877    110     1094
  SINCE JAN 1   1187                      1066    121     1352
..................................................................


WIND (MPH)
  HIGHEST WIND SPEED    23   HIGHEST WIND DIRECTION     W (250)
  HIGHEST GUST SPEED    26   HIGHEST GUST DIRECTION    SW (240)
  AVERAGE WIND SPEED     3.6


SKY COVER
  POSSIBLE SUNSHINE  MM
  AVERAGE SKY COVER 0.0


WEATHER CONDITIONS
 THE FOLLOWING WEATHER WAS RECORDED TODAY.
  NO SIGNIFICANT WEATHER WAS OBSERVED.


RELATIVE HUMIDITY (PERCENT)
 HIGHEST    44           500 AM
 LOWEST     14           200 PM
 AVERAGE    29

..........................................................


THE LANCASTER CLIMATE NORMALS FOR TOMORROW
                         NORMAL    RECORD    YEAR
 MAXIMUM TEMPERATURE (F)   99       107      1969
 MINIMUM TEMPERATURE (F)   67        53      1975


SUNRISE AND SUNSET
JULY 31 2014..........SUNRISE   602 AM PDT   SUNSET   756 PM PDT
AUGUST  1 2014........SUNRISE   603 AM PDT   SUNSET   755 PM PDT


-  INDICATES NEGATIVE NUMBERS.
R  INDICATES RECORD WAS SET OR TIED.
MM INDICATES DATA IS MISSING.
T  INDICATES TRACE AMOUNT.




$$
