000
CDUS46 KLOX 170905
CLIWJF


CLIMATE REPORT
NATIONAL WEATHER SERVICE LOS ANGELES/OXNARD CA
104 AM PST WED DEC 17 2014


...................................

...THE LANCASTER FOX FIELD CA CLIMATE SUMMARY FOR DECEMBER 16 2014...

CLIMATE NORMAL PERIOD 1981 TO 2010
CLIMATE RECORD PERIOD 1948 TO 2014


WEATHER ITEM   OBSERVED TIME   RECORD YEAR NORMAL DEPARTURE
                VALUE   (LST)  VALUE       VALUE  FROM
                                                  NORMAL
...............................................................
TEMPERATURE (F)
 YESTERDAY
  MAXIMUM         49    454 PM  75    1998  57     -8
  MINIMUM         40    138 AM  14    1975  29     11
  AVERAGE         45                        43      2

PRECIPITATION (IN)
  YESTERDAY        0.01          0.76 1988   0.04  -0.03
  MONTH TO DATE    2.44                      0.49   1.95
  SINCE JUL 1      2.77                      1.81   0.96
  SINCE JAN 1      5.09                      6.72  -1.63

SNOWFALL (IN)
  YESTERDAY       MM             3.0  1987
  MONTH TO DATE    0.0
  SINCE DEC 1      0.0
  SINCE JUL 1      0.0
  SNOW DEPTH       0

DEGREE DAYS
 HEATING
  YESTERDAY       20                               -2
  MONTH TO DATE  255                              -76
  SINCE DEC 1    255                              -76
  SINCE JUL 1    652                             -224

 COOLING
  YESTERDAY        0                                0
  MONTH TO DATE    0                                0
  SINCE DEC 1      0                                0
  SINCE JAN 1   2055                              173
...............................................................


WIND (MPH)
  HIGHEST WIND SPEED     9   HIGHEST WIND DIRECTION    SE (150)
  HIGHEST GUST SPEED    11   HIGHEST GUST DIRECTION    SE (150)
  AVERAGE WIND SPEED     1.7




RELATIVE HUMIDITY (PERCENT)
 HIGHEST   100
 LOWEST     76
 AVERAGE    88

..........................................................


THE LANCASTER FOX FIELD CA CLIMATE NORMALS FOR TODAY
                         NORMAL    RECORD    YEAR
 MAXIMUM TEMPERATURE (F)   57        74      1980
 MINIMUM TEMPERATURE (F)   29        17      1975


SUNRISE AND SUNSET
DECEMBER 17 2014......SUNRISE   654 AM PST   SUNSET   444 PM PST
DECEMBER 18 2014......SUNRISE   655 AM PST   SUNSET   444 PM PST


-  INDICATES NEGATIVE NUMBERS.
R  INDICATES RECORD WAS SET OR TIED.
MM INDICATES DATA IS MISSING.
T  INDICATES TRACE AMOUNT.




$$
