000
CDUS46 KLOX 060856
CLIWJF


CLIMATE REPORT
NATIONAL WEATHER SERVICE LOS ANGELES/OXNARD CA
1256 AM PST SAT FEB 6 2016


...................................

...THE LANCASTER FOX FIELD CA CLIMATE SUMMARY FOR FEBRUARY 5 2016...

CLIMATE NORMAL PERIOD 1981 TO 2010
CLIMATE RECORD PERIOD 1948 TO 2016


WEATHER ITEM   OBSERVED TIME   RECORD YEAR NORMAL DEPARTURE
                VALUE   (LST)  VALUE       VALUE  FROM
                                                  NORMAL
...............................................................
TEMPERATURE (F)
 YESTERDAY
  MAXIMUM         62    403 PM  81    2001  60      2
  MINIMUM         26    652 AM  17    1979  33     -7
  AVERAGE         44                        47     -3

PRECIPITATION (IN)
  YESTERDAY        0.00          0.48 2009   0.07  -0.07
  MONTH TO DATE    T                         0.30  -0.30
  SINCE OCT 1      3.02                      3.93  -0.91
  SINCE JAN 1      1.73                      1.80  -0.07

SNOWFALL (IN)
  YESTERDAY        0.0           T    1989
  MONTH TO DATE    0.0
  SINCE DEC 1      0.0
  SINCE JUL 1      0.0
  SNOW DEPTH       0

DEGREE DAYS
 HEATING
  YESTERDAY       21                                3
  MONTH TO DATE  126                               34
  SINCE DEC 1   1406                               34
  SINCE JUL 1   1986                               69

 COOLING
  YESTERDAY        0                                0
  MONTH TO DATE    0                                0
  SINCE DEC 1      0                                0
  SINCE JAN 1      0                                0
...............................................................


WIND (MPH)
  HIGHEST WIND SPEED    16   HIGHEST WIND DIRECTION    NE (60)
  HIGHEST GUST SPEED    21   HIGHEST GUST DIRECTION    NE (60)
  AVERAGE WIND SPEED     6.2




RELATIVE HUMIDITY (PERCENT)
 HIGHEST    85
 LOWEST     19
 AVERAGE    52

..........................................................


THE LANCASTER FOX FIELD CA CLIMATE NORMALS FOR TODAY
                         NORMAL    RECORD    YEAR
 MAXIMUM TEMPERATURE (F)   60        79      1963
 MINIMUM TEMPERATURE (F)   33        14      2003


SUNRISE AND SUNSET
FEBRUARY  6 2016......SUNRISE   647 AM PST   SUNSET   527 PM PST
FEBRUARY  7 2016......SUNRISE   647 AM PST   SUNSET   528 PM PST


-  INDICATES NEGATIVE NUMBERS.
R  INDICATES RECORD WAS SET OR TIED.
MM INDICATES DATA IS MISSING.
T  INDICATES TRACE AMOUNT.




$$
