000
CDUS46 KLOX 280903
CLIWJF


CLIMATE REPORT
NATIONAL WEATHER SERVICE LOS ANGELES/OXNARD CA
203 AM PDT SAT MAY 28 2016


...................................

...THE LANCASTER FOX FIELD CA CLIMATE SUMMARY FOR MAY 27 2016...

CLIMATE NORMAL PERIOD 1981 TO 2010
CLIMATE RECORD PERIOD 1948 TO 2016


WEATHER ITEM   OBSERVED TIME   RECORD YEAR NORMAL DEPARTURE
                VALUE   (LST)  VALUE       VALUE  FROM
                                                  NORMAL
...............................................................
TEMPERATURE (F)
 YESTERDAY
  MAXIMUM         87    224 PM 101    1984  86      1
  MINIMUM         58    538 AM  43    1998  57      1
  AVERAGE         73                        71      2

PRECIPITATION (IN)
  YESTERDAY        0.00          0.03 1981   0.00   0.00
  MONTH TO DATE    0.00                      0.08  -0.08
  SINCE OCT 1      3.82                      6.98  -3.16
  SINCE JAN 1      2.53                      4.85  -2.32

SNOWFALL (IN)
  YESTERDAY        0.0           0.0    MM
  MONTH TO DATE    0.0
  SINCE MAR 1      0.0
  SINCE JUL 1      0.0
  SNOW DEPTH       0

DEGREE DAYS
 HEATING
  YESTERDAY        0                               -1
  MONTH TO DATE   51                               -5
  SINCE MAR 1    421                             -210
  SINCE JUL 1   2672                             -252

 COOLING
  YESTERDAY        8                                1
  MONTH TO DATE   86                              -42
  SINCE MAR 1    107                              -51
  SINCE JAN 1    110                              -48
...............................................................


WIND (MPH)
  HIGHEST WIND SPEED    25   HIGHEST WIND DIRECTION     W (250)
  HIGHEST GUST SPEED    30   HIGHEST GUST DIRECTION     W (250)
  AVERAGE WIND SPEED     9.4




RELATIVE HUMIDITY (PERCENT)
 HIGHEST    57
 LOWEST     14
 AVERAGE    36

..........................................................


THE LANCASTER FOX FIELD CA CLIMATE NORMALS FOR TODAY
                         NORMAL    RECORD    YEAR
 MAXIMUM TEMPERATURE (F)   86       106      2003
 MINIMUM TEMPERATURE (F)   57        42      1953


SUNRISE AND SUNSET
MAY 28 2016...........SUNRISE   542 AM PDT   SUNSET   759 PM PDT
MAY 29 2016...........SUNRISE   542 AM PDT   SUNSET   759 PM PDT


-  INDICATES NEGATIVE NUMBERS.
R  INDICATES RECORD WAS SET OR TIED.
MM INDICATES DATA IS MISSING.
T  INDICATES TRACE AMOUNT.




$$
