000
CDUS46 KLOX 250903
CLIWJF


CLIMATE REPORT
NATIONAL WEATHER SERVICE LOS ANGELES/OXNARD CA
203 AM PDT SAT OCT 25 2014


...................................

...THE LANCASTER FOX FIELD CA CLIMATE SUMMARY FOR OCTOBER 24 2014...

CLIMATE NORMAL PERIOD 1981 TO 2010
CLIMATE RECORD PERIOD 1948 TO 2014


WEATHER ITEM   OBSERVED TIME   RECORD YEAR NORMAL DEPARTURE
                VALUE   (LST)  VALUE       VALUE  FROM
                                                  NORMAL
...............................................................
TEMPERATURE (F)
 YESTERDAY
  MAXIMUM         87    238 PM  96    1959  76     11
  MINIMUM         43    502 AM  26    1975  43      0
  AVERAGE         65                        60      5

PRECIPITATION (IN)
  YESTERDAY        0.00          0.12 1992   0.02  -0.02
  MONTH TO DATE    0.00                      0.30  -0.30
  SINCE JUL 1      0.03                      0.64  -0.61
  SINCE JAN 1      2.35                      5.55  -3.20

SNOWFALL (IN)
  YESTERDAY        0.0           0.0    MM
  MONTH TO DATE    0.0
  SINCE SEP 1      0.0
  SINCE JUL 1      0.0
  SNOW DEPTH       0

DEGREE DAYS
 HEATING
  YESTERDAY        0                               -6
  MONTH TO DATE   12                              -64
  SINCE SEP 1     14                              -74
  SINCE JUL 1     14                              -74

 COOLING
  YESTERDAY        0                                0
  MONTH TO DATE   71                               22
  SINCE SEP 1    401                               81
  SINCE JAN 1   2052                              173
...............................................................


WIND (MPH)
  HIGHEST WIND SPEED    18   HIGHEST WIND DIRECTION    SW (230)
  HIGHEST GUST SPEED    25   HIGHEST GUST DIRECTION    SW (230)
  AVERAGE WIND SPEED     5.8




RELATIVE HUMIDITY (PERCENT)
 HIGHEST    49
 LOWEST     12
 AVERAGE    31

..........................................................


THE LANCASTER FOX FIELD CA CLIMATE NORMALS FOR TODAY
                         NORMAL    RECORD    YEAR
 MAXIMUM TEMPERATURE (F)   76        93      1959
 MINIMUM TEMPERATURE (F)   43        26      1975


SUNRISE AND SUNSET
OCTOBER 25 2014.......SUNRISE   707 AM PDT   SUNSET   606 PM PDT
OCTOBER 26 2014.......SUNRISE   708 AM PDT   SUNSET   605 PM PDT


-  INDICATES NEGATIVE NUMBERS.
R  INDICATES RECORD WAS SET OR TIED.
MM INDICATES DATA IS MISSING.
T  INDICATES TRACE AMOUNT.




$$
