000
CDUS46 KLOX 030857
CLIWJF


CLIMATE REPORT
NATIONAL WEATHER SERVICE LOS ANGELES/OXNARD CA
156 AM PDT WED JUN 3 2015


...................................

...THE LANCASTER FOX FIELD CA CLIMATE SUMMARY FOR JUNE 2 2015...

CLIMATE NORMAL PERIOD 1981 TO 2010
CLIMATE RECORD PERIOD 1948 TO 2015


WEATHER ITEM   OBSERVED TIME   RECORD YEAR NORMAL DEPARTURE
                VALUE   (LST)  VALUE       VALUE  FROM
                                                  NORMAL
...............................................................
TEMPERATURE (F)
 YESTERDAY
  MAXIMUM         84    139 PM 105    1960  87     -3
  MINIMUM         59    511 AM  38    1967  58      1
  AVERAGE         72                        72      0

PRECIPITATION (IN)
  YESTERDAY        0.00          T    1999   0.00   0.00
  MONTH TO DATE    0.00                      0.00   0.00
  SINCE OCT 1      4.61                      6.99  -2.38
  SINCE JAN 1      1.69                      4.86  -3.17

SNOWFALL (IN)
  YESTERDAY        0.0           0.0    MM
  MONTH TO DATE    0.0
  SINCE JUN 1      0.0
  SINCE JUL 1      0.0
  SNOW DEPTH       0

DEGREE DAYS
 HEATING
  YESTERDAY        0                               -1
  MONTH TO DATE    0                               -2
  SINCE JUN 1      0                               -2
  SINCE JUL 1   2376                             -555

 COOLING
  YESTERDAY        7                               -1
  MONTH TO DATE   16                                0
  SINCE JUN 1     16                                0
  SINCE JAN 1    114                              -91
...............................................................


WIND (MPH)
  HIGHEST WIND SPEED    26   HIGHEST WIND DIRECTION    SW (240)
  HIGHEST GUST SPEED    34   HIGHEST GUST DIRECTION     W (270)
  AVERAGE WIND SPEED    18.6




RELATIVE HUMIDITY (PERCENT)
 HIGHEST    67
 LOWEST     20
 AVERAGE    44

..........................................................


THE LANCASTER FOX FIELD CA CLIMATE NORMALS FOR TODAY
                         NORMAL    RECORD    YEAR
 MAXIMUM TEMPERATURE (F)   87       107      1960
 MINIMUM TEMPERATURE (F)   58        38      1967


SUNRISE AND SUNSET
JUNE  3 2015..........SUNRISE   540 AM PDT   SUNSET   802 PM PDT
JUNE  4 2015..........SUNRISE   540 AM PDT   SUNSET   803 PM PDT


-  INDICATES NEGATIVE NUMBERS.
R  INDICATES RECORD WAS SET OR TIED.
MM INDICATES DATA IS MISSING.
T  INDICATES TRACE AMOUNT.




$$
