000
CDUS46 KLOX 290916
CLIWJF


CLIMATE REPORT
NATIONAL WEATHER SERVICE LOS ANGELES/OXNARD CA
216 AM PDT WED MAR 29 2017


...................................

...THE LANCASTER FOX FIELD CA CLIMATE SUMMARY FOR MARCH 28 2017...

CLIMATE NORMAL PERIOD 1981 TO 2010
CLIMATE RECORD PERIOD 1948 TO 2017


WEATHER ITEM   OBSERVED TIME   RECORD YEAR NORMAL DEPARTURE
                VALUE   (LST)  VALUE       VALUE  FROM
                                                  NORMAL
...............................................................
TEMPERATURE (F)
 YESTERDAY
  MAXIMUM         71    458 PM  85    2015  69      2
  MINIMUM         38    539 AM  28    1975  41     -3
  AVERAGE         55                        55      0

PRECIPITATION (IN)
  YESTERDAY        0.00          0.62 1979   0.03  -0.03
  MONTH TO DATE    0.17                      1.07  -0.90
  SINCE OCT 1      6.51                      6.48   0.03
  SINCE JAN 1      4.52                      4.35   0.17

SNOWFALL (IN)
  YESTERDAY        0.0           T    1998
  MONTH TO DATE    0.0
  SINCE MAR 1      0.0
  SINCE JUL 1      0.0
  SNOW DEPTH       0

DEGREE DAYS
 HEATING
  YESTERDAY       10                                0
  MONTH TO DATE  254                              -83
  SINCE MAR 1    254                              -83
  SINCE JUL 1   2253                             -377

 COOLING
  YESTERDAY        0                                0
  MONTH TO DATE    4                                4
  SINCE MAR 1      4                                4
  SINCE JAN 1      4                                4
...............................................................


WIND (MPH)
  HIGHEST WIND SPEED    22   HIGHEST WIND DIRECTION     W (280)
  HIGHEST GUST SPEED    26   HIGHEST GUST DIRECTION     W (280)
  AVERAGE WIND SPEED     8.2




RELATIVE HUMIDITY (PERCENT)
 HIGHEST    79
 LOWEST     12
 AVERAGE    46

..........................................................


THE LANCASTER FOX FIELD CA CLIMATE NORMALS FOR TODAY
                         NORMAL    RECORD    YEAR
 MAXIMUM TEMPERATURE (F)   69        87      2015
                                             1969
 MINIMUM TEMPERATURE (F)   41        27      1988


SUNRISE AND SUNSET
MARCH 29 2017.........SUNRISE   644 AM PDT   SUNSET   712 PM PDT
MARCH 30 2017.........SUNRISE   642 AM PDT   SUNSET   713 PM PDT


-  INDICATES NEGATIVE NUMBERS.
R  INDICATES RECORD WAS SET OR TIED.
MM INDICATES DATA IS MISSING.
T  INDICATES TRACE AMOUNT.




$$
