000
CDUS46 KLOX 240903
CLIWJF


CLIMATE REPORT
NATIONAL WEATHER SERVICE LOS ANGELES/OXNARD CA
103 AM PST FRI FEB 24 2017


...................................

...THE LANCASTER FOX FIELD CA CLIMATE SUMMARY FOR FEBRUARY 23 2017...

CLIMATE NORMAL PERIOD 1981 TO 2010
CLIMATE RECORD PERIOD 1948 TO 2017


WEATHER ITEM   OBSERVED TIME   RECORD YEAR NORMAL DEPARTURE
                VALUE   (LST)  VALUE       VALUE  FROM
                                                  NORMAL
...............................................................
TEMPERATURE (F)
 YESTERDAY
  MAXIMUM         48    221 PM  79    1989  63    -15
  MINIMUM         34   1159 PM  18    1984  36     -2
  AVERAGE         41                        50     -9

PRECIPITATION (IN)
  YESTERDAY        0.00          1.91 1998   0.07  -0.07
  MONTH TO DATE    1.80                      1.50   0.30
  SINCE OCT 1      6.26                      5.13   1.13
  SINCE JAN 1      4.27                      3.00   1.27

SNOWFALL (IN)
  YESTERDAY        0.0           T    1987
  MONTH TO DATE    0.0
  SINCE DEC 1      0.0
  SINCE JUL 1      0.0
  SNOW DEPTH       0

DEGREE DAYS
 HEATING
  YESTERDAY       24                                9
  MONTH TO DATE  283                             -111
  SINCE DEC 1   1472                             -202
  SINCE JUL 1   1898                             -321

 COOLING
  YESTERDAY        0                                0
  MONTH TO DATE    0                                0
  SINCE DEC 1      0                                0
  SINCE JAN 1      0                                0
...............................................................


WIND (MPH)
  HIGHEST WIND SPEED    28   HIGHEST WIND DIRECTION     W (290)
  HIGHEST GUST SPEED    36   HIGHEST GUST DIRECTION     W (280)
  AVERAGE WIND SPEED    15.5




RELATIVE HUMIDITY (PERCENT)
 HIGHEST    75
 LOWEST     41
 AVERAGE    58

..........................................................


THE LANCASTER FOX FIELD CA CLIMATE NORMALS FOR TODAY
                         NORMAL    RECORD    YEAR
 MAXIMUM TEMPERATURE (F)   63        80      1950
 MINIMUM TEMPERATURE (F)   37        20      1955


SUNRISE AND SUNSET
FEBRUARY 24 2017......SUNRISE   628 AM PST   SUNSET   545 PM PST
FEBRUARY 25 2017......SUNRISE   627 AM PST   SUNSET   546 PM PST


-  INDICATES NEGATIVE NUMBERS.
R  INDICATES RECORD WAS SET OR TIED.
MM INDICATES DATA IS MISSING.
T  INDICATES TRACE AMOUNT.




$$
