000
CDUS46 KLOX 200902
CLIWJF


CLIMATE REPORT
NATIONAL WEATHER SERVICE LOS ANGELES/OXNARD CA
202 AM PDT FRI OCT 20 2017


...................................

...THE LANCASTER FOX FIELD CA CLIMATE SUMMARY FOR OCTOBER 19 2017...

CLIMATE NORMAL PERIOD 1981 TO 2010
CLIMATE RECORD PERIOD 1948 TO 2017


WEATHER ITEM   OBSERVED TIME   RECORD YEAR NORMAL DEPARTURE
                VALUE   (LST)  VALUE       VALUE  FROM
                                                  NORMAL
...............................................................
TEMPERATURE (F)
 YESTERDAY
  MAXIMUM         82    114 PM  91    2003  78      4
  MINIMUM         57    626 AM  30    1971  45     12
  AVERAGE         70                        62      8

PRECIPITATION (IN)
  YESTERDAY        0.00          1.13 2010   0.01  -0.01
  MONTH TO DATE    0.00                      0.21  -0.21
  SINCE OCT 1      0.00                      0.21  -0.21
  SINCE JAN 1      4.62                      5.46  -0.84

SNOWFALL (IN)
  YESTERDAY        0.0           0.0    MM
  MONTH TO DATE    0.0
  SINCE SEP 1      0.0
  SINCE JUL 1      0.0
  SNOW DEPTH       0

DEGREE DAYS
 HEATING
  YESTERDAY        0                               -4
  MONTH TO DATE   60                               10
  SINCE SEP 1     80                               18
  SINCE JUL 1     80                               18

 COOLING
  YESTERDAY        5                                4
  MONTH TO DATE   35                              -10
  SINCE SEP 1    302                              -14
  SINCE JAN 1   2206                              331
...............................................................


WIND (MPH)
  HIGHEST WIND SPEED    37   HIGHEST WIND DIRECTION     W (270)
  HIGHEST GUST SPEED    43   HIGHEST GUST DIRECTION     W (270)
  AVERAGE WIND SPEED    17.6




RELATIVE HUMIDITY (PERCENT)
 HIGHEST    72
 LOWEST      7
 AVERAGE    40

..........................................................


THE LANCASTER FOX FIELD CA CLIMATE NORMALS FOR TODAY
                         NORMAL    RECORD    YEAR
 MAXIMUM TEMPERATURE (F)   78        95      2003
 MINIMUM TEMPERATURE (F)   45        31      1949


SUNRISE AND SUNSET
OCTOBER 20 2017.......SUNRISE   703 AM PDT   SUNSET   612 PM PDT
OCTOBER 21 2017.......SUNRISE   704 AM PDT   SUNSET   610 PM PDT


-  INDICATES NEGATIVE NUMBERS.
R  INDICATES RECORD WAS SET OR TIED.
MM INDICATES DATA IS MISSING.
T  INDICATES TRACE AMOUNT.




$$
