000
CDUS46 KLOX 280912
CLIWJF


CLIMATE REPORT
NATIONAL WEATHER SERVICE LOS ANGELES/OXNARD CA
212 AM PDT TUE JUL 28 2015


...................................

...THE LANCASTER FOX FIELD CA CLIMATE SUMMARY FOR JULY 27 2015...

CLIMATE NORMAL PERIOD 1981 TO 2010
CLIMATE RECORD PERIOD 1948 TO 2015


WEATHER ITEM   OBSERVED TIME   RECORD YEAR NORMAL DEPARTURE
                VALUE   (LST)  VALUE       VALUE  FROM
                                                  NORMAL
...............................................................
TEMPERATURE (F)
 YESTERDAY
  MAXIMUM         95    147 PM 107    1980  99     -4
  MINIMUM         68   1147 PM  49    1957  67      1
  AVERAGE         82                        83     -1

PRECIPITATION (IN)
  YESTERDAY        0.00          0.04 1969   0.00   0.00
  MONTH TO DATE    2.34                      0.08   2.26
  SINCE OCT 1      6.99                      7.12  -0.13
  SINCE JAN 1      4.07                      4.99  -0.92

SNOWFALL (IN)
  YESTERDAY        0.0           0.0    MM
  MONTH TO DATE    0.0
  SINCE JUN 1      0.0
  SINCE JUL 1      0.0
  SNOW DEPTH       0

DEGREE DAYS
 HEATING
  YESTERDAY        0                                0
  MONTH TO DATE    0                                0
  SINCE JUN 1      2                               -6
  SINCE JUL 1      0                                0

 COOLING
  YESTERDAY       17                               -1
  MONTH TO DATE  381                              -85
  SINCE JUN 1    856                               49
  SINCE JAN 1    954                              -42
...............................................................


WIND (MPH)
  HIGHEST WIND SPEED    26   HIGHEST WIND DIRECTION     W (260)
  HIGHEST GUST SPEED    32   HIGHEST GUST DIRECTION     W (270)
  AVERAGE WIND SPEED    15.1




RELATIVE HUMIDITY (PERCENT)
 HIGHEST    44
 LOWEST     11
 AVERAGE    28

..........................................................


THE LANCASTER FOX FIELD CA CLIMATE NORMALS FOR TODAY
                         NORMAL    RECORD    YEAR
 MAXIMUM TEMPERATURE (F)   99       107      2009
                                             1995
 MINIMUM TEMPERATURE (F)   67        49      1965


SUNRISE AND SUNSET
JULY 28 2015..........SUNRISE   600 AM PDT   SUNSET   759 PM PDT
JULY 29 2015..........SUNRISE   600 AM PDT   SUNSET   758 PM PDT


-  INDICATES NEGATIVE NUMBERS.
R  INDICATES RECORD WAS SET OR TIED.
MM INDICATES DATA IS MISSING.
T  INDICATES TRACE AMOUNT.




$$
