000
CDUS46 KLOX 270859
CLIWJF


CLIMATE REPORT
NATIONAL WEATHER SERVICE LOS ANGELES/OXNARD CA
159 AM PDT WED AUG 27 2014


...................................

...THE LANCASTER FOX FIELD CA CLIMATE SUMMARY FOR AUGUST 26 2014...

CLIMATE NORMAL PERIOD 1981 TO 2010
CLIMATE RECORD PERIOD 1948 TO 2014


WEATHER ITEM   OBSERVED TIME   RECORD YEAR NORMAL DEPARTURE
                VALUE   (LST)  VALUE       VALUE  FROM
                                                  NORMAL
...............................................................
TEMPERATURE (F)
 YESTERDAY
  MAXIMUM         89    129 PM 106    2001  96     -7
  MINIMUM         60    502 AM  47    1963  63     -3
  AVERAGE         75                        79     -4

PRECIPITATION (IN)
  YESTERDAY        0.00          T    2003   0.00   0.00
  MONTH TO DATE    0.03                      0.08  -0.05
  SINCE JUL 1      0.03                      0.17  -0.14
  SINCE JAN 1      2.35                      5.08  -2.73

SNOWFALL (IN)
  YESTERDAY        0.0           0.0    MM
  MONTH TO DATE    0.0
  SINCE JUN 1      0.0
  SINCE JUL 1      0.0
  SNOW DEPTH       0

DEGREE DAYS
 HEATING
  YESTERDAY        0                                0
  MONTH TO DATE    0                                0
  SINCE JUN 1      0                               -8
  SINCE JUL 1      0                                0

 COOLING
  YESTERDAY       10                               -4
  MONTH TO DATE  380                              -43
  SINCE JUN 1   1367                               67
  SINCE JAN 1   1567                               78
...............................................................


WIND (MPH)
  HIGHEST WIND SPEED    28   HIGHEST WIND DIRECTION    SW (220)
  HIGHEST GUST SPEED    35   HIGHEST GUST DIRECTION    SW (220)
  AVERAGE WIND SPEED    13.4




RELATIVE HUMIDITY (PERCENT)
 HIGHEST    72
 LOWEST     13
 AVERAGE    43

..........................................................


THE LANCASTER FOX FIELD CA CLIMATE NORMALS FOR TODAY
                         NORMAL    RECORD    YEAR
 MAXIMUM TEMPERATURE (F)   96       107      2011
                                             2001
 MINIMUM TEMPERATURE (F)   62        47      1955


SUNRISE AND SUNSET
AUGUST 27 2014........SUNRISE   622 AM PDT   SUNSET   726 PM PDT
AUGUST 28 2014........SUNRISE   623 AM PDT   SUNSET   725 PM PDT


-  INDICATES NEGATIVE NUMBERS.
R  INDICATES RECORD WAS SET OR TIED.
MM INDICATES DATA IS MISSING.
T  INDICATES TRACE AMOUNT.




$$
