000
CDUS46 KLOX 230902
CLIWJF


CLIMATE REPORT
NATIONAL WEATHER SERVICE LOS ANGELES/OXNARD CA
202 AM PDT TUE SEP 23 2014


...................................

...THE LANCASTER FOX FIELD CA CLIMATE SUMMARY FOR SEPTEMBER 22 2014...

CLIMATE NORMAL PERIOD 1981 TO 2010
CLIMATE RECORD PERIOD 1948 TO 2014


WEATHER ITEM   OBSERVED TIME   RECORD YEAR NORMAL DEPARTURE
                VALUE   (LST)  VALUE       VALUE  FROM
                                                  NORMAL
...............................................................
TEMPERATURE (F)
 YESTERDAY
  MAXIMUM         93    155 PM 106    1949  89      4
  MINIMUM         53    528 AM  39    1986  54     -1
  AVERAGE         73                        72      1

PRECIPITATION (IN)
  YESTERDAY        0.00          0.17 2007   0.01  -0.01
  MONTH TO DATE    T                         0.10  -0.10
  SINCE JUL 1      0.03                      0.29  -0.26
  SINCE JAN 1      2.35                      5.20  -2.85

SNOWFALL (IN)
  YESTERDAY        0.0           0.0    MM
  MONTH TO DATE    0.0
  SINCE SEP 1      0.0
  SINCE JUL 1      0.0
  SNOW DEPTH       0

DEGREE DAYS
 HEATING
  YESTERDAY        0                               -1
  MONTH TO DATE    0                               -1
  SINCE SEP 1      0                               -1
  SINCE JUL 1      0                               -1

 COOLING
  YESTERDAY        8                                1
  MONTH TO DATE  294                               69
  SINCE SEP 1    294                               69
  SINCE JAN 1   1945                              161
...............................................................


WIND (MPH)
  HIGHEST WIND SPEED    17   HIGHEST WIND DIRECTION    SW (230)
  HIGHEST GUST SPEED    23   HIGHEST GUST DIRECTION    SW (230)
  AVERAGE WIND SPEED     5.4




RELATIVE HUMIDITY (PERCENT)
 HIGHEST    59
 LOWEST     14
 AVERAGE    37

..........................................................


THE LANCASTER FOX FIELD CA CLIMATE NORMALS FOR TODAY
                         NORMAL    RECORD    YEAR
 MAXIMUM TEMPERATURE (F)   88       106      1949
 MINIMUM TEMPERATURE (F)   54        40      2006
                                             1968


SUNRISE AND SUNSET
SEPTEMBER 23 2014.....SUNRISE   642 AM PDT   SUNSET   648 PM PDT
SEPTEMBER 24 2014.....SUNRISE   642 AM PDT   SUNSET   647 PM PDT


-  INDICATES NEGATIVE NUMBERS.
R  INDICATES RECORD WAS SET OR TIED.
MM INDICATES DATA IS MISSING.
T  INDICATES TRACE AMOUNT.




$$
