000
CDUS45 KLKN 260929
CLIWMC


CLIMATE REPORT
NATIONAL WEATHER SERVICE ELKO NV
129 AM PST FRI DEC 26 2014


...................................

...THE WINNEMUCCA AIRPORT NV CLIMATE SUMMARY FOR DECEMBER 25 2014...

CLIMATE NORMAL PERIOD 1981 TO 2010
CLIMATE RECORD PERIOD 1877 TO 2014


WEATHER ITEM   OBSERVED TIME   RECORD YEAR NORMAL DEPARTURE LAST
                VALUE   (LST)  VALUE       VALUE  FROM      YEAR
                                                  NORMAL
..................................................................
TEMPERATURE (F)
 YESTERDAY
  MAXIMUM         37    117 PM  62    1902  40     -3       40
  MINIMUM         24    952 PM -24    1924  17      7       10
  AVERAGE         31                        28      3       25

PRECIPITATION (IN)
  YESTERDAY        T             0.41 1945   0.03  -0.03     0.00
  MONTH TO DATE    1.16                      0.74   0.42     0.61
  SINCE OCT 1      2.57                      2.29   0.28     2.66
  SINCE JAN 1      8.55                      8.09   0.46     5.72

SNOWFALL (IN)
  YESTERDAY        T             4.1  2012   0.2   -0.2      0.0
  MONTH TO DATE    T                         4.2   -4.2      9.9
  SINCE DEC 1      T                         4.2   -4.2      9.9
  SINCE JUL 1      2.3                       7.7   -5.4     16.5
  SNOW DEPTH       T

DEGREE DAYS
 HEATING
  YESTERDAY       34                        36     -2       40
  MONTH TO DATE  645                       883   -238     1208
  SINCE DEC 1    645                       883   -238     1208
  SINCE JUL 1   1939                      2451   -512     2753

 COOLING
  YESTERDAY        0                         0      0        0
  MONTH TO DATE    0                         0      0        0
  SINCE DEC 1      0                         0      0        0
  SINCE JAN 1    674                       541    133      762
..................................................................


WIND (MPH)
  HIGHEST WIND SPEED    21   HIGHEST WIND DIRECTION     N (340)
  HIGHEST GUST SPEED    28   HIGHEST GUST DIRECTION     N (340)
  AVERAGE WIND SPEED     9.8



WEATHER CONDITIONS
 THE FOLLOWING WEATHER WAS RECORDED YESTERDAY.
  LIGHT SNOW


RELATIVE HUMIDITY (PERCENT)
 HIGHEST    75           800 PM
 LOWEST     47          1200 PM
 AVERAGE    61

..........................................................


THE WINNEMUCCA AIRPORT NV CLIMATE NORMALS FOR TODAY
                         NORMAL    RECORD    YEAR
 MAXIMUM TEMPERATURE (F)   40        58      1933
                                             1928
 MINIMUM TEMPERATURE (F)   17       -26      1924


SUNRISE AND SUNSET
DECEMBER 26 2014......SUNRISE   714 AM PST   SUNSET   429 PM PST
DECEMBER 27 2014......SUNRISE   715 AM PST   SUNSET   430 PM PST


-  INDICATES NEGATIVE NUMBERS.
R  INDICATES RECORD WAS SET OR TIED.
MM INDICATES DATA IS MISSING.
T  INDICATES TRACE AMOUNT.




$$
