000
CDUS45 KLKN 090931
CLIWMC


CLIMATE REPORT
NATIONAL WEATHER SERVICE ELKO NV
130 AM PST TUE FEB 9 2016


...................................

...THE WINNEMUCCA AIRPORT NV CLIMATE SUMMARY FOR FEBRUARY 8 2016...

CLIMATE NORMAL PERIOD 1981 TO 2010
CLIMATE RECORD PERIOD 1877 TO 2016


WEATHER ITEM   OBSERVED TIME   RECORD YEAR NORMAL DEPARTURE LAST
                VALUE   (LST)  VALUE       VALUE  FROM      YEAR
                                                  NORMAL
..................................................................
TEMPERATURE (F)
 YESTERDAY
  MAXIMUM         51    219 PM  67    1963  46      5       59
  MINIMUM         28   1107 PM -21    1989  22      6       29
  AVERAGE         40                        34      6       44

PRECIPITATION (IN)
  YESTERDAY        0.00          0.61 1934   0.02  -0.02     0.13
  MONTH TO DATE    0.09                      0.19  -0.10     0.36
  SINCE OCT 1      6.27                      3.54   2.73     3.33
  SINCE JAN 1      1.99                      1.06   0.93     0.76

SNOWFALL (IN)
  YESTERDAY        0.0           4.3  1939   0.1   -0.1      0.0
  MONTH TO DATE    1.2                       1.1    0.1      0.0
  SINCE DEC 1     19.1                      10.2    8.9       T
  SINCE JUL 1     19.4                      13.7    5.7      2.3
  SNOW DEPTH       T

DEGREE DAYS
 HEATING
  YESTERDAY       25                        31     -6       21
  MONTH TO DATE  277                       257     20      148
  SINCE DEC 1   2364                      2442    -78     1959
  SINCE JUL 1   3713                      4010   -297     3253

 COOLING
  YESTERDAY        0                         0      0        0
  MONTH TO DATE    0                         0      0        0
  SINCE DEC 1      0                         0      0        0
  SINCE JAN 1      0                         0      0        0
..................................................................


WIND (MPH)
  HIGHEST WIND SPEED    18   HIGHEST WIND DIRECTION    NE (40)
  HIGHEST GUST SPEED    22   HIGHEST GUST DIRECTION    NE (40)
  AVERAGE WIND SPEED    10.3



WEATHER CONDITIONS
 THE FOLLOWING WEATHER WAS RECORDED YESTERDAY.
  NO SIGNIFICANT WEATHER WAS OBSERVED.


RELATIVE HUMIDITY (PERCENT)
 HIGHEST    92           200 AM
 LOWEST     46           200 PM
 AVERAGE    69

..........................................................


THE WINNEMUCCA AIRPORT NV CLIMATE NORMALS FOR TODAY
                         NORMAL    RECORD    YEAR
 MAXIMUM TEMPERATURE (F)   46        65      1963
                                             1951
 MINIMUM TEMPERATURE (F)   22       -23      1933


SUNRISE AND SUNSET
FEBRUARY  9 2016......SUNRISE   653 AM PST   SUNSET   518 PM PST
FEBRUARY 10 2016......SUNRISE   652 AM PST   SUNSET   519 PM PST


-  INDICATES NEGATIVE NUMBERS.
R  INDICATES RECORD WAS SET OR TIED.
MM INDICATES DATA IS MISSING.
T  INDICATES TRACE AMOUNT.




$$
