000
CDUS45 KLKN 250027
CLIWMC


CLIMATE REPORT
NATIONAL WEATHER SERVICE ELKO NV
526 PM PDT SUN JUL 24 2016


...................................

...THE WINNEMUCCA AIRPORT NV CLIMATE SUMMARY FOR JULY 24 2016...
VALID TODAY AS OF 0500 PM LOCAL TIME.

CLIMATE NORMAL PERIOD 1981 TO 2010
CLIMATE RECORD PERIOD 1877 TO 2016


WEATHER ITEM   OBSERVED TIME   RECORD YEAR NORMAL DEPARTURE LAST
                VALUE   (LST)  VALUE       VALUE  FROM      YEAR
                                                  NORMAL
..................................................................
TEMPERATURE (F)
 TODAY
  MAXIMUM         96    359 PM 103    1933  95      1       88
                                      1931
  MINIMUM         48    458 AM  38    1993  53     -5       43
  AVERAGE         72                        74     -2       66

PRECIPITATION (IN)
  TODAY            0.00          0.21 1927   0.01  -0.01     0.00
  MONTH TO DATE    T                         0.19  -0.19     0.66
  SINCE OCT 1      8.86                      7.60   1.26     8.90
  SINCE JAN 1      4.58                      5.12  -0.54     6.33

SNOWFALL (IN)
  TODAY            0.0           0.0  1877   0.0    0.0      0.0
  MONTH TO DATE    0.0                       0.0    0.0      0.0
  SINCE JUN 1      0.0                       T      0.0      0.0
  SINCE JUL 1      0.0                       0.0    0.0      0.0
  SNOW DEPTH       0

DEGREE DAYS
 HEATING
  TODAY            0                         0      0        0
  MONTH TO DATE   17                         6     11        2
  SINCE JUN 1     71                       111    -40       24
  SINCE JUL 1     17                         6     11        2

 COOLING
  TODAY            7                         9     -2        1
  MONTH TO DATE  134                       184    -50      176
  SINCE JUN 1    267                       263      4      381
  SINCE JAN 1    267                       274     -7      385
..................................................................


WIND (MPH)
  HIGHEST WIND SPEED    18   HIGHEST WIND DIRECTION     N (20)
  HIGHEST GUST SPEED    24   HIGHEST GUST DIRECTION    NE (30)



WEATHER CONDITIONS
 THE FOLLOWING WEATHER WAS RECORDED TODAY.
  NO SIGNIFICANT WEATHER WAS OBSERVED.


RELATIVE HUMIDITY (PERCENT)
 HIGHEST    39           500 AM
 LOWEST      6           400 PM
 AVERAGE    23

..........................................................


THE WINNEMUCCA AIRPORT NV CLIMATE NORMALS FOR TOMORROW
                         NORMAL    RECORD    YEAR
 MAXIMUM TEMPERATURE (F)   95       104      1978
 MINIMUM TEMPERATURE (F)   53        39      1918


SUNRISE AND SUNSET
JULY 24 2016..........SUNRISE   540 AM PDT   SUNSET   814 PM PDT
JULY 25 2016..........SUNRISE   541 AM PDT   SUNSET   814 PM PDT


-  INDICATES NEGATIVE NUMBERS.
R  INDICATES RECORD WAS SET OR TIED.
MM INDICATES DATA IS MISSING.
T  INDICATES TRACE AMOUNT.




$$
