000
CDUS45 KLKN 250930
CLIWMC


CLIMATE REPORT
NATIONAL WEATHER SERVICE ELKO NV
227 AM PDT SUN JUN 25 2017


...................................

...THE WINNEMUCCA AIRPORT NV CLIMATE SUMMARY FOR JUNE 24 2017...

CLIMATE NORMAL PERIOD 1981 TO 2010
CLIMATE RECORD PERIOD 1877 TO 2017


WEATHER ITEM   OBSERVED TIME   RECORD YEAR NORMAL DEPARTURE LAST
                VALUE   (LST)  VALUE       VALUE  FROM      YEAR
                                                  NORMAL
..................................................................
TEMPERATURE (F)
 YESTERDAY
  MAXIMUM         95    438 PM 106    1988  86      9       83
  MINIMUM         47    449 AM  32    1955  48     -1       56
  AVERAGE         71                        67      4       70

PRECIPITATION (IN)
  YESTERDAY        0.00          0.40 1952   0.01  -0.01     0.00
  MONTH TO DATE    1.22                      0.50   0.72     0.01
  SINCE OCT 1     11.00                      7.35   3.65     8.86
  SINCE JAN 1      6.46                      4.87   1.59     4.58

SNOWFALL (IN)
  YESTERDAY        0.0           0.0  1877   0.0    0.0      0.0
  MONTH TO DATE    0.0                       0.0    0.0      0.0
  SINCE JUN 1      0.0                       0.0    0.0      0.0
  SINCE JUL 1     18.5                      20.9   -2.4     21.1
  SNOW DEPTH       0

DEGREE DAYS
 HEATING
  YESTERDAY        0                         2     -2        0
  MONTH TO DATE   73                        97    -24       54
  SINCE JUN 1     73                        97    -24       54
  SINCE JUL 1   6004                      6297   -293     5686

 COOLING
  YESTERDAY        6                         4      2        5
  MONTH TO DATE  100                        51     49       90
  SINCE JUN 1    100                        51     49       90
  SINCE JAN 1    107                        62     45       90
..................................................................


WIND (MPH)
  HIGHEST WIND SPEED    20   HIGHEST WIND DIRECTION    NE (50)
  HIGHEST GUST SPEED    24   HIGHEST GUST DIRECTION    NE (50)
  AVERAGE WIND SPEED     7.7



WEATHER CONDITIONS
 THE FOLLOWING WEATHER WAS RECORDED YESTERDAY.
  NO SIGNIFICANT WEATHER WAS OBSERVED.


RELATIVE HUMIDITY (PERCENT)
 HIGHEST    65           400 AM
 LOWEST      7           200 PM
 AVERAGE    36

..........................................................


THE WINNEMUCCA AIRPORT NV CLIMATE NORMALS FOR TODAY
                         NORMAL    RECORD    YEAR
 MAXIMUM TEMPERATURE (F)   87       102      1970
 MINIMUM TEMPERATURE (F)   48        28      1978


SUNRISE AND SUNSET
JUNE 25 2017..........SUNRISE   521 AM PDT   SUNSET   827 PM PDT
JUNE 26 2017..........SUNRISE   521 AM PDT   SUNSET   827 PM PDT


-  INDICATES NEGATIVE NUMBERS.
R  INDICATES RECORD WAS SET OR TIED.
MM INDICATES DATA IS MISSING.
T  INDICATES TRACE AMOUNT.




$$
