000
CDUS45 KLKN 280929
CLIWMC


CLIMATE REPORT
NATIONAL WEATHER SERVICE ELKO NV
129 AM PST WED JAN 28 2015


...................................

...THE WINNEMUCCA AIRPORT NV CLIMATE SUMMARY FOR JANUARY 27 2015...

CLIMATE NORMAL PERIOD 1981 TO 2010
CLIMATE RECORD PERIOD 1877 TO 2015


WEATHER ITEM   OBSERVED TIME   RECORD YEAR NORMAL DEPARTURE LAST
                VALUE   (LST)  VALUE       VALUE  FROM      YEAR
                                                  NORMAL
..................................................................
TEMPERATURE (F)
 YESTERDAY
  MAXIMUM         46    936 AM  61    1971  43      3       55
  MINIMUM         28    144 AM -11    1898  20      8       11
  AVERAGE         37                        32      5       33

PRECIPITATION (IN)
  YESTERDAY        0.27          1.34 1903   0.02   0.25     0.00
  MONTH TO DATE    0.40                      0.77  -0.37     0.02
  SINCE OCT 1      2.97                      3.25  -0.28     2.68
  SINCE JAN 1      0.40                      0.77  -0.37     0.02

SNOWFALL (IN)
  YESTERDAY        0.0          10.5  1903   0.1   -0.1      0.0
  MONTH TO DATE    T                         3.3   -3.3      0.0
  SINCE DEC 1      T                         8.6   -8.6      9.9
  SINCE JUL 1      2.3                      12.1   -9.8     16.5
  SNOW DEPTH       0

DEGREE DAYS
 HEATING
  YESTERDAY       28                        34     -6       32
  MONTH TO DATE  817                       949   -132      848
  SINCE DEC 1   1702                      2054   -352     2291
  SINCE JUL 1   2996                      3622   -626     3836

 COOLING
  YESTERDAY        0                         0      0        0
  MONTH TO DATE    0                         0      0        0
  SINCE DEC 1      0                         0      0        0
  SINCE JAN 1      0                         0      0        0
..................................................................


WIND (MPH)
  HIGHEST WIND SPEED    16   HIGHEST WIND DIRECTION    SE (150)
  HIGHEST GUST SPEED    21   HIGHEST GUST DIRECTION    SE (150)
  AVERAGE WIND SPEED     6.0



WEATHER CONDITIONS
 THE FOLLOWING WEATHER WAS RECORDED YESTERDAY.
  LIGHT RAIN
  FOG


RELATIVE HUMIDITY (PERCENT)
 HIGHEST    92          1200 PM
 LOWEST     70           900 AM
 AVERAGE    81

..........................................................


THE WINNEMUCCA AIRPORT NV CLIMATE NORMALS FOR TODAY
                         NORMAL    RECORD    YEAR
 MAXIMUM TEMPERATURE (F)   43        63      1976
 MINIMUM TEMPERATURE (F)   20       -14      1922


SUNRISE AND SUNSET
JANUARY 28 2015.......SUNRISE   705 AM PST   SUNSET   503 PM PST
JANUARY 29 2015.......SUNRISE   704 AM PST   SUNSET   505 PM PST


-  INDICATES NEGATIVE NUMBERS.
R  INDICATES RECORD WAS SET OR TIED.
MM INDICATES DATA IS MISSING.
T  INDICATES TRACE AMOUNT.




$$
