000
CDUS45 KLKN 270031
CLIWMC


CLIMATE REPORT
NATIONAL WEATHER SERVICE ELKO NV
529 PM PDT TUE MAY 26 2015


...................................

...THE WINNEMUCCA AIRPORT NV CLIMATE SUMMARY FOR MAY 26 2015...
VALID TODAY AS OF 500 PM LOCAL TIME.

CLIMATE NORMAL PERIOD 1981 TO 2010
CLIMATE RECORD PERIOD 1877 TO 2015


WEATHER ITEM   OBSERVED TIME   RECORD YEAR NORMAL DEPARTURE LAST
                VALUE   (LST)  VALUE       VALUE  FROM      YEAR
                                                  NORMAL
..................................................................
TEMPERATURE (F)
 TODAY
  MAXIMUM         72    155 PM  96    1974  75     -3       88
  MINIMUM         42    449 AM  28    1997  40      2       40
  AVERAGE         57                        58     -1       64

PRECIPITATION (IN)
  TODAY            0.07          0.63 1941   0.03   0.04     0.00
  MONTH TO DATE    2.10                      0.96   1.14     0.74
  SINCE OCT 1      7.84                      6.69   1.15     6.58
  SINCE JAN 1      5.27                      4.21   1.06     3.92

SNOWFALL (IN)
  TODAY            0.0           0.0  1877   0.0    0.0      0.0
  MONTH TO DATE    0.0                       0.1   -0.1      0.0
  SINCE MAR 1      2.4                       4.9   -2.5      1.9
  SINCE JUL 1      5.3                      20.9  -15.6     23.4
  SNOW DEPTH       0

DEGREE DAYS
 HEATING
  TODAY            8                         8      0        1
  MONTH TO DATE  291                       284      7      252
  SINCE MAR 1   1466                      1575   -109     1480
  SINCE JUL 1   5248                      6164   -916     6139

 COOLING
  TODAY            0                         1     -1        0
  MONTH TO DATE    0                         4     -4        4
  SINCE MAR 1      0                         4     -4        4
  SINCE JAN 1      0                         4     -4        4
..................................................................


WIND (MPH)
  HIGHEST WIND SPEED    21   HIGHEST WIND DIRECTION    NW (320)
  HIGHEST GUST SPEED    27   HIGHEST GUST DIRECTION    NW (320)



WEATHER CONDITIONS
 THE FOLLOWING WEATHER WAS RECORDED TODAY.
  LIGHT RAIN


RELATIVE HUMIDITY (PERCENT)
 HIGHEST   100           400 AM
 LOWEST     34           100 PM
 AVERAGE    67

..........................................................


THE WINNEMUCCA AIRPORT NV CLIMATE NORMALS FOR TOMORROW
                         NORMAL    RECORD    YEAR
 MAXIMUM TEMPERATURE (F)   76        94      1983
 MINIMUM TEMPERATURE (F)   41        25      1998
                                             1961


SUNRISE AND SUNSET
MAY 26 2015...........SUNRISE   525 AM PDT   SUNSET   812 PM PDT
MAY 27 2015...........SUNRISE   524 AM PDT   SUNSET   813 PM PDT


-  INDICATES NEGATIVE NUMBERS.
R  INDICATES RECORD WAS SET OR TIED.
MM INDICATES DATA IS MISSING.
T  INDICATES TRACE AMOUNT.




$$
