000
CDUS45 KLKN 210933
CLIWMC


CLIMATE REPORT
NATIONAL WEATHER SERVICE ELKO NV
230 AM PDT MON APR 21 2014


...................................

...THE WINNEMUCCA AIRPORT NV CLIMATE SUMMARY FOR APRIL 20 2014...

CLIMATE NORMAL PERIOD 1981 TO 2010
CLIMATE RECORD PERIOD 1877 TO 2014


WEATHER ITEM   OBSERVED TIME   RECORD YEAR NORMAL DEPARTURE LAST
                VALUE   (LST)  VALUE       VALUE  FROM      YEAR
                                                  NORMAL
..................................................................
TEMPERATURE (F)
 YESTERDAY
  MAXIMUM         69    248 PM  86    1994  64      5       64
                                      1934
  MINIMUM         34    441 AM  11    1972  32      2       31
  AVERAGE         52                        48      4       48

PRECIPITATION (IN)
  YESTERDAY        0.00          0.77 1957   0.02  -0.02     0.00
  MONTH TO DATE    0.14                      0.57  -0.43     0.55
  SINCE OCT 1      5.52                      5.41   0.11     3.75
  SINCE JAN 1      2.86                      2.93  -0.07     1.34

SNOWFALL (IN)
  YESTERDAY        0.0           0.7  1911   0.0    0.0      0.0
  MONTH TO DATE    1.2                       1.2    0.0       T
  SINCE MAR 1      1.9                       4.4   -2.5       T
  SINCE JUL 1     23.4                      20.4    3.0     21.9
  SNOW DEPTH       0

DEGREE DAYS
 HEATING
  YESTERDAY       13                        17     -4       17
  MONTH TO DATE  337                       392    -55      408
  SINCE MAR 1   1040                      1131    -91     1118
  SINCE JUL 1   5699                      5720    -21     5884

 COOLING
  YESTERDAY        0                         0      0        0
  MONTH TO DATE    0                         0      0        0
  SINCE MAR 1      0                         0      0        0
  SINCE JAN 1      0                         0      0        0
..................................................................


WIND (MPH)
  HIGHEST WIND SPEED    16   HIGHEST WIND DIRECTION    NE (60)
  HIGHEST GUST SPEED    23   HIGHEST GUST DIRECTION    NE (60)
  AVERAGE WIND SPEED     5.7



WEATHER CONDITIONS
 THE FOLLOWING WEATHER WAS RECORDED YESTERDAY.
  NO SIGNIFICANT WEATHER WAS OBSERVED.


RELATIVE HUMIDITY (PERCENT)
 HIGHEST    70           400 AM
 LOWEST      9           500 PM
 AVERAGE    40

..........................................................


THE WINNEMUCCA AIRPORT NV CLIMATE NORMALS FOR TODAY
                         NORMAL    RECORD    YEAR
 MAXIMUM TEMPERATURE (F)   64        85      2012
 MINIMUM TEMPERATURE (F)   32        14      2008


SUNRISE AND SUNSET
APRIL 21 2014.........SUNRISE   603 AM PDT   SUNSET   737 PM PDT
APRIL 22 2014.........SUNRISE   602 AM PDT   SUNSET   738 PM PDT


-  INDICATES NEGATIVE NUMBERS.
R  INDICATES RECORD WAS SET OR TIED.
MM INDICATES DATA IS MISSING.
T  INDICATES TRACE AMOUNT.




$$
