000
CDUS45 KLKN 240927
CLIWMC


CLIMATE REPORT
NATIONAL WEATHER SERVICE ELKO NV
127 AM PST TUE JAN 24 2017


...................................

...THE WINNEMUCCA AIRPORT NV CLIMATE SUMMARY FOR JANUARY 23 2017...

CLIMATE NORMAL PERIOD 1981 TO 2010
CLIMATE RECORD PERIOD 1877 TO 2017


WEATHER ITEM   OBSERVED TIME   RECORD YEAR NORMAL DEPARTURE LAST
                VALUE   (LST)  VALUE       VALUE  FROM      YEAR
                                                  NORMAL
..................................................................
TEMPERATURE (F)
 YESTERDAY
  MAXIMUM         34    230 PM  62    1970  42     -8       51
  MINIMUM         16   1159 PM -22    1962  20     -4       32
                                      1937
  AVERAGE         25                        31     -6       42

PRECIPITATION (IN)
  YESTERDAY        0.16          0.48 2009   0.03   0.13     0.06
  MONTH TO DATE    1.88                      0.68   1.20     1.27
  SINCE OCT 1      6.42                      3.16   3.26     5.55
  SINCE JAN 1      1.88                      0.68   1.20     1.27

SNOWFALL (IN)
  YESTERDAY       MM             4.0  2012   0.1   MM         T
                                      1923
  MONTH TO DATE    6.0                       2.8    3.2      5.5
  SINCE DEC 1     12.2                       8.1    4.1     14.5
  SINCE JUL 1     12.8                      11.6    1.2     14.8
  SNOW DEPTH       0

DEGREE DAYS
 HEATING
  YESTERDAY       40                        34      6       23
  MONTH TO DATE  849                       813     36      793
  SINCE DEC 1   2049                      1918    131     1849
  SINCE JUL 1   3384                      3486   -102     3198

 COOLING
  YESTERDAY        0                         0      0        0
  MONTH TO DATE    0                         0      0        0
  SINCE DEC 1      0                         0      0        0
  SINCE JAN 1      0                         0      0        0
..................................................................


WIND (MPH)
  HIGHEST WIND SPEED    17   HIGHEST WIND DIRECTION    SW (240)
  HIGHEST GUST SPEED    22   HIGHEST GUST DIRECTION    SW (240)
  AVERAGE WIND SPEED     6.0



WEATHER CONDITIONS
 THE FOLLOWING WEATHER WAS RECORDED YESTERDAY.
  LIGHT SNOW
  FOG


RELATIVE HUMIDITY (PERCENT)
 HIGHEST   100           100 AM
 LOWEST     75          1000 AM
 AVERAGE    88

..........................................................


THE WINNEMUCCA AIRPORT NV CLIMATE NORMALS FOR TODAY
                         NORMAL    RECORD    YEAR
 MAXIMUM TEMPERATURE (F)   42        60      1946
 MINIMUM TEMPERATURE (F)   20       -23      1949


SUNRISE AND SUNSET
JANUARY 24 2017.......SUNRISE   708 AM PST   SUNSET   459 PM PST
JANUARY 25 2017.......SUNRISE   707 AM PST   SUNSET   500 PM PST


-  INDICATES NEGATIVE NUMBERS.
R  INDICATES RECORD WAS SET OR TIED.
MM INDICATES DATA IS MISSING.
T  INDICATES TRACE AMOUNT.




$$
