000
CDUS45 KLKN 060928
CLIWMC


CLIMATE REPORT
NATIONAL WEATHER SERVICE ELKO NV
228 AM PDT FRI MAY 6 2016


...................................

...THE WINNEMUCCA AIRPORT NV CLIMATE SUMMARY FOR MAY 5 2016...

CLIMATE NORMAL PERIOD 1981 TO 2010
CLIMATE RECORD PERIOD 1877 TO 2016


WEATHER ITEM   OBSERVED TIME   RECORD YEAR NORMAL DEPARTURE LAST
                VALUE   (LST)  VALUE       VALUE  FROM      YEAR
                                                  NORMAL
..................................................................
TEMPERATURE (F)
 YESTERDAY
  MAXIMUM         71   1155 AM  90    1992  69      2       75
                                      1947
  MINIMUM         39    144 AM  16    1961  35      4       44
  AVERAGE         55                        52      3       60

PRECIPITATION (IN)
  YESTERDAY        T             0.40 1896   0.04  -0.04     0.00
  MONTH TO DATE    T                         0.19  -0.19     0.00
  SINCE OCT 1      8.20                      5.92   2.28     5.74
  SINCE JAN 1      3.92                      3.44   0.48     3.17

SNOWFALL (IN)
  YESTERDAY       MM             2.5  1896   0.0   MM        0.0
  MONTH TO DATE    0.0                       0.0    0.0      0.0
  SINCE MAR 1      1.7                       4.8   -3.1      2.4
  SINCE JUL 1     21.1                      20.8    0.3      5.3
  SNOW DEPTH       0

DEGREE DAYS
 HEATING
  YESTERDAY       10                        13     -3        5
  MONTH TO DATE   55                        68    -13       29
  SINCE MAR 1   1177                      1359   -182     1204
  SINCE JUL 1   5354                      5948   -594     4986

 COOLING
  YESTERDAY        0                         0      0        0
  MONTH TO DATE    0                         0      0        0
  SINCE MAR 1      0                         0      0        0
  SINCE JAN 1      0                         0      0        0
..................................................................


WIND (MPH)
  HIGHEST WIND SPEED    24   HIGHEST WIND DIRECTION    NE (30)
  HIGHEST GUST SPEED    30   HIGHEST GUST DIRECTION    NE (30)
  AVERAGE WIND SPEED     9.5



WEATHER CONDITIONS
 THE FOLLOWING WEATHER WAS RECORDED YESTERDAY.
  THUNDERSTORM
  LIGHT RAIN


RELATIVE HUMIDITY (PERCENT)
 HIGHEST    77           900 PM
 LOWEST     31          1200 PM
 AVERAGE    54

..........................................................


THE WINNEMUCCA AIRPORT NV CLIMATE NORMALS FOR TODAY
                         NORMAL    RECORD    YEAR
 MAXIMUM TEMPERATURE (F)   69        91      1992
 MINIMUM TEMPERATURE (F)   36        13      1965


SUNRISE AND SUNSET
MAY  6 2016...........SUNRISE   543 AM PDT   SUNSET   754 PM PDT
MAY  7 2016...........SUNRISE   541 AM PDT   SUNSET   755 PM PDT


-  INDICATES NEGATIVE NUMBERS.
R  INDICATES RECORD WAS SET OR TIED.
MM INDICATES DATA IS MISSING.
T  INDICATES TRACE AMOUNT.




$$
