437
CDUS45 KLKN 130928
CLIWMC


CLIMATE REPORT
NATIONAL WEATHER SERVICE ELKO NV
127 AM PST WED DEC 13 2017


...................................

...THE WINNEMUCCA AIRPORT NV CLIMATE SUMMARY FOR DECEMBER 12 2017...

CLIMATE NORMAL PERIOD 1981 TO 2010
CLIMATE RECORD PERIOD 1877 TO 2017


WEATHER ITEM   OBSERVED TIME   RECORD YEAR NORMAL DEPARTURE LAST
                VALUE   (LST)  VALUE       VALUE  FROM      YEAR
                                                  NORMAL
..................................................................
TEMPERATURE (F)
 YESTERDAY
  MAXIMUM         44    259 PM  60    2010  41      3       41
                                      1921
  MINIMUM          2    740 AM -24    1932  17    -15       21
  AVERAGE         23                        29     -6       31

PRECIPITATION (IN)
  YESTERDAY        0.00          0.49 2003   0.03  -0.03     0.00
  MONTH TO DATE    0.12                      0.35  -0.23     0.96
  SINCE OCT 1      1.15                      1.90  -0.75     3.30
  SINCE JAN 1      8.23                      7.70   0.53     8.12

SNOWFALL (IN)
  YESTERDAY        0.0           6.3  1994   0.1   -0.1      0.0
  MONTH TO DATE    0.8                       1.9   -1.1      2.8
  SINCE DEC 1      0.8                       1.9   -1.1      2.8
  SINCE JUL 1      0.8                       5.4   -4.6      3.4
  SNOW DEPTH       0

DEGREE DAYS
 HEATING
  YESTERDAY       42                        36      6       34
  MONTH TO DATE  443                       415     28      421
  SINCE DEC 1    443                       415     28      421
  SINCE JUL 1   1879                      1983   -104     1756

 COOLING
  YESTERDAY        0                         0      0        0
  MONTH TO DATE    0                         0      0        0
  SINCE DEC 1      0                         0      0        0
  SINCE JAN 1    927                       541    386      577
..................................................................


WIND (MPH)
  HIGHEST WIND SPEED    10   HIGHEST WIND DIRECTION    SE (130)
  HIGHEST GUST SPEED    13   HIGHEST GUST DIRECTION    SE (140)
  AVERAGE WIND SPEED     2.3



WEATHER CONDITIONS
 THE FOLLOWING WEATHER WAS RECORDED YESTERDAY.
  NO SIGNIFICANT WEATHER WAS OBSERVED.


RELATIVE HUMIDITY (PERCENT)
 HIGHEST    87           300 AM
 LOWEST     36           400 PM
 AVERAGE    62

..........................................................


THE WINNEMUCCA AIRPORT NV CLIMATE NORMALS FOR TODAY
                         NORMAL    RECORD    YEAR
 MAXIMUM TEMPERATURE (F)   41        61      1929
                                             1921
 MINIMUM TEMPERATURE (F)   17       -15      1972


SUNRISE AND SUNSET
DECEMBER 13 2017......SUNRISE   707 AM PST   SUNSET   424 PM PST
DECEMBER 14 2017......SUNRISE   708 AM PST   SUNSET   424 PM PST


-  INDICATES NEGATIVE NUMBERS.
R  INDICATES RECORD WAS SET OR TIED.
MM INDICATES DATA IS MISSING.
T  INDICATES TRACE AMOUNT.




$$
