000
CDUS45 KLKN 270934
CLIWMC


CLIMATE REPORT
NATIONAL WEATHER SERVICE ELKO NV
127 AM PST FRI FEB 27 2015


...................................

...THE WINNEMUCCA AIRPORT NV CLIMATE SUMMARY FOR FEBRUARY 26 2015...

CLIMATE NORMAL PERIOD 1981 TO 2010
CLIMATE RECORD PERIOD 1877 TO 2015


WEATHER ITEM   OBSERVED TIME   RECORD YEAR NORMAL DEPARTURE LAST
                VALUE   (LST)  VALUE       VALUE  FROM      YEAR
                                                  NORMAL
..................................................................
TEMPERATURE (F)
 YESTERDAY
  MAXIMUM         49    246 PM  69    1908  51     -2       64
  MINIMUM         28   1022 PM  -1    1987  25      3       29
  AVERAGE         39                        38      1       47

PRECIPITATION (IN)
  YESTERDAY        0.00          0.64 1922   0.02  -0.02     0.00
  MONTH TO DATE    0.49                      0.61  -0.12     0.98
  SINCE OCT 1      3.46                      3.96  -0.50     4.13
  SINCE JAN 1      0.89                      1.48  -0.59     1.47

SNOWFALL (IN)
  YESTERDAY        0.0           4.6  2007   0.1   -0.1      0.0
  MONTH TO DATE    T                         3.2   -3.2      0.3
  SINCE DEC 1      T                        12.3  -12.3     14.9
  SINCE JUL 1      2.3                      15.8  -13.5     21.5
  SNOW DEPTH       0

DEGREE DAYS
 HEATING
  YESTERDAY       26                        27     -1       18
  MONTH TO DATE  620                       782   -162      666
  SINCE DEC 1   2431                      2967   -536     3065
  SINCE JUL 1   3725                      4535   -810     4610

 COOLING
  YESTERDAY        0                         0      0        0
  MONTH TO DATE    0                         0      0        0
  SINCE DEC 1      0                         0      0        0
  SINCE JAN 1      0                         0      0        0
..................................................................


WIND (MPH)
  HIGHEST WIND SPEED    20   HIGHEST WIND DIRECTION    NW (320)
  HIGHEST GUST SPEED    23   HIGHEST GUST DIRECTION    NW (330)
  AVERAGE WIND SPEED     7.7



WEATHER CONDITIONS
 THE FOLLOWING WEATHER WAS RECORDED YESTERDAY.
  NO SIGNIFICANT WEATHER WAS OBSERVED.


RELATIVE HUMIDITY (PERCENT)
 HIGHEST    82           600 AM
 LOWEST     34           200 PM
 AVERAGE    58

..........................................................


THE WINNEMUCCA AIRPORT NV CLIMATE NORMALS FOR TODAY
                         NORMAL    RECORD    YEAR
 MAXIMUM TEMPERATURE (F)   51        71      1986
 MINIMUM TEMPERATURE (F)   25       -22      1890


SUNRISE AND SUNSET
FEBRUARY 27 2015......SUNRISE   629 AM PST   SUNSET   540 PM PST
FEBRUARY 28 2015......SUNRISE   627 AM PST   SUNSET   541 PM PST


-  INDICATES NEGATIVE NUMBERS.
R  INDICATES RECORD WAS SET OR TIED.
MM INDICATES DATA IS MISSING.
T  INDICATES TRACE AMOUNT.




$$
