000
CDUS45 KLKN 191431 RRC
CLIWMC

CLIMATE REPORT
NATIONAL WEATHER SERVICE ELKO NV
226 AM PDT THU OCT 19  2017


...................................

...THE WINNEMUCCA AIRPORT NV CLIMATE SUMMARY FOR OCTOBER 18 2017...

CLIMATE NORMAL PERIOD 1981 TO 2010
CLIMATE RECORD PERIOD 1877 TO 2017


WEATHER ITEM   OBSERVED TIME   RECORD YEAR NORMAL DEPARTURE LAST
                VALUE   (LST)  VALUE       VALUE  FROM      YEAR
                                                  NORMAL
..................................................................
TEMPERATURE (F)
 YESTERDAY
  MAXIMUM         78    241 PM  82    1988  66     12       54
                                      1977
                                      1974
  MINIMUM         21    606 AM  15    1949  29     -8       28
  AVERAGE         50                        47      3       41

PRECIPITATION (IN)
  YESTERDAY        0.00          0.40 2015   0.02  -0.02      T
  MONTH TO DATE    0.00                      0.37  -0.37     0.47
  SINCE OCT 1      0.00                      0.37  -0.37     0.47
  SINCE JAN 1      7.08                      6.17   0.91     5.29

SNOWFALL (IN)
  YESTERDAY        0.0           3.5  1969   0.0    0.0       T
  MONTH TO DATE    0.0                       0.2   -0.2       T
  SINCE SEP 1      0.0                       0.2   -0.2       T
  SINCE JUL 1      0.0                       0.2   -0.2       T
  SNOW DEPTH       0

DEGREE DAYS
 HEATING
  YESTERDAY       15                        18     -3       24
  MONTH TO DATE  364                       258    106      271
  SINCE SEP 1    592                       432    160      440
  SINCE JUL 1    592                       462    130      460

 COOLING
  YESTERDAY        0                         0      0        0
  MONTH TO DATE    0                         0      0        0
  SINCE SEP 1    120                        31     89       12
  SINCE JAN 1    927                       541    386      577
..................................................................


WIND (MPH)
  HIGHEST WIND SPEED    14   HIGHEST WIND DIRECTION    SW (240)
  HIGHEST GUST SPEED    19   HIGHEST GUST DIRECTION     W (250)
  AVERAGE WIND SPEED     4.6



WEATHER CONDITIONS
 THE FOLLOWING WEATHER WAS RECORDED YESTERDAY.
  NO SIGNIFICANT WEATHER WAS OBSERVED.


RELATIVE HUMIDITY (PERCENT)
 HIGHEST    52           600 AM
 LOWEST      6           300 PM
 AVERAGE    29

..........................................................


THE WINNEMUCCA AIRPORT NV CLIMATE NORMALS FOR TODAY
                         NORMAL    RECORD    YEAR
 MAXIMUM TEMPERATURE (F)   66        84      1927
 MINIMUM TEMPERATURE (F)   29        15      1932
                                             1905


SUNRISE AND SUNSET
OCTOBER 19 2017.......SUNRISE   707 AM PDT   SUNSET   604 PM PDT
OCTOBER 20 2017.......SUNRISE   708 AM PDT   SUNSET   603 PM PDT


-  INDICATES NEGATIVE NUMBERS.
R  INDICATES RECORD WAS SET OR TIED.
MM INDICATES DATA IS MISSING.
T  INDICATES TRACE AMOUNT.




$$
