000
CDUS41 KALY 300623
CLIWRK


CLIMATE REPORT
NATIONAL WEATHER SERVICE ALBANY NY
222 AM EDT TUE SEP 30 2014


...................................

...THE POUGHKEEPSIE NY CLIMATE SUMMARY FOR SEPTEMBER 29 2014...

CLIMATE NORMAL PERIOD 1981 TO 2010
CLIMATE RECORD PERIOD 1949 TO 2014


WEATHER ITEM   OBSERVED TIME   RECORD YEAR NORMAL DEPARTURE LAST
                VALUE   (LST)  VALUE       VALUE  FROM      YEAR
                                                  NORMAL
..................................................................
TEMPERATURE (F)
 YESTERDAY
  MAXIMUM         78    244 PM  84    1959  70      8       76
  MINIMUM         57    625 AM  27    1957  46     11       45
  AVERAGE         68                        58     10       61

PRECIPITATION (IN)
  YESTERDAY        0.00          2.67 2011   0.16  -0.16     0.00
  MONTH TO DATE    0.52                      4.13  -3.61     2.32
  SINCE SEP 1      0.52                      4.13  -3.61     2.32
  SINCE JAN 1     25.19                     34.91  -9.72    32.54

DEGREE DAYS
 HEATING
  YESTERDAY        0                         8     -8        4
  MONTH TO DATE   89                       116    -27      134
  SINCE SEP 1     89                       116    -27      134
  SINCE JUL 1     94                       133    -39      137

 COOLING
  YESTERDAY        3                         1      2        0
  MONTH TO DATE   85                        65     20       64
  SINCE SEP 1     85                        65     20       64
  SINCE JAN 1    682                       669     13      821
..................................................................


WIND (MPH)
  HIGHEST WIND SPEED     6   HIGHEST WIND DIRECTION     N (340)
  HIGHEST GUST SPEED     8   HIGHEST GUST DIRECTION    NW (320)
  AVERAGE WIND SPEED     0.4


SKY COVER
  AVERAGE SKY COVER 0.0



RELATIVE HUMIDITY (PERCENT)
 HIGHEST    93           100 AM
 LOWEST     46           100 PM
 AVERAGE    70

..........................................................


THE POUGHKEEPSIE NY CLIMATE NORMALS FOR TODAY
                         NORMAL    RECORD    YEAR
 MAXIMUM TEMPERATURE (F)   69        88      1986
 MINIMUM TEMPERATURE (F)   45        28      1951


SUNRISE AND SUNSET
SEPTEMBER 30 2014.....SUNRISE   651 AM EDT   SUNSET   639 PM EDT
OCTOBER  1 2014.......SUNRISE   652 AM EDT   SUNSET   637 PM EDT


-  INDICATES NEGATIVE NUMBERS.
R  INDICATES RECORD WAS SET OR TIED.
MM INDICATES DATA IS MISSING.
T  INDICATES TRACE AMOUNT.




$$
