000
CDUS45 KRIW 270745
CLIWRL


CLIMATE REPORT
NATIONAL WEATHER SERVICE RIVERTON WY
134 AM MDT THU APR 27 2017


...................................

...THE WORLAND WY CLIMATE SUMMARY FOR APRIL 26 2017...

CLIMATE NORMAL PERIOD 1981 TO 2010
CLIMATE RECORD PERIOD 1947 TO 2017


WEATHER ITEM   OBSERVED TIME   RECORD YEAR NORMAL DEPARTURE LAST
                VALUE   (LST)  VALUE       VALUE  FROM      YEAR
                                                  NORMAL
..................................................................
TEMPERATURE (F)
 YESTERDAY
  MAXIMUM         57    229 PM  85    2012  63     -6       44
  MINIMUM         29    325 AM  23    2010  34     -5       34
  AVERAGE         43                        49     -6       39

PRECIPITATION (IN)
  YESTERDAY        0.01          0.72 1964   0.04  -0.03     0.16
  MONTH TO DATE    2.45                      0.69   1.76     1.20
  SINCE MAR 1      3.43                      1.15   2.28     2.17
  SINCE JAN 1      3.83                      1.57   2.26     2.20

DEGREE DAYS
 HEATING
  YESTERDAY       22                        16      6       26
  MONTH TO DATE  478                       519    -41      408
  SINCE MAR 1   1148                      1404   -256     1201
  SINCE JUL 1   7023                      7405   -382     6586

 COOLING
  YESTERDAY        0                         0      0        0
  MONTH TO DATE    0                         0      0        0
  SINCE MAR 1      0                         0      0        0
  SINCE JAN 1      0                         0      0        0
..................................................................


WIND (MPH)
  HIGHEST WIND SPEED    22   HIGHEST WIND DIRECTION    NW (310)
  HIGHEST GUST SPEED    27   HIGHEST GUST DIRECTION    NW (310)
  AVERAGE WIND SPEED     4.5


SKY COVER
  POSSIBLE SUNSHINE  MM
  AVERAGE SKY COVER 0.3


WEATHER CONDITIONS
 THE FOLLOWING WEATHER WAS RECORDED YESTERDAY.
  THUNDERSTORM
  RAIN


RELATIVE HUMIDITY (PERCENT)
 HIGHEST   100          1200 AM
 LOWEST     35           300 PM
 AVERAGE    68

..........................................................


THE WORLAND WY CLIMATE NORMALS FOR TODAY
                         NORMAL    RECORD    YEAR
 MAXIMUM TEMPERATURE (F)   64        85      1992
 MINIMUM TEMPERATURE (F)   35        23      1994


SUNRISE AND SUNSET
APRIL 27 2017.........SUNRISE   609 AM MDT   SUNSET   811 PM MDT
APRIL 28 2017.........SUNRISE   607 AM MDT   SUNSET   812 PM MDT


-  INDICATES NEGATIVE NUMBERS.
R  INDICATES RECORD WAS SET OR TIED.
MM INDICATES DATA IS MISSING.
T  INDICATES TRACE AMOUNT.




$$
