000
CDUS45 KRIW 290733
CLIWRL


CLIMATE REPORT
NATIONAL WEATHER SERVICE RIVERTON WY
132 AM MDT TUE JUL 29 2014


...................................

...THE WORLAND WY CLIMATE SUMMARY FOR JULY 28 2014...

CLIMATE NORMAL PERIOD 1981 TO 2010
CLIMATE RECORD PERIOD 1947 TO 2014


WEATHER ITEM   OBSERVED TIME   RECORD YEAR NORMAL DEPARTURE LAST
                VALUE   (LST)  VALUE       VALUE  FROM      YEAR
                                                  NORMAL
..................................................................
TEMPERATURE (F)
 YESTERDAY
  MAXIMUM         96    419 PM 106    1975  90      6       89
  MINIMUM         55    453 AM  47    1993  56     -1       57
  AVERAGE         76                        73      3       73

PRECIPITATION (IN)
  YESTERDAY        0.00          0.45 1982   0.02  -0.02      T
  MONTH TO DATE    0.08                      0.64  -0.56     0.20
  SINCE JUN 1      1.70                      1.79  -0.09     0.29
  SINCE JAN 1      3.91                      4.95  -1.04     2.98

DEGREE DAYS
 HEATING
  YESTERDAY        0                         0      0        0
  MONTH TO DATE    1                        10     -9        0
  SINCE JUN 1     91                       103    -12       45
  SINCE JUL 1      1                        10     -9        0

 COOLING
  YESTERDAY       11                         8      3        8
  MONTH TO DATE  267                       204     63      319
  SINCE JUN 1    296                       288      8      452
  SINCE JAN 1    326                       300     26      469
..................................................................


WIND (MPH)
  HIGHEST WIND SPEED    18   HIGHEST WIND DIRECTION    SE (150)
  HIGHEST GUST SPEED    26   HIGHEST GUST DIRECTION    SE (150)
  AVERAGE WIND SPEED     6.8


SKY COVER
  POSSIBLE SUNSHINE  MM
  AVERAGE SKY COVER 0.1


WEATHER CONDITIONS
 THE FOLLOWING WEATHER WAS RECORDED YESTERDAY.
  THUNDERSTORM


RELATIVE HUMIDITY (PERCENT)
 HIGHEST    47           500 AM
 LOWEST     12           300 PM
 AVERAGE    30

..........................................................


THE WORLAND WY CLIMATE NORMALS FOR TODAY
                         NORMAL    RECORD    YEAR
 MAXIMUM TEMPERATURE (F)   90       105      2006
 MINIMUM TEMPERATURE (F)   56        49      2009


SUNRISE AND SUNSET
JULY 29 2014..........SUNRISE   557 AM MDT   SUNSET   839 PM MDT
JULY 30 2014..........SUNRISE   558 AM MDT   SUNSET   838 PM MDT


-  INDICATES NEGATIVE NUMBERS.
R  INDICATES RECORD WAS SET OR TIED.
MM INDICATES DATA IS MISSING.
T  INDICATES TRACE AMOUNT.




$$
