000
CDUS45 KRIW 300734
CLIWRL


CLIMATE REPORT
NATIONAL WEATHER SERVICE RIVERTON WY
127 AM MDT THU OCT 30 2014


...................................

...THE WORLAND WY CLIMATE SUMMARY FOR OCTOBER 29 2014...

CLIMATE NORMAL PERIOD 1981 TO 2010
CLIMATE RECORD PERIOD 1947 TO 2014


WEATHER ITEM   OBSERVED TIME   RECORD YEAR NORMAL DEPARTURE LAST
                VALUE   (LST)  VALUE       VALUE  FROM      YEAR
                                                  NORMAL
..................................................................
TEMPERATURE (F)
 YESTERDAY
  MAXIMUM         65    246 PM  80    1968  55     10       34
  MINIMUM         20    624 AM   2    1991  26     -6       26
  AVERAGE         43                        40      3       30

PRECIPITATION (IN)
  YESTERDAY        0.00          0.11 1973   0.01  -0.01     0.02
  MONTH TO DATE    0.27                      0.66  -0.39     1.78
  SINCE SEP 1      1.40                      1.51  -0.11     4.41
  SINCE JAN 1      6.99                      6.96   0.03     7.62

DEGREE DAYS
 HEATING
  YESTERDAY       22                        25     -3       35
  MONTH TO DATE  401                       554   -153      634
  SINCE SEP 1    579                       775   -196      780
  SINCE JUL 1    613                       811   -198      780

 COOLING
  YESTERDAY        0                         0      0        0
  MONTH TO DATE    0                         0      0        0
  SINCE SEP 1     34                        29      5       91
  SINCE JAN 1    543                       535      8      852
..................................................................


WIND (MPH)
  HIGHEST WIND SPEED    22   HIGHEST WIND DIRECTION    NW (320)
  HIGHEST GUST SPEED    28   HIGHEST GUST DIRECTION    NW (330)
  AVERAGE WIND SPEED     5.7


SKY COVER
  POSSIBLE SUNSHINE  MM
  AVERAGE SKY COVER 0.1


WEATHER CONDITIONS
 THE FOLLOWING WEATHER WAS RECORDED YESTERDAY.
  NO SIGNIFICANT WEATHER WAS OBSERVED.


RELATIVE HUMIDITY (PERCENT)
 HIGHEST    71           400 AM
 LOWEST     19           300 PM
 AVERAGE    45

..........................................................


THE WORLAND WY CLIMATE NORMALS FOR TODAY
                         NORMAL    RECORD    YEAR
 MAXIMUM TEMPERATURE (F)   54        75      1990
 MINIMUM TEMPERATURE (F)   25         1      1971


SUNRISE AND SUNSET
OCTOBER 30 2014.......SUNRISE   746 AM MDT   SUNSET   605 PM MDT
OCTOBER 31 2014.......SUNRISE   747 AM MDT   SUNSET   603 PM MDT


-  INDICATES NEGATIVE NUMBERS.
R  INDICATES RECORD WAS SET OR TIED.
MM INDICATES DATA IS MISSING.
T  INDICATES TRACE AMOUNT.




$$
