000
CDUS45 KRIW 010730
CLIWRL


CLIMATE REPORT
NATIONAL WEATHER SERVICE RIVERTON WY
1229 AM MST WED MAR 1 2017


...................................

...THE WORLAND WY CLIMATE SUMMARY FOR FEBRUARY 28 2017...

CLIMATE NORMAL PERIOD 1981 TO 2010
CLIMATE RECORD PERIOD 1947 TO 2017


WEATHER ITEM   OBSERVED TIME   RECORD YEAR NORMAL DEPARTURE LAST
                VALUE   (LST)  VALUE       VALUE  FROM      YEAR
                                                  NORMAL
..................................................................
TEMPERATURE (F)
 YESTERDAY
  MAXIMUM         38    433 PM  67    1972  44     -6       61
  MINIMUM         17   1243 AM -20    1996  16      1       27
  AVERAGE         28                        30     -2       44

PRECIPITATION (IN)
  YESTERDAY        0.00          0.17 1965   0.01  -0.01     0.00
  MONTH TO DATE    0.20                      0.19   0.01      T
  SINCE DEC 1      0.59                      0.65  -0.06     0.31
  SINCE JAN 1      0.40                      0.42  -0.02     0.03

DEGREE DAYS
 HEATING
  YESTERDAY       37                        35      2       21
  MONTH TO DATE 1102                      1154    -52      879
  SINCE DEC 1   4336                      4109    227     3774
  SINCE JUL 1   5875                      6001   -126     5358

 COOLING
  YESTERDAY        0                         0      0        0
  MONTH TO DATE    0                         0      0        0
  SINCE DEC 1      0                         0      0        0
  SINCE JAN 1      0                         0      0        0
..................................................................


WIND (MPH)
  HIGHEST WIND SPEED    16   HIGHEST WIND DIRECTION     W (280)
  HIGHEST GUST SPEED    19   HIGHEST GUST DIRECTION     W (280)
  AVERAGE WIND SPEED     5.1


SKY COVER
  POSSIBLE SUNSHINE  MM
  AVERAGE SKY COVER 0.1


WEATHER CONDITIONS
 THE FOLLOWING WEATHER WAS RECORDED YESTERDAY.
  NO SIGNIFICANT WEATHER WAS OBSERVED.


RELATIVE HUMIDITY (PERCENT)
 HIGHEST    84           100 AM
 LOWEST     23           200 PM
 AVERAGE    54

..........................................................


THE WORLAND WY CLIMATE NORMALS FOR TODAY
                         NORMAL    RECORD    YEAR
 MAXIMUM TEMPERATURE (F)   44        72      1992
 MINIMUM TEMPERATURE (F)   16       -13      2014


SUNRISE AND SUNSET
MARCH  1 2017.........SUNRISE   648 AM MST   SUNSET   601 PM MST
MARCH  2 2017.........SUNRISE   646 AM MST   SUNSET   602 PM MST


-  INDICATES NEGATIVE NUMBERS.
R  INDICATES RECORD WAS SET OR TIED.
MM INDICATES DATA IS MISSING.
T  INDICATES TRACE AMOUNT.




$$
