000
CDUS45 KRIW 300740
CLIWRL


CLIMATE REPORT
NATIONAL WEATHER SERVICE RIVERTON WY
126 AM MDT SUN AUG 30 2015


...................................

...THE WORLAND WY CLIMATE SUMMARY FOR AUGUST 29 2015...

CLIMATE NORMAL PERIOD 1981 TO 2010
CLIMATE RECORD PERIOD 1947 TO 2015


WEATHER ITEM   OBSERVED TIME   RECORD YEAR NORMAL DEPARTURE LAST
                VALUE   (LST)  VALUE       VALUE  FROM      YEAR
                                                  NORMAL
..................................................................
TEMPERATURE (F)
 YESTERDAY
  MAXIMUM         98    232 PM 103    2012  84     14       83
  MINIMUM         49    511 AM  39    1968  50     -1       53
  AVERAGE         74                        66      8       68

PRECIPITATION (IN)
  YESTERDAY        0.00          0.30 1971   0.02  -0.02      T
  MONTH TO DATE    0.45                      0.40   0.05     1.49
  SINCE JUN 1      1.92                      2.26  -0.34     3.36
  SINCE JAN 1      6.10                      5.42   0.68     5.57

DEGREE DAYS
 HEATING
  YESTERDAY        0                         2     -2        0
  MONTH TO DATE   30                        16     14       29
  SINCE JUN 1     41                       122    -81      120
  SINCE JUL 1     37                        29      8       30

 COOLING
  YESTERDAY        9                         3      6        3
  MONTH TO DATE  181                       175      6      168
  SINCE JUN 1    558                       488     70      476
  SINCE JAN 1    560                       500     60      506
..................................................................


WIND (MPH)
  HIGHEST WIND SPEED    17   HIGHEST WIND DIRECTION     S (200)
  HIGHEST GUST SPEED    21   HIGHEST GUST DIRECTION     S (190)
  AVERAGE WIND SPEED     5.0


SKY COVER
  POSSIBLE SUNSHINE  MM
  AVERAGE SKY COVER 0.0


WEATHER CONDITIONS
 THE FOLLOWING WEATHER WAS RECORDED YESTERDAY.
  HAZE


RELATIVE HUMIDITY (PERCENT)
 HIGHEST    77           400 AM
 LOWEST      8           400 PM
 AVERAGE    43

..........................................................


THE WORLAND WY CLIMATE NORMALS FOR TODAY
                         NORMAL    RECORD    YEAR
 MAXIMUM TEMPERATURE (F)   83        99      1999
 MINIMUM TEMPERATURE (F)   49        34      1964


SUNRISE AND SUNSET
AUGUST 30 2015........SUNRISE   633 AM MDT   SUNSET   751 PM MDT
AUGUST 31 2015........SUNRISE   634 AM MDT   SUNSET   750 PM MDT


-  INDICATES NEGATIVE NUMBERS.
R  INDICATES RECORD WAS SET OR TIED.
MM INDICATES DATA IS MISSING.
T  INDICATES TRACE AMOUNT.




$$
