000
CDUS45 KRIW 120747
CLIWRL


CLIMATE REPORT
NATIONAL WEATHER SERVICE RIVERTON WY
1246 AM MST TUE DEC 12 2017


...................................

...THE WORLAND WY CLIMATE SUMMARY FOR DECEMBER 11 2017...

CLIMATE NORMAL PERIOD 1981 TO 2010
CLIMATE RECORD PERIOD 1947 TO 2017


WEATHER ITEM   OBSERVED TIME   RECORD YEAR NORMAL DEPARTURE LAST
                VALUE   (LST)  VALUE       VALUE  FROM      YEAR
                                                  NORMAL
..................................................................
TEMPERATURE (F)
 YESTERDAY
  MAXIMUM         45    216 PM  56    2004  31     14       35
  MINIMUM          9    713 AM -31    1972   5      4       12
  AVERAGE         27                        18      9       24

PRECIPITATION (IN)
  YESTERDAY        0.00          0.07 1968   0.01  -0.01      T
  MONTH TO DATE    0.03                      0.09  -0.06     0.02
  SINCE DEC 1      0.03                      0.09  -0.06     0.02
  SINCE JAN 1      8.51                      7.43   1.08     9.77

DEGREE DAYS
 HEATING
  YESTERDAY       38                        47     -9       41
  MONTH TO DATE  396                       498   -102      525
  SINCE DEC 1    396                       498   -102      525
  SINCE JUL 1   2315                      2390    -75     2064

 COOLING
  YESTERDAY        0                         0      0        0
  MONTH TO DATE    0                         0      0        0
  SINCE DEC 1      0                         0      0        0
  SINCE JAN 1    588                       535     53      690
..................................................................


WIND (MPH)
  HIGHEST WIND SPEED    10   HIGHEST WIND DIRECTION     E (110)
  HIGHEST GUST SPEED    10   HIGHEST GUST DIRECTION     S (160)
  AVERAGE WIND SPEED     2.9


SKY COVER
  POSSIBLE SUNSHINE  MM
  AVERAGE SKY COVER 0.0


WEATHER CONDITIONS
 THE FOLLOWING WEATHER WAS RECORDED YESTERDAY.
  NO SIGNIFICANT WEATHER WAS OBSERVED.


RELATIVE HUMIDITY (PERCENT)
 HIGHEST    96           200 AM
 LOWEST     33           200 PM
 AVERAGE    65

..........................................................


THE WORLAND WY CLIMATE NORMALS FOR TODAY
                         NORMAL    RECORD    YEAR
 MAXIMUM TEMPERATURE (F)   31        53      2014
                                             1995
 MINIMUM TEMPERATURE (F)    5       -22      1972


SUNRISE AND SUNSET
DECEMBER 12 2017......SUNRISE   737 AM MST   SUNSET   434 PM MST
DECEMBER 13 2017......SUNRISE   738 AM MST   SUNSET   434 PM MST


-  INDICATES NEGATIVE NUMBERS.
R  INDICATES RECORD WAS SET OR TIED.
MM INDICATES DATA IS MISSING.
T  INDICATES TRACE AMOUNT.




$$
