000
CDUS45 KRIW 190734
CLIWRL


CLIMATE REPORT
NATIONAL WEATHER SERVICE RIVERTON WY
133 AM MDT THU OCT 19 2017


...................................

...THE WORLAND WY CLIMATE SUMMARY FOR OCTOBER 18 2017...

CLIMATE NORMAL PERIOD 1981 TO 2010
CLIMATE RECORD PERIOD 1947 TO 2017


WEATHER ITEM   OBSERVED TIME   RECORD YEAR NORMAL DEPARTURE LAST
                VALUE   (LST)  VALUE       VALUE  FROM      YEAR
                                                  NORMAL
..................................................................
TEMPERATURE (F)
 YESTERDAY
  MAXIMUM         75    220 PM  81    2003  60     15       58
  MINIMUM         31    432 AM  17    2006  30      1       27
  AVERAGE         53                        45      8       43

PRECIPITATION (IN)
  YESTERDAY        0.00          1.05 1971   0.02  -0.02     0.00
  MONTH TO DATE    0.23                      0.49  -0.26     2.23
  SINCE SEP 1      2.30                      1.34   0.96     4.20
  SINCE JAN 1      7.80                      6.79   1.01     8.67

DEGREE DAYS
 HEATING
  YESTERDAY       12                        20     -8       22
  MONTH TO DATE  374                       305     69      271
  SINCE SEP 1    642                       526    116      456
  SINCE JUL 1    643                       562     81      487

 COOLING
  YESTERDAY        0                         0      0        0
  MONTH TO DATE    0                         0      0        0
  SINCE SEP 1     52                        29     23       25
  SINCE JAN 1    588                       535     53      690
..................................................................


WIND (MPH)
  HIGHEST WIND SPEED    13   HIGHEST WIND DIRECTION    SW (210)
  HIGHEST GUST SPEED    15   HIGHEST GUST DIRECTION     E (110)
  AVERAGE WIND SPEED     4.9


SKY COVER
  POSSIBLE SUNSHINE  MM
  AVERAGE SKY COVER 0.0


WEATHER CONDITIONS
 THE FOLLOWING WEATHER WAS RECORDED YESTERDAY.
  NO SIGNIFICANT WEATHER WAS OBSERVED.


RELATIVE HUMIDITY (PERCENT)
 HIGHEST    75           300 AM
 LOWEST      9           300 PM
 AVERAGE    42

..........................................................


THE WORLAND WY CLIMATE NORMALS FOR TODAY
                         NORMAL    RECORD    YEAR
 MAXIMUM TEMPERATURE (F)   59        85      2003
 MINIMUM TEMPERATURE (F)   30        18      1976


SUNRISE AND SUNSET
OCTOBER 19 2017.......SUNRISE   732 AM MDT   SUNSET   621 PM MDT
OCTOBER 20 2017.......SUNRISE   733 AM MDT   SUNSET   619 PM MDT


-  INDICATES NEGATIVE NUMBERS.
R  INDICATES RECORD WAS SET OR TIED.
MM INDICATES DATA IS MISSING.
T  INDICATES TRACE AMOUNT.




$$
