000
CDUS45 KRIW 250758
CLIWRL


CLIMATE REPORT
NATIONAL WEATHER SERVICE RIVERTON WY
139 AM MDT SUN SEP 25 2016


...................................

...THE WORLAND WY CLIMATE SUMMARY FOR SEPTEMBER 24 2016...

CLIMATE NORMAL PERIOD 1981 TO 2010
CLIMATE RECORD PERIOD 1947 TO 2016


WEATHER ITEM   OBSERVED TIME   RECORD YEAR NORMAL DEPARTURE LAST
                VALUE   (LST)  VALUE       VALUE  FROM      YEAR
                                                  NORMAL
..................................................................
TEMPERATURE (F)
 YESTERDAY
  MAXIMUM         50    349 PM  90    2015  70    -20       90
  MINIMUM         43   1159 PM  24    1984  39      4       45
  AVERAGE         47                        54     -7       68

PRECIPITATION (IN)
  YESTERDAY        0.98R         0.51 1986   0.03   0.95     0.00
  MONTH TO DATE    1.97                      0.65   1.32     0.11
  SINCE SEP 1      1.97                      0.65   1.32     0.11
  SINCE JAN 1      6.44                      6.10   0.34     6.23

DEGREE DAYS
 HEATING
  YESTERDAY       18                        11      7        0
  MONTH TO DATE  150                       148      2       69
  SINCE SEP 1    150                       148      2       69
  SINCE JUL 1    181                       184     -3      106

 COOLING
  YESTERDAY        0                         0      0        3
  MONTH TO DATE   25                        28     -3       44
  SINCE SEP 1     25                        28     -3       44
  SINCE JAN 1    690                       534    156      620
..................................................................


WIND (MPH)
  HIGHEST WIND SPEED    22   HIGHEST WIND DIRECTION    NW (330)
  HIGHEST GUST SPEED    26   HIGHEST GUST DIRECTION    NW (330)
  AVERAGE WIND SPEED     7.0


SKY COVER
  POSSIBLE SUNSHINE  MM
  AVERAGE SKY COVER 0.9


WEATHER CONDITIONS
 THE FOLLOWING WEATHER WAS RECORDED YESTERDAY.
  HEAVY RAIN
  RAIN
  LIGHT RAIN
  FOG


RELATIVE HUMIDITY (PERCENT)
 HIGHEST   100           100 AM
 LOWEST     80           900 PM
 AVERAGE    90

..........................................................


THE WORLAND WY CLIMATE NORMALS FOR TODAY
                         NORMAL    RECORD    YEAR
 MAXIMUM TEMPERATURE (F)   69        94      2014
 MINIMUM TEMPERATURE (F)   39        15      1984


SUNRISE AND SUNSET
SEPTEMBER 25 2016.....SUNRISE   703 AM MDT   SUNSET   703 PM MDT
SEPTEMBER 26 2016.....SUNRISE   704 AM MDT   SUNSET   701 PM MDT


-  INDICATES NEGATIVE NUMBERS.
R  INDICATES RECORD WAS SET OR TIED.
MM INDICATES DATA IS MISSING.
T  INDICATES TRACE AMOUNT.




$$
