000
CDUS45 KRIW 250734
CLIWRL


CLIMATE REPORT
NATIONAL WEATHER SERVICE RIVERTON WY
1234 AM MST SUN FEB 25 2018


...................................

...THE WORLAND WY CLIMATE SUMMARY FOR FEBRUARY 24 2018...

CLIMATE NORMAL PERIOD 1981 TO 2010
CLIMATE RECORD PERIOD 1947 TO 2018


WEATHER ITEM   OBSERVED TIME   RECORD YEAR NORMAL DEPARTURE LAST
                VALUE   (LST)  VALUE       VALUE  FROM      YEAR
                                                  NORMAL
..................................................................
TEMPERATURE (F)
 YESTERDAY
  MAXIMUM         28    348 PM  68    1981  42    -14       31
  MINIMUM        -12    412 AM -30    2003  14    -26       16
  AVERAGE          8                        28    -20       24

PRECIPITATION (IN)
  YESTERDAY        T             0.03 1989   0.01  -0.01     0.01
  MONTH TO DATE    0.17                      0.16   0.01     0.20
  SINCE DEC 1      0.76                      0.62   0.14     0.59
  SINCE JAN 1      0.32                      0.39  -0.07     0.40

DEGREE DAYS
 HEATING
  YESTERDAY       57                        37     20       41
  MONTH TO DATE 1308                      1010    298      942
  SINCE DEC 1   4225                      3966    259     4176
  SINCE JUL 1   6144                      5858    286     5715

 COOLING
  YESTERDAY        0                         0      0        0
  MONTH TO DATE    0                         0      0        0
  SINCE DEC 1      0                         0      0        0
  SINCE JAN 1      0                         0      0        0
..................................................................


WIND (MPH)
  HIGHEST WIND SPEED    16   HIGHEST WIND DIRECTION    SE (120)
  HIGHEST GUST SPEED    16   HIGHEST GUST DIRECTION    SE (120)
  AVERAGE WIND SPEED     5.9


SKY COVER
  POSSIBLE SUNSHINE  MM
  AVERAGE SKY COVER 0.2


WEATHER CONDITIONS
 THE FOLLOWING WEATHER WAS RECORDED YESTERDAY.
  LIGHT SNOW


RELATIVE HUMIDITY (PERCENT)
 HIGHEST   100           900 AM
 LOWEST     42           200 PM
 AVERAGE    71

..........................................................


THE WORLAND WY CLIMATE NORMALS FOR TODAY
                         NORMAL    RECORD    YEAR
 MAXIMUM TEMPERATURE (F)   42        64      1999
 MINIMUM TEMPERATURE (F)   15       -25      2003


SUNRISE AND SUNSET
FEBRUARY 25 2018......SUNRISE   655 AM MST   SUNSET   555 PM MST
FEBRUARY 26 2018......SUNRISE   654 AM MST   SUNSET   556 PM MST


-  INDICATES NEGATIVE NUMBERS.
R  INDICATES RECORD WAS SET OR TIED.
MM INDICATES DATA IS MISSING.
T  INDICATES TRACE AMOUNT.




$$
