000
CDAK47 PAYA 231208
CLIYAK

CLIMATE REPORT
NATIONAL WEATHER SERVICE YAKUTAT, AK
409 AM AKDT WED APR 23 2014

...................................
...THE YAKUTAT AP CLIMATE SUMMARY FOR APRIL 22 2014...

CLIMATE NORMAL PERIOD  1981 TO  2010
CLIMATE RECORD PERIOD  1948 TO  2014

WEATHER ITEM   OBSERVED TIME    RECORD YEAR NORMAL DEPARTURE LAST
               VALUE    (LST)   VALUE       VALUE  FROM      YEAR
                                                   NORMAL
...................................................................
TEMPERATURE
YESTERDAY
 MAXIMUM            45  0409 PM    64  1996     47      -2     40
 MINIMUM            31  1159 PM    13  1972     31       0     30
 AVERAGE            38                          39      -1     35

PRECIPITATION
(INCHES)
 YESTERDAY        0.00           2.57  1995   0.29   -0.29   0.34
 MONTH TO DATE    3.15                        6.86   -3.71   6.02
 SINCE MAR 1      7.20                       17.90   -10.70  11.95
 SINCE JAN 1     34.26                       42.42   -8.16  38.60

SNOWFALL
(INCHES)
 YESTERDAY         0.0            4.7  1986    0.1    -0.1    2.9
 MONTH TO DATE     5.8                         9.0    -3.2   22.6
 SINCE MAR 1      13.6                        36.2   -22.6   57.9
 SINCE JUL 1     109.0                       138.4   -29.4  173.8
 SNOW DEPTH (IN)     T                                         25

DEGREE DAYS
 HEATING
  YESTERDAY         27                          26       1     30
  MONTH TO DATE    628                         619       9    718
  SINCE MAR 1     1707                        1641      66   1829
  SINCE JUL 1     7520                        7770    -250   8074

 COOLING
  YESTERDAY          0                           0       0      0
  MONTH TO DATE      0                           0       0      0
  SINCE MAR 1        0                           0       0      0
  SINCE JAN 1        0                           0       0      0
...................................................................

WIND (MPH)
 HIGHEST WIND SPEED    13     HIGHEST WIND DIRECTION    270
 HIGHEST GUST SPEED    17     HIGHEST GUST DIRECTION    270
 AVERAGE WIND SPEED   4.9

WEATHER CONDITIONS
 THE FOLLOWING WEATHER WAS RECORDED YESTERDAY.
  NO SIGNIFICANT WEATHER WAS OBSERVED.

...................................................................

THE YAKUTAT CLIMATE NORMALS FOR TODAY
                           NORMAL    RECORD   YEAR
 MAXIMUM TEMPERATURE (F)     48        66     1997
 MINIMUM TEMPERATURE (F)     32        18     1967

SUNRISE AND SUNSET
 APR 23 2014..........SUNRISE  5:41 AM      SUNSET  8:56 PM
 APR 24 2014..........SUNRISE  5:38 AM      SUNSET  8:58 PM

-  INDICATES NEGATIVE NUMBERS.
R  INDICATES RECORD HAS BEEN SET OR TIED.
MM INDICATES DATA IS MISSING.
T  INDICATES TRACE OF PRECIPITATION.

&&
-------------------------------------------------------------------

AMOUNT OF DAYLIGHT TODAY  (HOUR:MIN)........15 HOURS 15 MINUTES
GAIN/LOSS SINCE YESTERDAY (HOUR:MIN:SEC)....+0:05:13

$$
TR APR 14
