300
CDAK47 PAJK 171136
CLIYAK
CLIMATE REPORT
NATIONAL WEATHER SERVICE JUNEAU, AK
333 AM AKDT TUE OCT 17 2017


...................................

...THE YAKUTAT CLIMATE SUMMARY FOR OCTOBER 16 2017...

CLIMATE NORMAL PERIOD 1981 TO 2010
CLIMATE RECORD PERIOD 1917 TO 2017


WEATHER ITEM   OBSERVED RECORD YEAR NORMAL DEPARTURE LAST
                VALUE   VALUE       VALUE  FROM      YEAR
                                           NORMAL
...........................................................
TEMPERATURE (F)
 YESTERDAY
  MAXIMUM         44     57    1969  48     -4       45
  MINIMUM         37     15    1992  35      2       24
  AVERAGE         41                 41      0       35

PRECIPITATION (IN)
  YESTERDAY        0.45   4.50 1994   0.72  -0.27     0.16
  MONTH TO DATE    9.01              12.57  -3.56     0.16
  SINCE JAN 1     97.19             114.98 -17.79    95.41

SNOWFALL (IN)
  YESTERDAY        0.0   12.9  1996   0.1   -0.1       T
  MONTH TO DATE    0.0                0.4   -0.4       T
  SINCE JUL 1      0.0                0.4   -0.4       T
  SNOW DEPTH       0

DEGREE DAYS
 HEATING
  YESTERDAY       24                 24      0       30
  MONTH TO DATE  158                345   -187      381
...........................................................


WIND (MPH)
  HIGHEST WIND SPEED    12   HIGHEST WIND DIRECTION     E (80)
  HIGHEST GUST SPEED    17   HIGHEST GUST DIRECTION     E (100)
  AVERAGE WIND SPEED     4.0


SKY COVER
  AVERAGE SKY COVER 0.9


WEATHER CONDITIONS
 THE FOLLOWING WEATHER WAS RECORDED YESTERDAY.
  HEAVY RAIN
  RAIN
  LIGHT RAIN
  FOG


..........................................................


THE YAKUTAT CLIMATE NORMALS FOR TODAY
                         NORMAL    RECORD    YEAR
 MAXIMUM TEMPERATURE (F)   47        55      1984
 MINIMUM TEMPERATURE (F)   35        13      1992


SUNRISE AND SUNSET
OCTOBER 17 2017.......SUNRISE   803 AM AKDT  SUNSET   604 PM AKDT
OCTOBER 18 2017.......SUNRISE   805 AM AKDT  SUNSET   601 PM AKDT


-  INDICATES NEGATIVE NUMBERS.
R  INDICATES RECORD WAS SET OR TIED.
MM INDICATES DATA IS MISSING.
T  INDICATES TRACE AMOUNT.




$$
--------------------------------------------------------------

AMOUNT OF DAYLIGHT TODAY (HOUR:MIN)......... 10 HOURS 01 MINUTES
GAIN/LOSS SINCE YESTERDAY (HOUR:MIN:SEC).... -0:05:14

$$
