000
CDAK47 PAYA 260916
CLIYAK

CLIMATE REPORT
NATIONAL WEATHER SERVICE YAKUTAT, AK
1216 AM AKST THU FEB 26 2015

...................................
...THE YAKUTAT AP CLIMATE SUMMARY FOR FEBRUARY 25 2015...

CLIMATE NORMAL PERIOD  1981 TO  2010
CLIMATE RECORD PERIOD  1948 TO  2015

WEATHER ITEM   OBSERVED TIME    RECORD YEAR NORMAL DEPARTURE LAST
               VALUE    (LST)   VALUE       VALUE  FROM      YEAR
                                                   NORMAL
...................................................................
TEMPERATURE
YESTERDAY
 MAXIMUM          R 46  0258 PM    45  2004     37       9     42
 MINIMUM            28  1144 PM    -7  1994     23       5      1
 AVERAGE            37                          30       7     22

PRECIPITATION
(INCHES)
 YESTERDAY        0.00           3.87  1992   0.41   -0.41   0.00
 MONTH TO DATE   10.35                        9.64    0.71   2.08
 SINCE DEC 1     36.42                       39.58   -3.16  36.74
 SINCE JAN 1     24.37                       23.30    1.07  27.06

SNOWFALL
(INCHES)
 YESTERDAY         0.0            6.7  2001    0.9    -0.9    0.0
 MONTH TO DATE     4.0                        24.5   -20.5   28.1
 SINCE DEC 1       7.5                        78.8   -71.3   86.2
 SINCE JUL 1      12.8                        99.5   -86.7   95.4
 SNOW DEPTH (IN)     0                                         15

DEGREE DAYS
 HEATING
  YESTERDAY         28                          35      -7     43
  MONTH TO DATE    786                         886    -100   1050
  SINCE DEC 1     2662                        3127    -465   3101
  SINCE JUL 1     5342                        6025    -683   5711

 COOLING
  YESTERDAY          0                           0       0      0
  MONTH TO DATE      0                           0       0      0
  SINCE DEC 1        0                           0       0      0
  SINCE JAN 1        0                           0       0      0
...................................................................

WIND (MPH)
 HIGHEST WIND SPEED     7     HIGHEST WIND DIRECTION     70
 HIGHEST GUST SPEED     9     HIGHEST GUST DIRECTION    100
 AVERAGE WIND SPEED   1.3

SKY COVER
  POSSIBLE SUNSHINE    MM          AVERAGE SKY COVER     MM

WEATHER CONDITIONS
 THE FOLLOWING WEATHER WAS RECORDED YESTERDAY.
  FOG


RELATIVE HUMIDITY
 HIGHEST RH     MM PERCENT       MM
 LOWEST  RH     MM PERCENT       MM
 AVERAGE RH     MM PERCENT       MM
...................................................................

THE YAKUTAT CLIMATE NORMALS FOR TODAY
                           NORMAL    RECORD   YEAR
 MAXIMUM TEMPERATURE (F)     38        50     1992
 MINIMUM TEMPERATURE (F)     23        -9     1971

SUNRISE AND SUNSET
 FEB 26 2015..........SUNRISE  7:25 AM      SUNSET  5:40 PM
 FEB 27 2015..........SUNRISE  7:22 AM      SUNSET  5:43 PM

-  INDICATES NEGATIVE NUMBERS.
R  INDICATES RECORD HAS BEEN SET OR TIED.
MM INDICATES DATA IS MISSING.
T  INDICATES TRACE OF PRECIPITATION.

&&
-------------------------------------------------------------------

AMOUNT OF DAYLIGHT TODAY  (HOUR:MIN)........10 HOURS 15 MINUTES
GAIN/LOSS SINCE YESTERDAY (HOUR:MIN:SEC)....+0:05:19

$$
*** FEB 15
