000
CDAK47 PAYA 250915
CLIYAK

CLIMATE REPORT
NATIONAL WEATHER SERVICE YAKUTAT, AK
115 AM AKDT MON JUL 25 2016

...................................
...THE YAKUTAT AP CLIMATE SUMMARY FOR JULY 24 2016...

CLIMATE NORMAL PERIOD  1981 TO  2010
CLIMATE RECORD PERIOD  1948 TO  2016

WEATHER ITEM   OBSERVED TIME    RECORD YEAR NORMAL DEPARTURE LAST
               VALUE    (LST)   VALUE       VALUE  FROM      YEAR
                                                   NORMAL
...................................................................
TEMPERATURE
YESTERDAY
 MAXIMUM            61  1050 AM    71  1972     61       0     60
 MINIMUM            50  0347 AM    37  1959     50       0     50
 AVERAGE            56                          55       1     55

PRECIPITATION
(INCHES)
 YESTERDAY        0.15           3.44  2008   0.29   -0.14   0.03
 MONTH TO DATE    3.58                        5.62   -2.04   7.47
 SINCE JUN 1      9.12                       12.01   -2.89  16.12
 SINCE JAN 1     60.68                       64.97   -4.29  66.70

SNOWFALL
(INCHES)
 YESTERDAY         0.0            0.0  2016    0.0     0.0    0.0
 MONTH TO DATE     0.0                         0.0     0.0    0.0
 SINCE JUN 1       0.0                         0.0     0.0    0.0
 SINCE JUL 1       0.0                         0.0     0.0    0.0
 SNOW DEPTH (IN)     0                                          0

DEGREE DAYS
 HEATING
  YESTERDAY          9                          10      -1     10
  MONTH TO DATE    166                         262     -96    199
  SINCE JUN 1      493                         688    -195    533
  SINCE JUL 1      166                         262     -96    199

 COOLING
  YESTERDAY          0                           0       0      0
  MONTH TO DATE      0                           0       0      0
  SINCE JUN 1        0                           0       0      0
  SINCE JAN 1        0                           0       0      0
...................................................................

WIND (MPH)
 HIGHEST WIND SPEED    12     HIGHEST WIND DIRECTION    140
 HIGHEST GUST SPEED    19     HIGHEST GUST DIRECTION    140
 AVERAGE WIND SPEED   4.6

SKY COVER
  POSSIBLE SUNSHINE    MM          AVERAGE SKY COVER     MM

WEATHER CONDITIONS
 THE FOLLOWING WEATHER WAS RECORDED YESTERDAY.
  FOG
DRIZZLE
RAIN


RELATIVE HUMIDITY
 HIGHEST RH     MM PERCENT       MM
 LOWEST  RH     MM PERCENT       MM
 AVERAGE RH     MM PERCENT       MM
...................................................................

THE YAKUTAT CLIMATE NORMALS FOR TODAY
                           NORMAL    RECORD   YEAR
 MAXIMUM TEMPERATURE (F)     61        76     1994
 MINIMUM TEMPERATURE (F)     50        38     1957

SUNRISE AND SUNSET
 JUL 25 2016..........SUNRISE  4:49 AM      SUNSET 10:01 PM
 JUL 26 2016..........SUNRISE  4:51 AM      SUNSET  9:59 PM

-  INDICATES NEGATIVE NUMBERS.
R  INDICATES RECORD HAS BEEN SET OR TIED.
MM INDICATES DATA IS MISSING.
T  INDICATES TRACE OF PRECIPITATION.

&&
-------------------------------------------------------------------

AMOUNT OF DAYLIGHT TODAY  (HOUR:MIN)........17 HOURS 12 MINUTES
GAIN/LOSS SINCE YESTERDAY (HOUR:MIN:SEC)....-0:04:21

$$
*** JUL 16
