000
CDAK47 PAYA 250907
CLIYAK

CLIMATE REPORT
NATIONAL WEATHER SERVICE YAKUTAT, AK
107 AM AKDT MON MAY 25 2015

...................................
...THE YAKUTAT AP CLIMATE SUMMARY FOR MAY 24 2015...

CLIMATE NORMAL PERIOD  1981 TO  2010
CLIMATE RECORD PERIOD  1948 TO  2015

WEATHER ITEM   OBSERVED TIME    RECORD YEAR NORMAL DEPARTURE LAST
               VALUE    (LST)   VALUE       VALUE  FROM      YEAR
                                                   NORMAL
...................................................................
TEMPERATURE
YESTERDAY
 MAXIMUM            53  0516 PM    68  1969     54      -1     53
 MINIMUM            46  0619 AM    28  1966     39       7     37
 AVERAGE            50                          47       3     45

PRECIPITATION
(INCHES)
 YESTERDAY        0.00           1.33  1950   0.26   -0.26   0.34
 MONTH TO DATE    1.51                        6.42   -4.91   2.68
 SINCE MAR 1     26.10                       26.65   -0.55  10.60
 SINCE JAN 1     50.47                       51.17   -0.70  37.66

SNOWFALL
(INCHES)
 YESTERDAY         0.0              T  1966    0.0     0.0    0.0
 MONTH TO DATE     0.0                         0.4    -0.4    0.0
 SINCE MAR 1      34.3                        37.8    -3.5   13.6
 SINCE JUL 1      47.1                       140.0   -92.9  109.0
 SNOW DEPTH (IN)     0                                          0

DEGREE DAYS
 HEATING
  YESTERDAY         15                          18      -3     20
  MONTH TO DATE    432                         505     -73    422
  SINCE MAR 1     2128                        2343    -215   2328
  SINCE JUL 1     7560                        8472    -912   8141

 COOLING
  YESTERDAY          0                           0       0      0
  MONTH TO DATE      0                           0       0      0
  SINCE MAR 1        0                           0       0      0
  SINCE JAN 1        0                           0       0      0
...................................................................

WIND (MPH)
 HIGHEST WIND SPEED     9     HIGHEST WIND DIRECTION    240
 HIGHEST GUST SPEED    13     HIGHEST GUST DIRECTION    180
 AVERAGE WIND SPEED   2.7

SKY COVER
  POSSIBLE SUNSHINE    MM          AVERAGE SKY COVER     MM

WEATHER CONDITIONS
 THE FOLLOWING WEATHER WAS RECORDED YESTERDAY.
  FOG


RELATIVE HUMIDITY
 HIGHEST RH     MM PERCENT       MM
 LOWEST  RH     MM PERCENT       MM
 AVERAGE RH     MM PERCENT       MM
...................................................................

THE YAKUTAT CLIMATE NORMALS FOR TODAY
                           NORMAL    RECORD   YEAR
 MAXIMUM TEMPERATURE (F)     54        69     2010
 MINIMUM TEMPERATURE (F)     40        25     1966

SUNRISE AND SUNSET
 MAY 25 2015..........SUNRISE  4:24 AM      SUNSET 10:09 PM
 MAY 26 2015..........SUNRISE  4:23 AM      SUNSET 10:11 PM

-  INDICATES NEGATIVE NUMBERS.
R  INDICATES RECORD HAS BEEN SET OR TIED.
MM INDICATES DATA IS MISSING.
T  INDICATES TRACE OF PRECIPITATION.

&&
-------------------------------------------------------------------

AMOUNT OF DAYLIGHT TODAY  (HOUR:MIN)........17 HOURS 45 MINUTES
GAIN/LOSS SINCE YESTERDAY (HOUR:MIN:SEC)....+0:03:51

$$
*** MAY 15
