000
CDUS46 KPDT 310828
CLIYKM

CLIMATE REPORT
NATIONAL WEATHER SERVICE PENDLETON OR
1226 AM PST SAT JAN 31 2015


...................................

...THE YAKIMA WA CLIMATE SUMMARY FOR JANUARY 30 2015...

CLIMATE NORMAL PERIOD 1981 TO 2010
CLIMATE RECORD PERIOD 1946 TO 2015


WEATHER ITEM   OBSERVED TIME   RECORD YEAR NORMAL DEPARTURE LAST
                VALUE   (LST)  VALUE       VALUE  FROM      YEAR
                                                  NORMAL
..................................................................
TEMPERATURE (F)
 YESTERDAY
  MAXIMUM         39    106 PM  68    1971  42     -3       50
  MINIMUM         36   1159 PM -15    1950  25     11       27
  AVERAGE         38                        34      4       39

PRECIPITATION (IN)
  YESTERDAY        0.00          0.45 2003   0.03  -0.03     0.00
                                      1995
  MONTH TO DATE    0.70                      1.11  -0.41     0.30
  SINCE OCT 1      2.80                      4.23  -1.43     1.13
  SINCE JAN 1      0.70                      1.11  -0.41     0.30

SNOWFALL (IN)
  YESTERDAY        0.0           1.1  2000   0.1   -0.1      0.0
  MONTH TO DATE    1.6                       5.2   -3.6      0.5
  SINCE JAN 1      1.6                       5.2   -3.6      0.5
  SINCE JUL 1      1.6                      18.2  -16.6      0.5
  SNOW DEPTH       0

DEGREE DAYS
 HEATING
  YESTERDAY       27                        32     -5       26
  MONTH TO DATE  902                      1026   -124      906
  SINCE DEC 1   1796                      2156   -360     2061
  SINCE JUL 1   2980                      3689   -709     3477

 COOLING
  YESTERDAY        0                         0      0        0
  MONTH TO DATE    0                         0      0        0
  SINCE DEC 1      0                         0      0        0
  SINCE JAN 1      0                         0      0        0
..................................................................


WIND (MPH)
  HIGHEST WIND SPEED     6   HIGHEST WIND DIRECTION     S (190)
  HIGHEST GUST SPEED     7   HIGHEST GUST DIRECTION     S (180)
  AVERAGE WIND SPEED     1.4


SKY COVER
  POSSIBLE SUNSHINE  MM
  AVERAGE SKY COVER 1.0


WEATHER CONDITIONS
THE FOLLOWING WEATHER WAS RECORDED YESTERDAY.
  FOG


RELATIVE HUMIDITY (PERCENT)
 HIGHEST    92           600 AM
 LOWEST     70          1200 PM
 AVERAGE    81

..........................................................


THE YAKIMA WA CLIMATE NORMALS FOR TODAY
                         NORMAL    RECORD    YEAR
 MAXIMUM TEMPERATURE (F)   42        65      1971
 MINIMUM TEMPERATURE (F)   25       -21      1950


SUNRISE AND SUNSET
JANUARY 31 2015.......SUNRISE   727 AM PST   SUNSET   504 PM PST
FEBRUARY  1 2015......SUNRISE   726 AM PST   SUNSET   506 PM PST


-  INDICATES NEGATIVE NUMBERS.
R  INDICATES RECORD WAS SET OR TIED.
MM INDICATES DATA IS MISSING.
T  INDICATES TRACE AMOUNT.




$$
