000
CDUS46 KPDT 210923
CLIYKM

CLIMATE REPORT
NATIONAL WEATHER SERVICE PENDLETON OR
123 AM PST SAT JAN 21 2017


...................................

...THE YAKIMA WA CLIMATE SUMMARY FOR JANUARY 20 2017...

CLIMATE NORMAL PERIOD 1981 TO 2010
CLIMATE RECORD PERIOD 1946 TO 2017


WEATHER ITEM   OBSERVED TIME   RECORD YEAR NORMAL DEPARTURE LAST
                VALUE   (LST)  VALUE       VALUE  FROM      YEAR
                                                  NORMAL
..................................................................
TEMPERATURE (F)
 YESTERDAY
  MAXIMUM         39   1238 PM  58    1972  40     -1       36
  MINIMUM         25    540 AM -19    1954  24      1       32
  AVERAGE         32                        32      0       34

PRECIPITATION (IN)
  YESTERDAY        0.24          0.50 1951   0.03   0.21     0.12
  MONTH TO DATE    1.61                      0.79   0.82     1.76
  SINCE OCT 1      5.53                      3.91   1.62     6.41
  SINCE JAN 1      1.61                      0.79   0.82     1.76

SNOWFALL (IN)
  YESTERDAY        T             4.9  1951   0.2   -0.2      0.0
  MONTH TO DATE   13.5                       4.0    9.5     11.7
  SINCE JAN 1     13.5                       4.0    9.5     11.7
  SINCE JUL 1     20.9                      17.0    3.9     30.6
  SNOW DEPTH      MM

DEGREE DAYS
 HEATING
  YESTERDAY       33                        33      0       31
  MONTH TO DATE  922                       702    220      672
  SINCE DEC 1   2123                      1832    291     1707
  SINCE JUL 1   3142                      3365   -223     2821

 COOLING
  YESTERDAY        0                         0      0        0
  MONTH TO DATE    0                         0      0        0
  SINCE DEC 1      0                         0      0        0
  SINCE JAN 1      0                         0      0        0
..................................................................


WIND (MPH)
  HIGHEST WIND SPEED    10   HIGHEST WIND DIRECTION     W (250)
  HIGHEST GUST SPEED    13   HIGHEST GUST DIRECTION     W (250)
  AVERAGE WIND SPEED     5.0


SKY COVER
  POSSIBLE SUNSHINE  MM
  AVERAGE SKY COVER 0.9


WEATHER CONDITIONS
 THE FOLLOWING WEATHER WAS RECORDED YESTERDAY.
  RAIN
  LIGHT RAIN
  SLEET
  FOG
  FOG W/VISIBILITY <= 1/4 MILE
  HAZE


RELATIVE HUMIDITY (PERCENT)
 HIGHEST    92          1200 AM
 LOWEST     85           300 AM
 AVERAGE    89

..........................................................


THE YAKIMA WA CLIMATE NORMALS FOR TODAY
                         NORMAL    RECORD    YEAR
 MAXIMUM TEMPERATURE (F)   40        62      1968
 MINIMUM TEMPERATURE (F)   24       -10      1957


SUNRISE AND SUNSET
JANUARY 21 2017.......SUNRISE   737 AM PST   SUNSET   450 PM PST
JANUARY 22 2017.......SUNRISE   736 AM PST   SUNSET   452 PM PST


-  INDICATES NEGATIVE NUMBERS.
R  INDICATES RECORD WAS SET OR TIED.
MM INDICATES DATA IS MISSING.
T  INDICATES TRACE AMOUNT.

$$
