000
CDUS46 KPDT 170834
CLIYKM

CLIMATE REPORT
NATIONAL WEATHER SERVICE PENDLETON OR
1232 AM PST FRI NOV 17 2017


...................................

...THE YAKIMA WA CLIMATE SUMMARY FOR NOVEMBER 16 2017...

CLIMATE NORMAL PERIOD 1981 TO 2010
CLIMATE RECORD PERIOD 1946 TO 2017


WEATHER ITEM   OBSERVED TIME   RECORD YEAR NORMAL DEPARTURE LAST
                VALUE   (LST)  VALUE       VALUE  FROM      YEAR
                                                  NORMAL
..................................................................
TEMPERATURE (F)
 YESTERDAY
  MAXIMUM         53    134 PM  63    1949  48      5       54
  MINIMUM         30    730 AM   8    2014  27      3       29
  AVERAGE         42                        37      5       42

PRECIPITATION (IN)
  YESTERDAY        0.00          0.30 1981   0.04  -0.04     0.00
  MONTH TO DATE    0.73                      0.51   0.22     0.52
  SINCE OCT 1      1.52                      1.05   0.47     2.95
  SINCE JAN 1      9.47                      6.18   3.29     9.01

SNOWFALL (IN)
  YESTERDAY        0.0           1.7  2011   0.1   -0.1      0.0
  MONTH TO DATE    0.4                       0.9   -0.5      0.0
  SINCE JAN 1     29.5                       9.6   19.9     12.5
  SINCE JUL 1      0.4                       1.0   -0.6      0.0
  SNOW DEPTH       0

DEGREE DAYS
 HEATING
  YESTERDAY       23                        28     -5       23
  MONTH TO DATE  374                       400    -26      231
  SINCE SEP 1    935                      1056   -121      686
  SINCE JUL 1    935                      1104   -169      689

 COOLING
  YESTERDAY        0                         0      0        0
  MONTH TO DATE    0                         0      0        0
  SINCE SEP 1    116                        32     84       21
  SINCE JAN 1   1054                       472    582      774
..................................................................


WIND (MPH)
  HIGHEST WIND SPEED    23   HIGHEST WIND DIRECTION     S (190)
  HIGHEST GUST SPEED    29   HIGHEST GUST DIRECTION     S (190)
  AVERAGE WIND SPEED     8.4


SKY COVER
  POSSIBLE SUNSHINE  MM
  AVERAGE SKY COVER 0.2


WEATHER CONDITIONS
 THE FOLLOWING WEATHER WAS RECORDED YESTERDAY.
  NO SIGNIFICANT WEATHER WAS OBSERVED.


RELATIVE HUMIDITY (PERCENT)
 HIGHEST    96           600 AM
 LOWEST     50           300 PM
 AVERAGE    73

..........................................................


THE YAKIMA WA CLIMATE NORMALS FOR TODAY
                         NORMAL    RECORD    YEAR
 MAXIMUM TEMPERATURE (F)   47        70      2015
 MINIMUM TEMPERATURE (F)   27         9      1961


SUNRISE AND SUNSET
NOVEMBER 17 2017......SUNRISE   708 AM PST   SUNSET   426 PM PST
NOVEMBER 18 2017......SUNRISE   709 AM PST   SUNSET   425 PM PST


-  INDICATES NEGATIVE NUMBERS.
R  INDICATES RECORD WAS SET OR TIED.
MM INDICATES DATA IS MISSING.
T  INDICATES TRACE AMOUNT.




$$
