000
CDUS46 KPDT 010850
CLIYKM

CLIMATE REPORT
NATIONAL WEATHER SERVICE PENDLETON OR
149 AM PDT SAT AUG 1 2015


...................................

...THE YAKIMA WA CLIMATE SUMMARY FOR JULY 31 2015...

CLIMATE NORMAL PERIOD 1981 TO 2010
CLIMATE RECORD PERIOD 1946 TO 2015


WEATHER ITEM   OBSERVED TIME   RECORD YEAR NORMAL DEPARTURE LAST
                VALUE   (LST)  VALUE       VALUE  FROM      YEAR
                                                  NORMAL
..................................................................
TEMPERATURE (F)
 YESTERDAY
  MAXIMUM        107    412 PM 108    1971  90     17      100
  MINIMUM         58    505 AM  42    1964  54      4       65
  AVERAGE         83                        72     11       83

PRECIPITATION (IN)
  YESTERDAY        0.00          0.13 1984   0.01  -0.01     0.00
  MONTH TO DATE    0.06                      0.22  -0.16     0.06
  SINCE OCT 1      6.39                      7.63  -1.24     3.89
  SINCE JAN 1      4.29                      4.51  -0.22     3.06

SNOWFALL (IN)
  YESTERDAY        0.0           0.0  2002   0.0    0.0      0.0
                                      2001
                                      2000
  MONTH TO DATE    0.0                       0.0    0.0      0.0
  SINCE JAN 1      1.6                       8.6   -7.0     19.9
  SINCE JUL 1      0.0                       0.0    0.0      0.0
  SNOW DEPTH       0

DEGREE DAYS
 HEATING
  YESTERDAY        0                         0      0        0
  MONTH TO DATE    0                        19    -19        5
  SINCE JUN 1      3                       119   -116       35
  SINCE JUL 1      0                        21    -21        5

 COOLING
  YESTERDAY       18                         7     11       18
  MONTH TO DATE  382                       195    187      408
  SINCE JUN 1    689                       260    429      510
  SINCE JAN 1    781                       280    501      533
..................................................................


WIND (MPH)
  HIGHEST WIND SPEED    15   HIGHEST WIND DIRECTION    NW (320)
  HIGHEST GUST SPEED    24   HIGHEST GUST DIRECTION    NW (330)
  AVERAGE WIND SPEED     6.9


SKY COVER
  POSSIBLE SUNSHINE  MM
  AVERAGE SKY COVER 0.0


WEATHER CONDITIONS
 THE FOLLOWING WEATHER WAS RECORDED YESTERDAY.
  NO SIGNIFICANT WEATHER WAS OBSERVED.


RELATIVE HUMIDITY (PERCENT)
 HIGHEST    62           500 AM
 LOWEST      8           400 PM
 AVERAGE    35

..........................................................


THE YAKIMA WA CLIMATE NORMALS FOR TODAY
                         NORMAL    RECORD    YEAR
 MAXIMUM TEMPERATURE (F)   90       105      1971
 MINIMUM TEMPERATURE (F)   54        40      1987


SUNRISE AND SUNSET
AUGUST  1 2015........SUNRISE   543 AM PDT   SUNSET   833 PM PDT
AUGUST  2 2015........SUNRISE   544 AM PDT   SUNSET   832 PM PDT


-  INDICATES NEGATIVE NUMBERS.
R  INDICATES RECORD WAS SET OR TIED.
MM INDICATES DATA IS MISSING.
T  INDICATES TRACE AMOUNT.

$$
