634
CDUS46 KPDT 070827 RRB
CLIYKM

CLIMATE REPORT
NATIONAL WEATHER SERVICE PENDLETON OR
1226 AM PST SUN FEB 7 2016


...................................

...THE YAKIMA WA CLIMATE SUMMARY FOR FEBRUARY 6 2016...

CLIMATE NORMAL PERIOD 1981 TO 2010
CLIMATE RECORD PERIOD 1946 TO 2016


WEATHER ITEM   OBSERVED TIME   RECORD YEAR NORMAL DEPARTURE LAST
                VALUE   (LST)  VALUE       VALUE  FROM      YEAR
                                                  NORMAL
..................................................................
TEMPERATURE (F)
 YESTERDAY
  MAXIMUM         52    106 PM  60    2015  44      8       60
                                      1967
  MINIMUM         32    940 PM   0    1985  25      7       41
  AVERAGE         42                        34      8       51

PRECIPITATION (IN)
  YESTERDAY        0.00          0.58 1996   0.03  -0.03     0.02
  MONTH TO DATE    0.03                      0.17  -0.14     0.33
  SINCE OCT 1      6.99                      4.43   2.56     3.13
  SINCE JAN 1      2.34                      1.31   1.03     1.03

SNOWFALL (IN)
  YESTERDAY        0.0           3.5  1975   0.1   -0.1      0.0
  MONTH TO DATE    0.8                       0.7    0.1      0.0
  SINCE JAN 1     12.5                       6.0    6.5      1.6
  SINCE JUL 1     31.4                      19.0   12.4      1.6
  SNOW DEPTH       0

DEGREE DAYS
 HEATING
  YESTERDAY       23                        30     -7       14
  MONTH TO DATE  166                       185    -19      144
  SINCE DEC 1   2164                      2370   -206     1968
  SINCE JUL 1   3278                      3903   -625     3152

 COOLING
  YESTERDAY        0                         0      0        0
  MONTH TO DATE    0                         0      0        0
  SINCE DEC 1      0                         0      0        0
  SINCE JAN 1      0                         0      0        0
..................................................................


WIND (MPH)
  HIGHEST WIND SPEED    18   HIGHEST WIND DIRECTION     W (250)
  HIGHEST GUST SPEED    25   HIGHEST GUST DIRECTION     W (250)
  AVERAGE WIND SPEED     5.4


SKY COVER
  POSSIBLE SUNSHINE  MM
  AVERAGE SKY COVER 0.1


WEATHER CONDITIONS
 THE FOLLOWING WEATHER WAS RECORDED YESTERDAY.
  NO SIGNIFICANT WEATHER WAS OBSERVED.


RELATIVE HUMIDITY (PERCENT)
 HIGHEST    82           900 PM
 LOWEST     41          1200 PM
 AVERAGE    62

..........................................................


THE YAKIMA WA CLIMATE NORMALS FOR TODAY
                         NORMAL    RECORD    YEAR
 MAXIMUM TEMPERATURE (F)   44        65      2015
 MINIMUM TEMPERATURE (F)   25        -4      2014


SUNRISE AND SUNSET
FEBRUARY  7 2016......SUNRISE   718 AM PST   SUNSET   515 PM PST
FEBRUARY  8 2016......SUNRISE   717 AM PST   SUNSET   516 PM PST


-  INDICATES NEGATIVE NUMBERS.
R  INDICATES RECORD WAS SET OR TIED.
MM INDICATES DATA IS MISSING.
T  INDICATES TRACE AMOUNT.




$$
