000
CDUS46 KPDT 240134
CLIYKM

CLIMATE REPORT
NATIONAL WEATHER SERVICE PENDLETON OR
529 PM PST TUE JAN 23 2018


...................................

...THE YAKIMA WA CLIMATE SUMMARY FOR JANUARY 23 2018...
VALID TODAY AS OF 0500 PM LOCAL TIME.

CLIMATE NORMAL PERIOD 1981 TO 2010
CLIMATE RECORD PERIOD 1946 TO 2018


WEATHER ITEM   OBSERVED TIME   RECORD YEAR NORMAL DEPARTURE LAST
                VALUE   (LST)  VALUE       VALUE  FROM      YEAR
                                                  NORMAL
..................................................................
TEMPERATURE (F)
 TODAY
  MAXIMUM         37    359 PM  61    1953  40     -3       39
  MINIMUM         29   1224 AM  -7    1969  24      5       25
  AVERAGE         33                        32      1       32

PRECIPITATION (IN)
  TODAY            0.02          0.54 1965   0.03  -0.01     0.00
  MONTH TO DATE    0.70                      0.89  -0.19     2.03
  SINCE OCT 1      2.99                      4.01  -1.02     5.95
  SINCE JAN 1      0.70                      0.89  -0.19     2.03

SNOWFALL (IN)
  TODAY           MM             9.0  2005   0.2   MM        0.0
  MONTH TO DATE    0.0                       4.4   -4.4     15.2
  SINCE JAN 1      0.0                       4.4   -4.4     15.2
  SINCE JUL 1      1.6                      17.4  -15.8     22.6
  SNOW DEPTH       0

DEGREE DAYS
 HEATING
  TODAY           32                        33     -1       33
  MONTH TO DATE  625                       801   -176     1011
  SINCE DEC 1   1642                      1931   -289     2212
  SINCE JUL 1   2911                      3464   -553     3231

 COOLING
  TODAY            0                         0      0        0
  MONTH TO DATE    0                         0      0        0
  SINCE DEC 1      0                         0      0        0
  SINCE JAN 1      0                         0      0        0
..................................................................


WIND (MPH)
  HIGHEST WIND SPEED     7   HIGHEST WIND DIRECTION    NW (310)
  HIGHEST GUST SPEED     8   HIGHEST GUST DIRECTION    NW (300)
  AVERAGE WIND SPEED     1.8


SKY COVER
  POSSIBLE SUNSHINE  MM
  AVERAGE SKY COVER 0.7


WEATHER CONDITIONS
 THE FOLLOWING WEATHER WAS RECORDED TODAY.
  LIGHT SNOW
  FOG


RELATIVE HUMIDITY (PERCENT)
 HIGHEST    92           100 PM
 LOWEST     76          1100 AM
 AVERAGE    84

..........................................................


THE YAKIMA WA CLIMATE NORMALS FOR TOMORROW
                         NORMAL    RECORD    YEAR
 MAXIMUM TEMPERATURE (F)   41        57      2015
                                             1984
                                             1959
 MINIMUM TEMPERATURE (F)   24       -11      1949


SUNRISE AND SUNSET
JANUARY 23 2018.......SUNRISE   736 AM PST   SUNSET   453 PM PST
JANUARY 24 2018.......SUNRISE   735 AM PST   SUNSET   454 PM PST


-  INDICATES NEGATIVE NUMBERS.
R  INDICATES RECORD WAS SET OR TIED.
MM INDICATES DATA IS MISSING.
T  INDICATES TRACE AMOUNT.




$$
