000
CDUS46 KPDT 230828
CLIYKM

CLIMATE REPORT
NATIONAL WEATHER SERVICE PENDLETON OR
128 AM PDT WED JUL 23 2014


...................................

...THE YAKIMA WA CLIMATE SUMMARY FOR JULY 22 2014...

CLIMATE NORMAL PERIOD 1981 TO 2010
CLIMATE RECORD PERIOD 1946 TO 2014


WEATHER ITEM   OBSERVED TIME   RECORD YEAR NORMAL DEPARTURE LAST
                VALUE   (LST)  VALUE       VALUE  FROM      YEAR
                                                  NORMAL
..................................................................
TEMPERATURE (F)
 YESTERDAY
  MAXIMUM         82    200 PM 103    2003  90     -8      100
                                      1994
  MINIMUM         62    822 AM  41    1973  54      8       66
  AVERAGE         72                        72      0       83

PRECIPITATION (IN)
  YESTERDAY        0.03          0.12 2005   0.01   0.02     0.00
  MONTH TO DATE    0.03                      0.17  -0.14      T
  SINCE OCT 1      3.86                      7.58  -3.72     7.97
  SINCE JAN 1      3.03                      4.46  -1.43     4.17

SNOWFALL (IN)
  YESTERDAY        0.0           0.0  2002   0.0    0.0      0.0
                                      2001
                                      2000
  MONTH TO DATE    0.0                       0.0    0.0      0.0
  SINCE JAN 1     19.9                       8.6   11.3      1.1
  SINCE JUL 1      0.0                       0.0    0.0      0.0
  SNOW DEPTH       0

DEGREE DAYS
 HEATING
  YESTERDAY        0                         0      0        0
  MONTH TO DATE    0                        19    -19        0
  SINCE JUN 1     30                       117    -87       39
  SINCE JUL 1      0                        19    -19        0

 COOLING
  YESTERDAY        7                         7      0       18
  MONTH TO DATE  312                       127    185      271
  SINCE JUN 1    414                       192    222      387
  SINCE JAN 1    437                       212    225      439
..................................................................


WIND (MPH)
  HIGHEST WIND SPEED    12   HIGHEST WIND DIRECTION     W (260)
  HIGHEST GUST SPEED    15   HIGHEST GUST DIRECTION     W (250)
  AVERAGE WIND SPEED     4.8


SKY COVER
  POSSIBLE SUNSHINE  MM
  AVERAGE SKY COVER 0.6


WEATHER CONDITIONS
 THE FOLLOWING WEATHER WAS RECORDED YESTERDAY.
  LIGHT RAIN


RELATIVE HUMIDITY (PERCENT)
 HIGHEST    78           700 AM
 LOWEST     42           200 PM
 AVERAGE    60

..........................................................


THE YAKIMA WA CLIMATE NORMALS FOR TODAY
                         NORMAL    RECORD    YEAR
 MAXIMUM TEMPERATURE (F)   90       109      2006
 MINIMUM TEMPERATURE (F)   54        39      1963


SUNRISE AND SUNSET
JULY 23 2014..........SUNRISE   532 AM PDT   SUNSET   844 PM PDT
JULY 24 2014..........SUNRISE   534 AM PDT   SUNSET   843 PM PDT


-  INDICATES NEGATIVE NUMBERS.
R  INDICATES RECORD WAS SET OR TIED.
MM INDICATES DATA IS MISSING.
T  INDICATES TRACE AMOUNT.




$$
