000
CDUS46 KPDT 190911 RRA
CLIYKM

CLIMATE REPORT
NATIONAL WEATHER SERVICE PENDLETON OR
201 AM PDT SAT AUG 19 2017


...................................

...THE YAKIMA WA CLIMATE SUMMARY FOR AUGUST 18 2017...

CLIMATE NORMAL PERIOD 1981 TO 2010
CLIMATE RECORD PERIOD 1946 TO 2017


WEATHER ITEM   OBSERVED TIME   RECORD YEAR NORMAL DEPARTURE LAST
                VALUE   (LST)  VALUE       VALUE  FROM      YEAR
                                                  NORMAL
..................................................................
TEMPERATURE (F)
 YESTERDAY
  MAXIMUM         95    243 PM 103    1977  87      8      100
  MINIMUM         51    503 AM  38    1995  52     -1       60
  AVERAGE         73                        69      4       80

PRECIPITATION (IN)
  YESTERDAY        0.00          1.40 1975   0.01  -0.01     0.00
  MONTH TO DATE    0.12                      0.14  -0.02      T
  SINCE OCT 1     11.61                      7.77   3.84    10.54
  SINCE JAN 1      7.69                      4.65   3.04     5.89

SNOWFALL (IN)
  YESTERDAY        0.0           0.0  2002   0.0    0.0      0.0
                                      2001
                                      1999
  MONTH TO DATE    0.0                       0.0    0.0      0.0
  SINCE JAN 1     29.1                       8.6   20.5     12.5
  SINCE JUL 1      0.0                       0.0    0.0      0.0
  SNOW DEPTH       0

DEGREE DAYS
 HEATING
  YESTERDAY        0                         1     -1        0
  MONTH TO DATE    0                        11    -11        3
  SINCE JUN 1     51                       130    -79       71
  SINCE JUL 1      0                        32    -32        3

 COOLING
  YESTERDAY        8                         5      3       15
  MONTH TO DATE  245                       113    132      166
  SINCE JUN 1    769                       373    396      625
  SINCE JAN 1    826                       393    433      664
..................................................................


WIND (MPH)
  HIGHEST WIND SPEED    21   HIGHEST WIND DIRECTION    NW (300)
  HIGHEST GUST SPEED    26   HIGHEST GUST DIRECTION     W (290)
  AVERAGE WIND SPEED     5.7


SKY COVER
  POSSIBLE SUNSHINE  MM
  AVERAGE SKY COVER 0.0


WEATHER CONDITIONS
 THE FOLLOWING WEATHER WAS RECORDED YESTERDAY.
  NO SIGNIFICANT WEATHER WAS OBSERVED.


RELATIVE HUMIDITY (PERCENT)
 HIGHEST    77           500 AM
 LOWEST     14           200 PM
 AVERAGE    46

..........................................................


THE YAKIMA WA CLIMATE NORMALS FOR TODAY
                         NORMAL    RECORD    YEAR
 MAXIMUM TEMPERATURE (F)   86        99      1967
 MINIMUM TEMPERATURE (F)   51        38      1947


SUNRISE AND SUNSET
AUGUST 19 2017........SUNRISE   606 AM PDT   SUNSET   804 PM PDT
AUGUST 20 2017........SUNRISE   607 AM PDT   SUNSET   803 PM PDT


-  INDICATES NEGATIVE NUMBERS.
R  INDICATES RECORD WAS SET OR TIED.
MM INDICATES DATA IS MISSING.
T  INDICATES TRACE AMOUNT.

$$
