000
CDUS46 KPDT 270828
CLIYKM

CLIMATE REPORT
NATIONAL WEATHER SERVICE PENDLETON OR
125 AM PDT THU AUG 27 2015


...................................

...THE YAKIMA WA CLIMATE SUMMARY FOR AUGUST 26 2015...

CLIMATE NORMAL PERIOD 1981 TO 2010
CLIMATE RECORD PERIOD 1946 TO 2015


WEATHER ITEM   OBSERVED TIME   RECORD YEAR NORMAL DEPARTURE LAST
                VALUE   (LST)  VALUE       VALUE  FROM      YEAR
                                                  NORMAL
..................................................................
TEMPERATURE (F)
 YESTERDAY
  MAXIMUM         95    344 PM  97    2011  84     11       90
  MINIMUM         52    452 AM  38    1955  50      2       54
  AVERAGE         74                        67      7       72

PRECIPITATION (IN)
  YESTERDAY        0.00          0.55 1968   0.01  -0.01     0.00
  MONTH TO DATE    T                         0.21  -0.21     0.90
  SINCE OCT 1      6.39                      7.84  -1.45     4.79
  SINCE JAN 1      4.29                      4.72  -0.43     3.96

SNOWFALL (IN)
  YESTERDAY        0.0           0.0  2002   0.0    0.0      0.0
                                      2001
                                      1999
  MONTH TO DATE    0.0                       0.0    0.0      0.0
  SINCE JAN 1      1.6                       8.6   -7.0     19.9
  SINCE JUL 1      0.0                       0.0    0.0      0.0
  SNOW DEPTH       0

DEGREE DAYS
 HEATING
  YESTERDAY        0                         1     -1        0
  MONTH TO DATE    1                        19    -18        0
  SINCE JUN 1      4                       138   -134       35
  SINCE JUL 1      1                        40    -39        5

 COOLING
  YESTERDAY        9                         3      6        7
  MONTH TO DATE  249                       144    105      268
  SINCE JUN 1    938                       404    534      778
  SINCE JAN 1   1030                       424    606      801
..................................................................


WIND (MPH)
  HIGHEST WIND SPEED    16   HIGHEST WIND DIRECTION    NW (310)
  HIGHEST GUST SPEED    23   HIGHEST GUST DIRECTION    NW (310)
  AVERAGE WIND SPEED     7.0


SKY COVER
  POSSIBLE SUNSHINE  MM
  AVERAGE SKY COVER 0.1


WEATHER CONDITIONS
 THE FOLLOWING WEATHER WAS RECORDED YESTERDAY.
  HAZE


RELATIVE HUMIDITY (PERCENT)
 HIGHEST    59           300 AM
 LOWEST     16           300 PM
 AVERAGE    38

..........................................................


THE YAKIMA WA CLIMATE NORMALS FOR TODAY
                         NORMAL    RECORD    YEAR
 MAXIMUM TEMPERATURE (F)   84       100      1972
 MINIMUM TEMPERATURE (F)   49        39      1960


SUNRISE AND SUNSET
AUGUST 27 2015........SUNRISE   616 AM PDT   SUNSET   751 PM PDT
AUGUST 28 2015........SUNRISE   617 AM PDT   SUNSET   749 PM PDT


-  INDICATES NEGATIVE NUMBERS.
R  INDICATES RECORD WAS SET OR TIED.
MM INDICATES DATA IS MISSING.
T  INDICATES TRACE AMOUNT.




$$
