000
CDUS46 KPDT 310836
CLIYKM

CLIMATE REPORT
NATIONAL WEATHER SERVICE PENDLETON OR
125 AM PDT SUN AUG 31 2014


...................................

...THE YAKIMA WA CLIMATE SUMMARY FOR AUGUST 30 2014...

CLIMATE NORMAL PERIOD 1981 TO 2010
CLIMATE RECORD PERIOD 1946 TO 2014


WEATHER ITEM   OBSERVED TIME   RECORD YEAR NORMAL DEPARTURE LAST
                VALUE   (LST)  VALUE       VALUE  FROM      YEAR
                                                  NORMAL
..................................................................
TEMPERATURE (F)
 YESTERDAY
  MAXIMUM         79    447 PM  98    1967  83     -4       87
  MINIMUM         52    546 AM  38    1964  49      3       53
  AVERAGE         66                        66      0       70

PRECIPITATION (IN)
  YESTERDAY        0.00          0.31 1977   0.01  -0.01     0.00
  MONTH TO DATE    0.90                      0.25   0.65     0.19
  SINCE OCT 1      4.79                      7.88  -3.09     8.16
  SINCE JAN 1      3.96                      4.76  -0.80     4.36

SNOWFALL (IN)
  YESTERDAY        0.0           0.0  2002   0.0    0.0      0.0
                                      2001
                                      1999
  MONTH TO DATE    0.0                       0.0    0.0      0.0
  SINCE JAN 1     19.9                       8.6   11.3      1.1
  SINCE JUL 1      0.0                       0.0    0.0      0.0
  SNOW DEPTH      MM

DEGREE DAYS
 HEATING
  YESTERDAY        0                         2     -2        0
  MONTH TO DATE    0                        26    -26        0
  SINCE JUN 1     35                       145   -110       39
  SINCE JUL 1      5                        47    -42        0

 COOLING
  YESTERDAY        1                         3     -2        5
  MONTH TO DATE  294                       156    138      267
  SINCE JUN 1    804                       416    388      778
  SINCE JAN 1    827                       436    391      830
..................................................................


WIND (MPH)
  HIGHEST WIND SPEED    24   HIGHEST WIND DIRECTION    NW (300)
  HIGHEST GUST SPEED    31   HIGHEST GUST DIRECTION     W (290)
  AVERAGE WIND SPEED     6.1


SKY COVER
  POSSIBLE SUNSHINE  MM
  AVERAGE SKY COVER 0.4


WEATHER CONDITIONS
 THE FOLLOWING WEATHER WAS RECORDED YESTERDAY.
  NO SIGNIFICANT WEATHER WAS OBSERVED.


RELATIVE HUMIDITY (PERCENT)
 HIGHEST    83           500 AM
 LOWEST     38           600 PM
 AVERAGE    61

..........................................................


THE YAKIMA WA CLIMATE NORMALS FOR TODAY
                         NORMAL    RECORD    YEAR
 MAXIMUM TEMPERATURE (F)   83        97      1998
                                             1949
 MINIMUM TEMPERATURE (F)   48        37      1999


SUNRISE AND SUNSET
AUGUST 31 2014........SUNRISE   621 AM PDT   SUNSET   743 PM PDT
SEPTEMBER  1 2014.....SUNRISE   622 AM PDT   SUNSET   741 PM PDT


-  INDICATES NEGATIVE NUMBERS.
R  INDICATES RECORD WAS SET OR TIED.
MM INDICATES DATA IS MISSING.
T  INDICATES TRACE AMOUNT.




$$
