000
CDUS41 KPBZ 312238
CLIZZV


CLIMATE REPORT
NATIONAL WEATHER SERVICE PITTSBURGH PA
537 PM EST SAT JAN 31 2015


...................................

...THE ZANESVILLE OH CLIMATE SUMMARY FOR JANUARY 31 2015...
VALID TODAY AS OF 0500 PM LOCAL TIME.

CLIMATE NORMAL PERIOD 1981 TO 2010
CLIMATE RECORD PERIOD 1946 TO 2015


WEATHER ITEM   OBSERVED TIME   RECORD YEAR NORMAL DEPARTURE LAST
                VALUE   (LST)  VALUE       VALUE  FROM      YEAR
                                                  NORMAL
..................................................................
TEMPERATURE (F)
 TODAY
  MAXIMUM         32    359 PM  70    2002  38     -6       37
  MINIMUM          3    750 AM  -8    1955  21    -18       30
  AVERAGE         18                        29    -11       34

PRECIPITATION (IN)
  TODAY            0.00         MM      MM   0.08  -0.08      T
  MONTH TO DATE    2.45                      2.66  -0.21     1.30
  SINCE JUN 1     24.86                     25.06  -0.20    29.61
  SINCE JAN 1      2.45                      2.66  -0.21     1.30

DEGREE DAYS
 HEATING
  TODAY           47                        36     11       31
  MONTH TO DATE 1198                      1116     82     1327
  SINCE DEC 1   2107                      2126    -19     2280
  SINCE JUL 1   3414                      3267    147     3456

 COOLING
  TODAY            0                         0      0        0
  MONTH TO DATE    0                         0      0        0
  SINCE DEC 1      0                         0      0        0
  SINCE JAN 1      0                         0      0        0
..................................................................


WIND (MPH)
  HIGHEST WIND SPEED    12   HIGHEST WIND DIRECTION    SW (220)
  HIGHEST GUST SPEED    15   HIGHEST GUST DIRECTION     W (270)
  AVERAGE WIND SPEED     2.9


SKY COVER
  POSSIBLE SUNSHINE  MM
  AVERAGE SKY COVER 0.0


WEATHER CONDITIONS
 THE FOLLOWING WEATHER WAS RECORDED TODAY.
  NO SIGNIFICANT WEATHER WAS OBSERVED.


RELATIVE HUMIDITY (PERCENT)
 HIGHEST    96           900 AM
 LOWEST     49           400 PM
 AVERAGE    73

..........................................................


THE ZANESVILLE OH CLIMATE NORMALS FOR TOMORROW
                         NORMAL    RECORD    YEAR
 MAXIMUM TEMPERATURE (F)   38        66      1989
 MINIMUM TEMPERATURE (F)   21        -7      2004


SUNRISE AND SUNSET
JANUARY 31 2015.......SUNRISE   737 AM EST   SUNSET   545 PM EST
FEBRUARY  1 2015......SUNRISE   736 AM EST   SUNSET   547 PM EST


-  INDICATES NEGATIVE NUMBERS.
R  INDICATES RECORD WAS SET OR TIED.
MM INDICATES DATA IS MISSING.
T  INDICATES TRACE AMOUNT.




$$
