000
CDUS41 KPBZ 302128
CLIZZV


CLIMATE REPORT
NATIONAL WEATHER SERVICE PITTSBURGH PA
527 PM EDT SAT APR 30 2016


...................................

...THE ZANESVILLE OH CLIMATE SUMMARY FOR APRIL 30 2016...
VALID TODAY AS OF 0500 PM LOCAL TIME.

CLIMATE NORMAL PERIOD 1981 TO 2010
CLIMATE RECORD PERIOD 1946 TO 2016


WEATHER ITEM   OBSERVED TIME   RECORD YEAR NORMAL DEPARTURE LAST
                VALUE   (LST)  VALUE       VALUE  FROM      YEAR
                                                  NORMAL
..................................................................
TEMPERATURE (F)
 TODAY
  MAXIMUM         61    240 PM  88    1970  68     -7       54
  MINIMUM         47    244 AM  28    1961  44      3       38
  AVERAGE         54                        56     -2       46

PRECIPITATION (IN)
  TODAY            0.08         MM      MM   0.11  -0.03     0.07
  MONTH TO DATE    4.29                      3.44   0.85     6.06
  SINCE JUN 1     34.73                     33.67   1.06    35.80
  SINCE JAN 1     12.40                     11.27   1.13    13.39

DEGREE DAYS
 HEATING
  TODAY           11                         9      2       19
  MONTH TO DATE  353                       412    -59      380
  SINCE MAR 1    816                      1166   -350     1250
  SINCE JUL 1   4162                      5357  -1195     5907

 COOLING
  TODAY            0                         0      0        0
  MONTH TO DATE    3                         8     -5        1
  SINCE MAR 1      8                         9     -1        1
  SINCE JAN 1      8                         9     -1        1
..................................................................


WIND (MPH)
  HIGHEST WIND SPEED    12   HIGHEST WIND DIRECTION    NE (40)
  HIGHEST GUST SPEED    14   HIGHEST GUST DIRECTION    NE (40)
  AVERAGE WIND SPEED     4.4


SKY COVER
  POSSIBLE SUNSHINE  MM
  AVERAGE SKY COVER 0.8


WEATHER CONDITIONS
 THE FOLLOWING WEATHER WAS RECORDED TODAY.
  LIGHT RAIN


RELATIVE HUMIDITY (PERCENT)
 HIGHEST    86           100 AM
 LOWEST     60          1100 AM
 AVERAGE    73

..........................................................


THE ZANESVILLE OH CLIMATE NORMALS FOR TOMORROW
                         NORMAL    RECORD    YEAR
 MAXIMUM TEMPERATURE (F)   68        88      1970
 MINIMUM TEMPERATURE (F)   45        28      1978


SUNRISE AND SUNSET
APRIL 30 2016.........SUNRISE   628 AM EDT   SUNSET   822 PM EDT
MAY  1 2016...........SUNRISE   627 AM EDT   SUNSET   823 PM EDT


-  INDICATES NEGATIVE NUMBERS.
R  INDICATES RECORD WAS SET OR TIED.
MM INDICATES DATA IS MISSING.
T  INDICATES TRACE AMOUNT.




$$
