000
CDUS41 KPBZ 261221
CLIZZV


CLIMATE REPORT
NATIONAL WEATHER SERVICE PITTSBURGH PA
821 AM EDT TUE SEP 26 2017


...................................

...THE ZANESVILLE OH CLIMATE SUMMARY FOR SEPTEMBER 26 2017...
VALID AS OF 0800 AM LOCAL TIME.

CLIMATE NORMAL PERIOD 1981 TO 2010
CLIMATE RECORD PERIOD 1895 TO 2017


WEATHER ITEM   OBSERVED TIME   RECORD YEAR NORMAL DEPARTURE LAST
                VALUE   (LST)  VALUE       VALUE  FROM      YEAR
                                                  NORMAL
..................................................................
TEMPERATURE (F)
 TODAY
  MAXIMUM         66   1222 AM  94    1900
  MINIMUM         59    643 AM  31    1928  49     10       53

PRECIPITATION (IN)
  TODAY            0.00          0.95 1899   0.10  -0.10     0.12
  MONTH TO DATE    1.55                      2.61  -1.06     1.28
  SINCE JUN 1     13.44                     13.67  -0.23     9.37
  SINCE JAN 1     31.56                     29.13   2.43    24.35

DEGREE DAYS
 HEATING
  TODAY            2

 COOLING
  TODAY            0
..................................................................







THE ZANESVILLE OH CLIMATE NORMALS FOR TOMORROW
                         NORMAL    RECORD    YEAR
 MAXIMUM TEMPERATURE (F)   71        89      1945
 MINIMUM TEMPERATURE (F)   48        30      1947


SUNRISE AND SUNSET
SEPTEMBER 26 2017.....SUNRISE   719 AM EDT   SUNSET   718 PM EDT
SEPTEMBER 27 2017.....SUNRISE   720 AM EDT   SUNSET   716 PM EDT


-  INDICATES NEGATIVE NUMBERS.
R  INDICATES RECORD WAS SET OR TIED.
MM INDICATES DATA IS MISSING.
T  INDICATES TRACE AMOUNT.




$$
