000
CDUS41 KPBZ 300702
CLIZZV


CLIMATE REPORT
NATIONAL WEATHER SERVICE PITTSBURGH PA
301 AM EDT FRI SEP 30 2016


...................................

...THE ZANESVILLE OH CLIMATE SUMMARY FOR SEPTEMBER 29 2016...

CLIMATE NORMAL PERIOD 1981 TO 2010
CLIMATE RECORD PERIOD 1946 TO 2016


WEATHER ITEM   OBSERVED TIME   RECORD YEAR NORMAL DEPARTURE LAST
                VALUE   (LST)  VALUE       VALUE  FROM      YEAR
                                                  NORMAL
..................................................................
TEMPERATURE (F)
 YESTERDAY
  MAXIMUM         64    500 PM  94    1953  71     -7       72
  MINIMUM         53    547 AM  28    1951  48      5       65
  AVERAGE         59                        59      0       69

PRECIPITATION (IN)
  YESTERDAY        0.51         MM      MM   0.10   0.41     1.07
  MONTH TO DATE    2.30                      2.91  -0.61     3.96
  SINCE JUN 1     10.39                     13.97  -3.58    14.63
  SINCE JAN 1     25.37                     29.43  -4.06    30.53

DEGREE DAYS
 HEATING
  YESTERDAY        6                         7     -1        0
  MONTH TO DATE   15                        91    -76       32
  SINCE SEP 1     15                        91    -76       32
  SINCE JUL 1     15                       102    -87       40

 COOLING
  YESTERDAY        0                         1     -1        4
  MONTH TO DATE  177                        78     99      150
  SINCE SEP 1    177                        78     99      150
  SINCE JAN 1   1328                       755    573      868
..................................................................


WIND (MPH)
  HIGHEST WIND SPEED    14   HIGHEST WIND DIRECTION     E (70)
  HIGHEST GUST SPEED    19   HIGHEST GUST DIRECTION     E (70)
  AVERAGE WIND SPEED     4.7


SKY COVER
  POSSIBLE SUNSHINE  MM
  AVERAGE SKY COVER 0.7


WEATHER CONDITIONS
 THE FOLLOWING WEATHER WAS RECORDED YESTERDAY.
  THUNDERSTORM
  RAIN
  LIGHT RAIN
  FOG


RELATIVE HUMIDITY (PERCENT)
 HIGHEST   100           400 AM
 LOWEST     84          1100 AM
 AVERAGE    92

..........................................................


THE ZANESVILLE OH CLIMATE NORMALS FOR TODAY
                         NORMAL    RECORD    YEAR
 MAXIMUM TEMPERATURE (F)   70        94      1953
 MINIMUM TEMPERATURE (F)   47        39      1949


SUNRISE AND SUNSET
SEPTEMBER 30 2016.....SUNRISE   723 AM EDT   SUNSET   711 PM EDT
OCTOBER  1 2016.......SUNRISE   724 AM EDT   SUNSET   709 PM EDT


-  INDICATES NEGATIVE NUMBERS.
R  INDICATES RECORD WAS SET OR TIED.
MM INDICATES DATA IS MISSING.
T  INDICATES TRACE AMOUNT.




$$
