000
CDUS41 KPBZ 080804
CLIZZV


CLIMATE REPORT
NATIONAL WEATHER SERVICE PITTSBURGH PA
304 AM EST THU DEC 8 2016


...................................

...THE ZANESVILLE OH CLIMATE SUMMARY FOR DECEMBER 7 2016...

CLIMATE NORMAL PERIOD 1981 TO 2010
CLIMATE RECORD PERIOD 1946 TO 2016


WEATHER ITEM   OBSERVED TIME   RECORD YEAR NORMAL DEPARTURE LAST
                VALUE   (LST)  VALUE       VALUE  FROM      YEAR
                                                  NORMAL
..................................................................
TEMPERATURE (F)
 YESTERDAY
  MAXIMUM         39    341 PM  70    2004  43     -4       47
  MINIMUM         30    759 AM   3    1977  27      3       26
  AVERAGE         35                        35      0       37

PRECIPITATION (IN)
  YESTERDAY        0.00         MM      MM   0.09  -0.09     0.00
  MONTH TO DATE    0.74                      0.62   0.12     0.41
  SINCE JUN 1     15.10                     20.44  -5.34    19.41
  SINCE JAN 1     30.08                     35.90  -5.82    35.31

DEGREE DAYS
 HEATING
  YESTERDAY       30                        30      0       28
  MONTH TO DATE  193                       203    -10      179
  SINCE DEC 1    193                       203    -10      179
  SINCE JUL 1   1050                      1344   -294     1021

 COOLING
  YESTERDAY        0                         0      0        0
  MONTH TO DATE    0                         0      0        0
  SINCE DEC 1      0                         0      0        0
  SINCE JAN 1   1355                       768    587      874
..................................................................


WIND (MPH)
  HIGHEST WIND SPEED    13   HIGHEST WIND DIRECTION     W (250)
  HIGHEST GUST SPEED    17   HIGHEST GUST DIRECTION     W (280)
  AVERAGE WIND SPEED     5.8


SKY COVER
  POSSIBLE SUNSHINE  MM
  AVERAGE SKY COVER 0.6


WEATHER CONDITIONS
 THE FOLLOWING WEATHER WAS RECORDED YESTERDAY.
  FOG


RELATIVE HUMIDITY (PERCENT)
 HIGHEST    92          1200 AM
 LOWEST     50           300 PM
 AVERAGE    71

..........................................................


THE ZANESVILLE OH CLIMATE NORMALS FOR TODAY
                         NORMAL    RECORD    YEAR
 MAXIMUM TEMPERATURE (F)   43        70      1966
 MINIMUM TEMPERATURE (F)   27         5      1977


SUNRISE AND SUNSET
DECEMBER  8 2016......SUNRISE   737 AM EST   SUNSET   502 PM EST
DECEMBER  9 2016......SUNRISE   738 AM EST   SUNSET   502 PM EST


-  INDICATES NEGATIVE NUMBERS.
R  INDICATES RECORD WAS SET OR TIED.
MM INDICATES DATA IS MISSING.
T  INDICATES TRACE AMOUNT.




$$
