000
CDUS41 KPBZ 190802
CLIZZV


CLIMATE REPORT
NATIONAL WEATHER SERVICE PITTSBURGH PA
302 AM EST SUN NOV 19 2017


...................................

...THE ZANESVILLE OH CLIMATE SUMMARY FOR NOVEMBER 18 2017...

CLIMATE NORMAL PERIOD 1981 TO 2010
CLIMATE RECORD PERIOD 1895 TO 2017


WEATHER ITEM   OBSERVED TIME   RECORD YEAR NORMAL DEPARTURE LAST
                VALUE   (LST)  VALUE       VALUE  FROM      YEAR
                                                  NORMAL
..................................................................
TEMPERATURE (F)
 YESTERDAY
  MAXIMUM         65    530 PM  76    1941  52     13       75
  MINIMUM         40   1159 PM  11    1959  33      7       40
  AVERAGE         53                        42     11       58

PRECIPITATION (IN)
  YESTERDAY        0.60          0.99 1957   0.12   0.48     0.00
  MONTH TO DATE    4.14                      1.83   2.31     0.34
  SINCE JUN 1     21.34                     18.51   2.83    12.90
  SINCE JAN 1     39.46                     33.97   5.49    27.88

DEGREE DAYS
 HEATING
  YESTERDAY       12                        23    -11        7
  MONTH TO DATE  367                       352     15      296
  SINCE SEP 1    689                       828   -139      574
  SINCE JUL 1    693                       839   -146      574

 COOLING
  YESTERDAY        0                         0      0        0
  MONTH TO DATE    2                         0      2        2
  SINCE SEP 1    149                        91     58      204
  SINCE JAN 1    877                       768    109     1355
..................................................................


WIND (MPH)
  HIGHEST WIND SPEED    29   HIGHEST WIND DIRECTION    NW (310)
  HIGHEST GUST SPEED    40   HIGHEST GUST DIRECTION    NW (320)
  AVERAGE WIND SPEED    11.5


SKY COVER
  POSSIBLE SUNSHINE  MM
  AVERAGE SKY COVER 0.9


WEATHER CONDITIONS
 THE FOLLOWING WEATHER WAS RECORDED YESTERDAY.
  RAIN
  LIGHT RAIN
  FOG


RELATIVE HUMIDITY (PERCENT)
 HIGHEST    79           400 AM
 LOWEST     53           200 AM
 AVERAGE    66

..........................................................


THE ZANESVILLE OH CLIMATE NORMALS FOR TODAY
                         NORMAL    RECORD    YEAR
 MAXIMUM TEMPERATURE (F)   51        75      1985
                                             1934
 MINIMUM TEMPERATURE (F)   33        12      2014


SUNRISE AND SUNSET
NOVEMBER 19 2017......SUNRISE   717 AM EST   SUNSET   508 PM EST
NOVEMBER 20 2017......SUNRISE   719 AM EST   SUNSET   508 PM EST


-  INDICATES NEGATIVE NUMBERS.
R  INDICATES RECORD WAS SET OR TIED.
MM INDICATES DATA IS MISSING.
T  INDICATES TRACE AMOUNT.




$$
