293
CDUS41 KPBZ 300701
CLIZZV


CLIMATE REPORT
NATIONAL WEATHER SERVICE PITTSBURGH PA
301 AM EDT MON MAY 30 2016


...................................

...THE ZANESVILLE OH CLIMATE SUMMARY FOR MAY 29 2016...

CLIMATE NORMAL PERIOD 1981 TO 2010
CLIMATE RECORD PERIOD 1946 TO 2016


WEATHER ITEM   OBSERVED TIME   RECORD YEAR NORMAL DEPARTURE LAST
                VALUE   (LST)  VALUE       VALUE  FROM      YEAR
                                                  NORMAL
..................................................................
TEMPERATURE (F)
 YESTERDAY
  MAXIMUM         85    152 PM  90    1991  76      9       84
  MINIMUM         67    552 AM  32    1949  53     14       60
  AVERAGE         76                        64     12       72

PRECIPITATION (IN)
  YESTERDAY        0.00         MM      MM   0.15  -0.15     0.00
  MONTH TO DATE    2.44                      3.90  -1.46     2.36
  SINCE JUN 1     37.31                     37.57  -0.26    38.16
  SINCE JAN 1     14.98                     15.17  -0.19    15.75

DEGREE DAYS
 HEATING
  YESTERDAY        0                         3     -3        0
  MONTH TO DATE  154                       175    -21      109
  SINCE MAR 1    970                      1341   -371     1359
  SINCE JUL 1   4316                      5532  -1216     6016

 COOLING
  YESTERDAY       11                         3      8        7
  MONTH TO DATE   66                        39     27      104
  SINCE MAR 1     74                        48     26      105
  SINCE JAN 1     74                        48     26      105
..................................................................


WIND (MPH)
  HIGHEST WIND SPEED    15   HIGHEST WIND DIRECTION     S (160)
  HIGHEST GUST SPEED    18   HIGHEST GUST DIRECTION     S (170)
  AVERAGE WIND SPEED     3.4


SKY COVER
  POSSIBLE SUNSHINE  MM
  AVERAGE SKY COVER 0.2


WEATHER CONDITIONS
 THE FOLLOWING WEATHER WAS RECORDED YESTERDAY.
  THUNDERSTORM
  FOG
  HAZE


RELATIVE HUMIDITY (PERCENT)
 HIGHEST    93           300 AM
 LOWEST     51          1200 PM
 AVERAGE    72

..........................................................


THE ZANESVILLE OH CLIMATE NORMALS FOR TODAY
                         NORMAL    RECORD    YEAR
 MAXIMUM TEMPERATURE (F)   76        91      1953
 MINIMUM TEMPERATURE (F)   53        34      1961


SUNRISE AND SUNSET
MAY 30 2016...........SUNRISE   602 AM EDT   SUNSET   849 PM EDT
MAY 31 2016...........SUNRISE   601 AM EDT   SUNSET   850 PM EDT


-  INDICATES NEGATIVE NUMBERS.
R  INDICATES RECORD WAS SET OR TIED.
MM INDICATES DATA IS MISSING.
T  INDICATES TRACE AMOUNT.




$$
