445
CDUS41 KPBZ 202214
CLIZZV


CLIMATE REPORT
NATIONAL WEATHER SERVICE PITTSBURGH PA
513 PM EST SAT JAN 20 2018


...................................

...THE ZANESVILLE OH CLIMATE SUMMARY FOR JANUARY 20 2018...
VALID TODAY AS OF 0500 PM LOCAL TIME.

CLIMATE NORMAL PERIOD 1981 TO 2010
CLIMATE RECORD PERIOD 1895 TO 2018


WEATHER ITEM   OBSERVED TIME   RECORD YEAR NORMAL DEPARTURE LAST
                VALUE   (LST)  VALUE       VALUE  FROM      YEAR
                                                  NORMAL
..................................................................
TEMPERATURE (F)
 TODAY
  MAXIMUM         48    357 PM  68    1907  37     11       62
                                      1906
  MINIMUM         30    738 AM -17    1985  20     10       38
  AVERAGE         39                        29     10       50

PRECIPITATION (IN)
  TODAY            0.00          1.28 1898   0.08  -0.08     0.53
  MONTH TO DATE    1.46                      1.77  -0.31     2.32
  SINCE JUN 1     24.32                     24.17   0.15    20.94
  SINCE JAN 1      1.46                      1.77  -0.31     2.32

DEGREE DAYS
 HEATING
  TODAY           26                        36    -10       15
  MONTH TO DATE  893                       720    173      597
  SINCE DEC 1   1954                      1724    230     1573
  SINCE JUL 1   2938                      2865     73     2430

 COOLING
  TODAY            0                         0      0        0
  MONTH TO DATE    0                         0      0        0
  SINCE DEC 1      0                         0      0        0
  SINCE JAN 1      0                         0      0        0
..................................................................


WIND (MPH)
  HIGHEST WIND SPEED    17   HIGHEST WIND DIRECTION    SW (240)
  HIGHEST GUST SPEED    21   HIGHEST GUST DIRECTION    SW (240)
  AVERAGE WIND SPEED     9.1


SKY COVER
  POSSIBLE SUNSHINE  MM
  AVERAGE SKY COVER 0.0


WEATHER CONDITIONS
 THE FOLLOWING WEATHER WAS RECORDED TODAY.
  NO SIGNIFICANT WEATHER WAS OBSERVED.


RELATIVE HUMIDITY (PERCENT)
 HIGHEST    63           700 AM
 LOWEST     42           300 PM
 AVERAGE    53

..........................................................


THE ZANESVILLE OH CLIMATE NORMALS FOR TOMORROW
                         NORMAL    RECORD    YEAR
 MAXIMUM TEMPERATURE (F)   37        73      1906
 MINIMUM TEMPERATURE (F)   20       -22      1984


SUNRISE AND SUNSET
JANUARY 20 2018.......SUNRISE   745 AM EST   SUNSET   533 PM EST
JANUARY 21 2018.......SUNRISE   744 AM EST   SUNSET   534 PM EST


-  INDICATES NEGATIVE NUMBERS.
R  INDICATES RECORD WAS SET OR TIED.
MM INDICATES DATA IS MISSING.
T  INDICATES TRACE AMOUNT.




$$
