000
CDUS41 KPBZ 231227
CLIZZV


CLIMATE REPORT
NATIONAL WEATHER SERVICE PITTSBURGH PA
827 AM EDT SAT AUG 23 2014


...................................

...THE ZANESVILLE OH CLIMATE SUMMARY FOR AUGUST 23 2014...
VALID AS OF 0800 AM LOCAL TIME.

CLIMATE NORMAL PERIOD 1981 TO 2010
CLIMATE RECORD PERIOD 1946 TO 2014


WEATHER ITEM   OBSERVED TIME   RECORD YEAR NORMAL DEPARTURE LAST
                VALUE   (LST)  VALUE       VALUE  FROM      YEAR
                                                  NORMAL
..................................................................
TEMPERATURE (F)
 TODAY
  MINIMUM         68    321 AM  41    1952  60      8       62

PRECIPITATION (IN)
  TODAY            0.00         MM      MM   0.10  -0.10     0.84
  MONTH TO DATE    3.12                      2.40   0.72     4.25
  SINCE JUN 1     13.47                     10.23   3.24    16.93
  SINCE JAN 1     27.80                     25.69   2.11    27.52

DEGREE DAYS
 HEATING
  TODAY            0

 COOLING
  TODAY            5
..................................................................







THE ZANESVILLE OH CLIMATE NORMALS FOR TOMORROW
                         NORMAL    RECORD    YEAR
 MAXIMUM TEMPERATURE (F)   82        94      1968
 MINIMUM TEMPERATURE (F)   60        43      1971


SUNRISE AND SUNSET
AUGUST 23 2014........SUNRISE   647 AM EDT   SUNSET   813 PM EDT
AUGUST 24 2014........SUNRISE   648 AM EDT   SUNSET   811 PM EDT


-  INDICATES NEGATIVE NUMBERS.
R  INDICATES RECORD WAS SET OR TIED.
MM INDICATES DATA IS MISSING.
T  INDICATES TRACE AMOUNT.




$$
