000
CDUS41 KPBZ 272134
CLIZZV


CLIMATE REPORT
NATIONAL WEATHER SERVICE PITTSBURGH PA
533 PM EDT MON MAR 27 2017


...................................

...THE ZANESVILLE OH CLIMATE SUMMARY FOR MARCH 27 2017...
VALID TODAY AS OF 0500 PM LOCAL TIME.

CLIMATE NORMAL PERIOD 1981 TO 2010
CLIMATE RECORD PERIOD 1946 TO 2017


WEATHER ITEM   OBSERVED TIME   RECORD YEAR NORMAL DEPARTURE LAST
                VALUE   (LST)  VALUE       VALUE  FROM      YEAR
                                                  NORMAL
..................................................................
TEMPERATURE (F)
 TODAY
  MAXIMUM         68    222 PM  85    1950  56     12       77
  MINIMUM         50    641 AM  14    2001  33     17       35
  AVERAGE         59                        45     14       56

PRECIPITATION (IN)
  TODAY            0.01         MM      MM   0.11  -0.10     0.00
  MONTH TO DATE    3.61                      2.55   1.06     3.49
  SINCE JUN 1     27.68                     29.78  -2.10    29.78
  SINCE JAN 1      9.06                      7.38   1.68     7.45

DEGREE DAYS
 HEATING
  TODAY            6                        20    -14        9
  MONTH TO DATE  660                       673    -13      425
  SINCE MAR 1    660                       673    -13      425
  SINCE JUL 1   4012                      4864   -852     3771

 COOLING
  TODAY            0                         0      0        0
  MONTH TO DATE    2                         0      2        2
  SINCE MAR 1      2                         0      2        2
  SINCE JAN 1      3                         0      3        2
..................................................................


WIND (MPH)
  HIGHEST WIND SPEED    13   HIGHEST WIND DIRECTION     W (270)
  HIGHEST GUST SPEED    17   HIGHEST GUST DIRECTION     W (260)
  AVERAGE WIND SPEED     5.4


SKY COVER
  POSSIBLE SUNSHINE  MM
  AVERAGE SKY COVER 0.3


WEATHER CONDITIONS
 THE FOLLOWING WEATHER WAS RECORDED TODAY.
  RAIN
  LIGHT RAIN
  FOG


RELATIVE HUMIDITY (PERCENT)
 HIGHEST   100           300 AM
 LOWEST     52           200 PM
 AVERAGE    76

..........................................................


THE ZANESVILLE OH CLIMATE NORMALS FOR TOMORROW
                         NORMAL    RECORD    YEAR
 MAXIMUM TEMPERATURE (F)   56        83      1989
 MINIMUM TEMPERATURE (F)   34        12      1982


SUNRISE AND SUNSET
MARCH 27 2017.........SUNRISE   719 AM EDT   SUNSET   747 PM EDT
MARCH 28 2017.........SUNRISE   718 AM EDT   SUNSET   748 PM EDT


-  INDICATES NEGATIVE NUMBERS.
R  INDICATES RECORD WAS SET OR TIED.
MM INDICATES DATA IS MISSING.
T  INDICATES TRACE AMOUNT.




$$
