000
CXUS55 KABQ 011818
CLMABQ

CLIMATE REPORT
NATIONAL WEATHER SERVICE ALBUQUERQUE NM
513 AM MST WED MAR 1 2017

...................................

...THE ALBUQUERQUE  NM CLIMATE SUMMARY FOR THE MONTH OF FEBRUARY 2017...

CLIMATE NORMAL PERIOD 1981 TO 2010
CLIMATE RECORD PERIOD 1891 TO 2017

WEATHER         OBSERVED          NORMAL  DEPART  LAST YEAR`S
                 VALUE   DATE(S)  VALUE   FROM    VALUE  DATE(S)
                                          NORMAL
................................................................
TEMPERATURE (F)
RECORD
 HIGH              76   02/25/1986
 LOW               -7   02/03/2011
HIGHEST            75   02/10        69       6       75  02/18
LOWEST             24   02/25        15       9       14  02/03
AVG. MAXIMUM     58.4              52.5     5.9     59.8
AVG. MINIMUM     34.1              30.3     3.8     31.0
MEAN             46.2              41.4     4.8     45.4
DAYS MAX >= 90      0               0.0     0.0        0
DAYS MAX <= 32      0               0.3    -0.3        0
DAYS MIN <= 32     13              16.7    -3.7       19
DAYS MIN <= 0       0               0.0     0.0        0

PRECIPITATION (INCHES)
RECORD
 MAXIMUM         1.82   1993
 MINIMUM            T   2009
                        2006
                        1999
TOTALS           0.35              0.48   -0.13     0.05
DAILY AVG.       0.01              0.02   -0.01     0.00
DAYS >= .01         4               3.8     0.2        2
DAYS >= .10         1               1.5    -0.5        0
DAYS >= .50         0               0.2    -0.2        0
DAYS >= 1.00        0               0.0     0.0        0
GREATEST
 24 HR. TOTAL    0.23   02/12 TO 02/13              0.03

SNOWFALL (INCHES)
RECORDS
 TOTAL           10.3   1986
TOTALS            1.6               1.8    -0.2      0.4
SINCE 7/1         2.9               7.9    -5.0      9.8
SNOWDEPTH AVG.      0                MM      MM        0
DAYS >= 1.0         1               0.7     0.3        0
GREATEST
 SNOW DEPTH         1   02/13                          0  MM
 24 HR TOTAL      1.1   MM                           0.2

DEGREE_DAYS
HEATING TOTAL     519               661    -142      564
 SINCE 7/1       2682              3303    -621     3010
COOLING TOTAL       0                 0       0        0
 SINCE 1/1          0                 0       0        0
.................................................................

WIND (MPH)
AVERAGE WIND SPEED              7.8
HIGHEST WIND SPEED/DIRECTION    45/260    DATE  02/28
HIGHEST GUST SPEED/DIRECTION    58/270    DATE  02/28

SKY COVER
POSSIBLE SUNSHINE (PERCENT)   MM
AVERAGE SKY COVER           0.50
NUMBER OF DAYS FAIR            8
NUMBER OF DAYS PC             14
NUMBER OF DAYS CLOUDY          6

AVERAGE RH (PERCENT)     48

WEATHER CONDITIONS. NUMBER OF DAYS WITH
THUNDERSTORM              0     MIXED PRECIP               0
HEAVY RAIN                0     RAIN                       1
LIGHT RAIN                3     FREEZING RAIN              0
LT FREEZING RAIN          0     HAIL                       0
HEAVY SNOW                0     SNOW                       1
LIGHT SNOW                3     SLEET                      1
FOG                       4     FOG W/VIS <= 1/4 MILE      0
HAZE                      1

-  INDICATES NEGATIVE NUMBERS.
R  INDICATES RECORD WAS SET OR TIED.
MM INDICATES DATA IS MISSING.
T  INDICATES TRACE AMOUNT.

-------------------------------------------------------------------

THE AVERAGE MAXIMUM TEMPERATURE AT THE ALBUQUERQUE SUNPORT IN
FEBRUARY 2017 WAS 58.4 DEGREES WHICH IS 5.9 DEGREES ABOVE NORMAL.
THE AVERAGE MINIMUM TEMPERATURE FOR THE MONTH WAS 34.1 DEGREES WHICH
IS 3.8 DEGREES ABOVE NORMAL.

THE HIGHEST TEMPERATURE FOR THE MONTH WAS 75 DEGREES WHICH OCCURRED
ON THE 10TH. THE LOWEST TEMPERATURE FOR THE MONTH WAS 24 DEGREES
WHICH OCCURRED ON THE 25TH.

TOTAL PRECIPITATION FOR THE MONTH WAS 0.35 INCHES WHICH IS MINUS
0.13 INCH BELOW NORMAL. TOTAL SNOWFALL FOR THE MONTH WAS 1.6 INCHES
WHICH IS MINUS 0.2 INCH BELOW NORMAL.

AVERAGE WIND SPEED FOR THE MONTH WAS 7.8 MPH. THE PEAK WIND GUST FOR
THE MONTH WAS 58 MPH FROM THE WEST, WHICH OCCURRED ON THE 28TH.

$$
