000
CXUS54 KFWD 010838
CLMACT


CLIMATE REPORT
NATIONAL WEATHER SERVICE FORT WORTH TX
231 AM CST THU FEB 1 2018

...................................

...THE WACO CLIMATE SUMMARY FOR THE MONTH OF JANUARY 2018...

CLIMATE NORMAL PERIOD 1981 TO 2010
CLIMATE RECORD PERIOD 1901 TO 2018

WEATHER         OBSERVED          NORMAL  DEPART  LAST YEAR`S
                 VALUE   DATE(S)  VALUE   FROM    VALUE  DATE(S)
                                          NORMAL
................................................................
TEMPERATURE (F)
RECORD
 HIGH              90   01/23/1943
                        01/30/1911
 LOW               -5   01/31/1949
HIGHEST            73   01/31        78      -5       81  01/10
LOWEST              8   01/17        19     -11       12  01/07
AVG. MAXIMUM     57.7              58.2    -0.5     63.5
AVG. MINIMUM     30.5              36.1    -5.6     39.5
MEAN             44.1              47.2    -3.1     51.5
DAYS MAX >= 90      0               0.0     0.0        0
DAYS MAX <= 32      3               0.4     2.6        1
DAYS MAX >= 100     0                                  0
DAYS MIN <= 32     19              11.3     7.7        6
DAYS MIN <= 0       0               0.0     0.0        0
DAYS MIN >= 80      0                                  0

PRECIPITATION (INCHES)
RECORD
 MAXIMUM         6.56   1932
 MINIMUM         0.00   1912
TOTALS           0.31              2.12   -1.81     3.11
DAILY AVG.       0.01              0.07   -0.06     0.10
DAYS >= .01         4               7.1    -3.1        7
DAYS >= .10         1               4.1    -3.1        5
DAYS >= .50         0               1.4    -1.4        3
DAYS >= 1.00        0               0.4    -0.4        0
GREATEST
 24 HR. TOTAL    0.15   01/15 TO 01/15              1.45

SNOWFALL (INCHES)
RECORDS
 TOTAL            8.0   1926
 24 HR TOTAL      8.0   01/24/1926 TO 01/24/1926
TOTALS              T               0.3    -0.3      0.0
SINCE 7/1           T               0.4    -0.4        T
SNOWDEPTH AVG.      0                MM      MM        0
DAYS >= TRACE       2                                  0
DAYS >= 1.0         0               0.0     0.0        0
GREATEST
 SNOW DEPTH         T   01/01                          0  MM
 24 HR TOTAL        T   01/16 TO 01/16               0.0

DEGREE_DAYS
HEATING TOTAL     641               556      85      419
 SINCE 7/1       1406              1408      -2     1002
COOLING TOTAL       0                 3      -3        9
 SINCE 1/1          0                 0       0        9
.................................................................

WIND (MPH)
AVERAGE WIND SPEED              9.6
HIGHEST WIND SPEED/DIRECTION    33/360    DATE  01/15
HIGHEST GUST SPEED/DIRECTION    45/330    DATE  01/11

SKY COVER
POSSIBLE SUNSHINE (PERCENT)   MM
AVERAGE SKY COVER           0.30
NUMBER OF DAYS FAIR           18
NUMBER OF DAYS PC              6
NUMBER OF DAYS CLOUDY          7

AVERAGE RH (PERCENT)     62

WEATHER CONDITIONS. NUMBER OF DAYS WITH
THUNDERSTORM              0     MIXED PRECIP               0
HEAVY RAIN                1     RAIN                       1
LIGHT RAIN                6     FREEZING RAIN              1
LT FREEZING RAIN          1     HAIL                       0
HEAVY SNOW                0     SNOW                       0
LIGHT SNOW                2     SLEET                      1
FOG                      10     FOG W/VIS <= 1/4 MILE      1
HAZE                      1

-  INDICATES NEGATIVE NUMBERS.
R  INDICATES RECORD WAS SET OR TIED.
MM INDICATES DATA IS MISSING.
T  INDICATES TRACE AMOUNT.

$$
