000
CXAK58 PADQ 011403
CLMADQ

CLIMATE REPORT
NATIONAL WEATHER SERVICE KODIAK, AK
603 AM AKDT MON JUN 1 2015

...................................

...THE KODIAK AP CLIMATE SUMMARY FOR THE MONTH OF MAY 2015...

CLIMATE NORMAL PERIOD 1981 TO 2010
CLIMATE RECORD PERIOD 1949 TO 2015

WEATHER         OBSERVED          NORMAL  DEPART  LAST YEAR`S
                 VALUE   DATE(S)  VALUE   FROM    VALUE  DATE(S)
                                          NORMAL
................................................................
TEMPERATURE (F)
RECORD
 HIGH              80   5/12/1968
 LOW               20   5/03/1949
HIGHEST            67   5/30         63       4      77  5/17
LOWEST             32                30       2      34  5/16
AVG. MAXIMUM       51.5              49.9     1.6    58.6
AVG. MINIMUM       42.4              38.7     3.7    42.0
MEAN               47.0              44.3     2.7    50.3
DAYS MAX >= 90      0                 0.0     0.0     0
DAYS MAX <= 32      0                 0.0     0.0     0
DAYS MAX >= 80      0                 0.0     0.0     0
DAYS MAX >= 70      0                 0.2    -0.2     2
DAYS MIN <= 32      1                 3.2    -2.2     0
DAYS MIN <= 0       0                 0.0     0.0     0

PRECIPITATION (INCHES)
RECORD
 MAXIMUM           14.05   2008
 MINIMUM            1.00   1964
TOTALS              6.03              5.62    0.41    1.19
DAILY AVG.          0.19              0.18    0.01    0.04
DAYS >= .01        16                16.4    -0.4     7
DAYS >= .10         9                 9.9    -0.9     3
DAYS >= .50         4                 3.8     0.2     1
DAYS >= 1.0         3                 1.5     1.5     0
GREATEST
 24 HR TOTAL        1.48   5/14                       0.75  5/30

SNOWFALL (INCHES)
RECORDS
 TOTAL              6.0   1971
 24 HR TOTAL        4.0   5-01-1968
 SNOW DEPTH         4     5-01-1968
TOTALS              0.0               0.2    -0.2     0.0
SINCE 7/1          20.1              75.1   -55.0     0.0
SNOWDEPTH AVG.      0                 0       0       0
DAYS >= TRACE       0                 2.1    -2.1     0
DAYS >= 1.0         0                 0.1    -0.1     0
DAYS >= 6.0         0                 0.0     0.0     0
GREATEST
 SNOW DEPTH         0   MM                            0  MM
 24 HR TOTAL      0.0   MM                          0.0  MM

DEGREE_DAYS
HEATING TOTAL     552               642     -90     454
 SINCE 7/1       7119              8334   -1215    7477
COOLING TOTAL       0                 0       0       4
 SINCE 1/1          0                 0       0       4
................................................................

WIND (MPH)
AVERAGE WIND SPEED                9.5
HIGHEST WIND SPEED/DIRECTION     28/140    DATE   05/15
HIGHEST GUST SPEED/DIRECTION     39/280    DATE    05/8

SKY COVER
POSSIBLE SUNSHINE (PERCENT)   MM
AVERAGE SKY COVER             MM
NUMBER OF DAYS FAIR           MM
NUMBER OF DAYS PC             MM
NUMBER OF DAYS CLOUDY         MM

AVERAGE RH (PERCENT)     MM

WEATHER CONDITIONS. NUMBER OF DAYS WITH
THUNDERSTORM              0     ICE PELLETS                 0
RAIN                     22     GLAZE                       0
DRIZZLE                   0     HAIL                        0
SNOW                      0     HAZE                        1
FOG                      22     FOG W/VIS <= 1/4 MILE       0
BLOWING SNOW              0


-  INDICATES NEGATIVE NUMBERS.
R  INDICATES RECORD WAS SET OR TIED.
MM INDICATES DATA IS MISSING.
T  INDICATES TRACE AMOUNT.

&&


$$
LRM JUN 15
