395
CXAK58 PADQ 011456
CLMADQ

CLIMATE REPORT
NATIONAL WEATHER SERVICE KODIAK, AK
656 AM AKDT THU SEP 1 2016

...................................

...THE KODIAK AP CLIMATE SUMMARY FOR THE MONTH OF AUGUST 2016...

CLIMATE NORMAL PERIOD 1981 TO 2010
CLIMATE RECORD PERIOD 1913 TO 2016

WEATHER         OBSERVED          NORMAL  DEPART  LAST YEAR`S
                 VALUE   DATE(S)  VALUE   FROM    VALUE  DATE(S)
                                          NORMAL
................................................................
TEMPERATURE (F)
RECORD
 HIGH              83   8/05/1968
 LOW               34   8/29/1998
HIGHEST            78   8/29         72       6      74  8/02
LOWEST             45   8/31         40       5      45  8/20
AVG. MAXIMUM       64.8              61.3     3.6    65.2
AVG. MINIMUM       52.9              48.9     4.0    52.2
MEAN               58.9              55.2     3.7    58.7
DAYS MAX >= 90      0                 0.0     0.0     0
DAYS MAX <= 32      0                 0.0     0.0     0
DAYS MAX >= 80      0                 0.0     0.0     0
DAYS MAX >= 70      6                 2.7     3.3     7
DAYS MIN <= 32      0                 0.0     0.0     0
DAYS MIN <= 0       0                 0.0     0.0     0

PRECIPITATION (INCHES)
RECORD
 MAXIMUM           11.13   1977
 MINIMUM            0.65   1987
TOTALS              3.28              4.56   -1.28    2.01
DAILY AVG.          0.11              0.15   -0.04    0.06
DAYS >= .01        19                14.1     4.9     7
DAYS >= .10        11                 7.7     3.3     5
DAYS >= .50         2                 2.8    -0.8     1
DAYS >= 1.0         0                 1.3    -1.3     0
GREATEST
 24 HR TOTAL        0.81   8/17                       0.86  8/04

SNOWFALL (INCHES)
RECORDS
 TOTAL              0.0   1949
 24 HR TOTAL        0.0   8-31-2016
 SNOW DEPTH         0     8-31-2016
TOTALS              0.0               0.0     0.0     0.0
SINCE 7/1           0.0               0.0     0.0     0.0
SNOWDEPTH AVG.      0                 0       0       0
DAYS >= TRACE       0                 0.0     0.0     0
DAYS >= 1.0         0                 0.0     0.0     0
DAYS >= 6.0         0                 0.0     0.0     0
GREATEST
 SNOW DEPTH         0   MM                            0  MM
 24 HR TOTAL      0.0   MM                          0.0  MM

DEGREE_DAYS
HEATING TOTAL     191               304    -113     187
 SINCE 7/1        362               630    -268     414
COOLING TOTAL       9                 0       9       0
 SINCE 1/1         29                 0      29       1
................................................................

WIND (MPH)
AVERAGE WIND SPEED                6.9
HIGHEST WIND SPEED/DIRECTION     29/060    DATE   08/17
HIGHEST GUST SPEED/DIRECTION     34/140    DATE   08/21

SKY COVER
POSSIBLE SUNSHINE (PERCENT)   MM
AVERAGE SKY COVER             MM
NUMBER OF DAYS FAIR           MM
NUMBER OF DAYS PC             MM
NUMBER OF DAYS CLOUDY         MM

AVERAGE RH (PERCENT)     MM

WEATHER CONDITIONS. NUMBER OF DAYS WITH
THUNDERSTORM              0     ICE PELLETS                 0
RAIN                     21     GLAZE                       0
DRIZZLE                   0     HAIL                        0
SNOW                      0     HAZE                        2
FOG                      18     FOG W/VIS <= 1/4 MILE       2
BLOWING SNOW              0


-  INDICATES NEGATIVE NUMBERS.
R  INDICATES RECORD WAS SET OR TIED.
MM INDICATES DATA IS MISSING.
T  INDICATES TRACE AMOUNT.

&&
....WARMER AND DRIER AUGUST...

THE AVERAGE TEMPERATURE FOR KODIAK WAS 58.9 RESULTING IN A PLUS 3.6
DEPARTURE FROM NORMAL. KODIAK HAD 6 DAYS WHERE THE MAX TEMPERATURE
REACHED THE 70S AND NUMEROUS IN THE 60S.

AUGUST WAS ALSO DRIER THAN NORMAL WITH A DEPARTURE FROM NORMAL
OF MINUS 1.28 INCHES.

$$
JTS SEP 16
