000
CXUS42 KFFC 031513
CLMAHN


CLIMATE REPORT
NATIONAL WEATHER SERVICE PEACHTREE CITY GA
1113 AM EDT TUE MAY 3 2016

...................................

...THE ATHENS CLIMATE SUMMARY FOR THE MONTH OF APRIL 2016...

CLIMATE NORMAL PERIOD 1981 TO 2010
CLIMATE RECORD PERIOD 1898 TO 2016

WEATHER         OBSERVED          NORMAL  DEPART  LAST YEAR`S
                 VALUE   DATE(S)  VALUE   FROM    VALUE  DATE(S)
                                          NORMAL
................................................................
TEMPERATURE (F)
RECORD
 HIGH              97   04/24/1925
 LOW               26   04/03/1992
HIGHEST            90   04/29        93      -3       89  04/08
LOWEST             34   04/10        26       8       41  04/24
AVG. MAXIMUM     76.0              74.0     2.0     75.4
AVG. MINIMUM     50.8              49.3     1.5     54.7
MEAN             63.4              61.7     1.7     65.1
DAYS MAX >= 90      1               0.2     0.8        0
DAYS MAX <= 32      0               0.0     0.0        0
DAYS MIN <= 32      0               0.4    -0.4        0
DAYS MIN <= 0       0               0.0     0.0        0

PRECIPITATION (INCHES)
RECORD
 MAXIMUM         8.01   2015
 MINIMUM         1.36   2012
TOTALS           2.57              3.15   -0.58     8.01
DAILY AVG.       0.09              0.11   -0.02     0.27
GREATEST
 24 HR. TOTAL    1.28   04/01 TO 04/01           04/13 TO 04/14
                                                          04/30 TO 04/30
                                                          04/30 TO 04/30

SNOWFALL (INCHES)
RECORDS
 TOTAL             MM   MM
 24 HR TOTAL       MM
TOTALS            0.0               0.0     0.0      0.0
SINCE 7/1         0.1               2.9    -2.8        T
SNOWDEPTH AVG.      0                MM      MM        0
DAYS >= TRACE       0               0.0     0.0        0
DAYS >= 1.0         0               0.0     0.0        0
GREATEST
 24 HR TOTAL      0.0   04/30 TO 04/30           04/30 TO 04/30
                                                          04/30 TO 04/30
                                                          04/30 TO 04/30

DEGREE_DAYS
HEATING TOTAL     110               148     -38       62
 SINCE 7/1       2140              2743    -603     2821
COOLING TOTAL      70                47      23       72
 SINCE 1/1        107                58      49       79
.................................................

WIND (MPH)
AVERAGE WIND SPEED              5.0
HIGHEST WIND SPEED/DIRECTION    24/300    DATE  04/09
HIGHEST GUST SPEED/DIRECTION    38/270    DATE  04/07

SKY COVER
POSSIBLE SUNSHINE (PERCENT)   MM
AVERAGE SKY COVER           0.30
NUMBER OF DAYS FAIR           17
NUMBER OF DAYS PC             11
NUMBER OF DAYS CLOUDY          2

AVERAGE RH (PERCENT)     63

WEATHER CONDITIONS. NUMBER OF DAYS WITH
THUNDERSTORM              0     MIXED PRECIP               0
HEAVY RAIN                4     RAIN                       6
LIGHT RAIN               11     FREEZING RAIN              0
LT FREEZING RAIN          0     HAIL                       0
HEAVY SNOW                0     SNOW                       0
LIGHT SNOW                0     SLEET                      0
FOG                      10     FOG W/VIS <= 1/4 MILE      0
HAZE                      0

-  INDICATES NEGATIVE NUMBERS.
R  INDICATES RECORD WAS SET OR TIED.
MM INDICATES DATA IS MISSING.
T  INDICATES TRACE AMOUNT.

$$
