000
CXUS55 KPUB 011550
CLMALS


CLIMATE REPORT
NATIONAL WEATHER SERVICE PUEBLO
947 AM MDT TUE SEP 1 2015

...................................

...THE ALAMOSA CO CLIMATE SUMMARY FOR THE MONTH OF AUGUST 2015...

CLIMATE NORMAL PERIOD 1981 TO 2010
CLIMATE RECORD PERIOD 1932 TO 2015

WEATHER         OBSERVED          NORMAL  DEPART  LAST YEAR`S
                 VALUE   DATE(S)  VALUE   FROM    VALUE  DATE(S)
                                          NORMAL
................................................................
TEMPERATURE (F)
RECORD
 HIGH              91   08/17/2002
 LOW               30   08/25/2002
                        08/28/1964
                        08/25/1962
HIGHEST            88   08/14        81       7       85  08/18
                        08/15                             08/17
LOWEST             35   08/24        42      -7       35  08/29
AVG. MAXIMUM     82.5              79.5     3.0     78.8
AVG. MINIMUM     45.5              45.9    -0.4     44.5
MEAN             64.0              62.7     1.3     61.7
DAYS MAX >= 90      0               0.0     0.0
DAYS MAX <= 32      0               0.0     0.0
DAYS MIN <= 32      0               0.1    -0.1
DAYS MIN <= 0       0               0.0     0.0

PRECIPITATION (INCHES)
RECORD
 MAXIMUM         5.40   1993
 MINIMUM         0.11   1944
TOTALS           0.50              1.27   -0.77     0.53
DAILY AVG.       0.02              0.04   -0.02
DAYS >= .01         8              10.0    -2.0
DAYS >= .10         1               3.6    -2.6
DAYS >= .50         0               0.5    -0.5
DAYS >= 1.00        0               0.1    -0.1
GREATEST
 24 HR. TOTAL    0.26   08/25 TO 08/26

SNOWFALL (INCHES)
RECORDS
 TOTAL            0.0
TOTALS            0.0               0.0     0.0      0.0
SINCE 7/1         0.0               0.0     0.0      0.0
SNOWDEPTH AVG.      0
DAYS >= 1.0         0               0.0     0.0
GREATEST
 SNOW DEPTH         0                                  0
 24 HR TOTAL      0.0                                0.0

DEGREE_DAYS
HEATING TOTAL      48                84     -36       99
 SINCE 7/1         92               129     -37      121
COOLING TOTAL      25                13      12        3
 SINCE 1/1         74                51      23       60
.................................................................

WIND (MPH)
AVERAGE WIND SPEED              6.0
HIGHEST WIND SPEED/DIRECTION    39/210    DATE  08/26
HIGHEST GUST SPEED/DIRECTION    52/210    DATE  08/26

SKY COVER
POSSIBLE SUNSHINE (PERCENT)   MM
AVERAGE SKY COVER           0.20
NUMBER OF DAYS FAIR           26
NUMBER OF DAYS PC              5
NUMBER OF DAYS CLOUDY          0

AVERAGE RH (PERCENT)     54

WEATHER CONDITIONS. NUMBER OF DAYS WITH
THUNDERSTORM              6     MIXED PRECIP               0
HEAVY RAIN                2     RAIN                       3
LIGHT RAIN               14     FREEZING RAIN              0
LT FREEZING RAIN          0     HAIL                       0
HEAVY SNOW                0     SNOW                       0
LIGHT SNOW                0     SLEET                      0
FOG                       6     FOG W/VIS <= 1/4 MILE      2
HAZE                      2

-  INDICATES NEGATIVE NUMBERS.
R  INDICATES RECORD WAS SET OR TIED.
MM INDICATES DATA IS MISSING.
T  INDICATES TRACE AMOUNT.

$$
