000
CXUS54 KAMA 010838
CLMAMA

CLIMATE REPORT
NATIONAL WEATHER SERVICE AMARILLO TX
339 AM CDT WED NOV 1 2017

...................................

...THE AMARILLO CLIMATE SUMMARY FOR THE MONTH OF OCTOBER 2017...

CLIMATE NORMAL PERIOD 1981 TO 2010
CLIMATE RECORD PERIOD 1892 TO 2017

WEATHER         OBSERVED          NORMAL  DEPART  LAST YEAR`S
                 VALUE   DATE(S)  VALUE   FROM    VALUE  DATE(S)
                                          NORMAL
................................................................
TEMPERATURE (F)
RECORD
 HIGH              99   10/03/2000
 LOW               12   10/30/1993
HIGHEST            87   10/13                         98  10/16
LOWEST             28   10/28                         36  10/07
AVG. MAXIMUM     72.5              71.9     0.6     81.6
AVG. MINIMUM     45.3              44.7     0.6     49.7
MEAN             58.9              58.3     0.6     65.7
DAYS MAX >= 90      0               0.6    -0.6        5
DAYS MAX <= 32      0               0.1    -0.1        0
DAYS MIN <= 32      2               1.6     0.4        0
DAYS MIN <= 0       0               0.0     0.0        0

PRECIPITATION (INCHES)
RECORD
 MAXIMUM         7.64   1941
 MINIMUM         0.00   1952
TOTALS           2.20              1.66    0.54     0.13
DAILY AVG.       0.07              0.05    0.02     0.00
DAYS >= .01         6               5.3     0.7        1
DAYS >= .10         4               3.1     0.9        1
DAYS >= .50         2               1.2     0.8        0
DAYS >= 1.00        1               0.3     0.7        0
GREATEST
 24 HR. TOTAL    1.04   10/05 TO 10/05

SNOWFALL (INCHES)
RECORDS
 TOTAL            9.0   1906
TOTALS            0.0               0.2    -0.2      0.0
SINCE 7/1           T               0.2    -0.2        T
DAYS >= TRACE       0               0.1    -0.1        0
DAYS >= 1.0         0               0.1    -0.1        0
GREATEST
 SNOW DEPTH         0
 24 HR TOTAL      0.0


DEGREE_DAYS
HEATING TOTAL     224               236     -12       77
 SINCE 7/1        268               280     -12       86
COOLING TOTAL      41                28      13      105
 SINCE 1/1       1479              1398      81     1691
.................................................................

WIND (MPH)
AVERAGE WIND SPEED              14.1
HIGHEST WIND SPEED/DIRECTION    41/010    DATE  10/14
HIGHEST GUST SPEED/DIRECTION    52/010    DATE  10/14

SKY COVER
POSSIBLE SUNSHINE (PERCENT)   MM
NUMBER OF DAYS FAIR           23
NUMBER OF DAYS PC              4
NUMBER OF DAYS CLOUDY          4

AVERAGE RH (PERCENT)     60

WEATHER CONDITIONS. NUMBER OF DAYS WITH
THUNDERSTORM              4     MIXED PRECIP               0
HEAVY RAIN                3     RAIN                       4
LIGHT RAIN               10     FREEZING RAIN              0
LT FREEZING RAIN          0     HAIL                       0
HEAVY SNOW                0     SNOW                       0
LIGHT SNOW                0     SLEET                      0
FOG                       7     FOG W/VIS <= 1/4 MILE      0
HAZE                      1

-  INDICATES NEGATIVE NUMBERS.
R  INDICATES RECORD WAS SET OR TIED.
MM INDICATES DATA IS MISSING.
T  INDICATES TRACE AMOUNT.

$$
