000
CXUS53 KAPX 011744
CLMANJ

CLIMATE REPORT...CORRECTED GREATEST SNOW DEPTH
NATIONAL WEATHER SERVICE GAYLORD MI
144 PM EDT WED NOV 1 2017

...................................

...THE SAULT STE MARIE MI CLIMATE SUMMARY FOR THE MONTH OF OCTOBER 2017...

CLIMATE NORMAL PERIOD 1981 TO 2010
CLIMATE RECORD PERIOD 1888 TO 2017

WEATHER         OBSERVED          NORMAL  DEPART  LAST YEAR`S
                 VALUE   DATE(S)  VALUE   FROM    VALUE  DATE(S)
                                          NORMAL
................................................................
TEMPERATURE (F)
RECORD
 HIGH              82   10/04/1922
 LOW               15   10/30/1925
HIGHEST            75   10/03        MM      MM       72  10/07
LOWEST             29   10/26        MM      MM       29  10/26
AVG. MAXIMUM     59.5              53.3     6.2     57.3
AVG. MINIMUM     43.4              37.8     5.6     41.8
MEAN             51.4              45.6     5.8     49.6
DAYS MAX >= 90      0               0.0     0.0        0
DAYS MAX <= 32      0               0.2    -0.2        0
DAYS MIN <= 32      4               6.9    -2.9        4
DAYS MIN <= 0       0               0.0     0.0        0

PRECIPITATION (INCHES)
RECORD
 MAXIMUM           MM   MM
 MINIMUM           MM   MM
TOTALS           6.60              3.80    2.80     3.29
DAILY AVG.       0.21              0.12    0.09     0.11
DAYS >= .01        14              15.5    -1.5       16
DAYS >= .10        11               9.5     1.5        9
DAYS >= .50         5               2.0     3.0        1
DAYS >= 1.00        3               0.6     2.4        1
GREATEST
 24 HR. TOTAL    1.39   10/24 TO 10/24
 STORM TOTAL       MM
 (MM/DD(HH))            MM

SNOWFALL (INCHES)
RECORDS
 TOTAL             MM   MM
TOTALS            0.7               1.6    -0.9      0.0
SINCE 7/1         0.7               1.6    -0.9      0.0
SNOWDEPTH AVG.      0                MM      MM        0
DAYS >= TRACE       3               2.2     0.8        0
DAYS >= 1.0         0               0.5    -0.5        0
GREATEST
 SNOW DEPTH         T   10/31                          0  MM
 24 HR TOTAL      0.7   10/31 TO 10/31               0.0

DEGREE_DAYS
HEATING TOTAL     413               604    -191
 SINCE 7/1        633              1005    -372
COOLING TOTAL       4                 1       3
 SINCE 1/1        214               196      18

FREEZE DATES
RECORD
 EARLIEST     MM
 LATEST       MM
EARLIEST      10/16             MM
LATEST                          MM
.................................................................

WIND (MPH)
AVERAGE WIND SPEED              7.3
HIGHEST WIND SPEED/DIRECTION    31/200    DATE  10/18
HIGHEST GUST SPEED/DIRECTION    39/150    DATE  10/24

SKY COVER
POSSIBLE SUNSHINE (PERCENT)   MM
AVERAGE SKY COVER           0.50
NUMBER OF DAYS FAIR           12
NUMBER OF DAYS PC              8
NUMBER OF DAYS CLOUDY         11

AVERAGE RH (PERCENT)     75

WEATHER CONDITIONS. NUMBER OF DAYS WITH
THUNDERSTORM              0     MIXED PRECIP               0
HEAVY RAIN                7     RAIN                       9
LIGHT RAIN               15     FREEZING RAIN              0
LT FREEZING RAIN          0     HAIL                       0
HEAVY SNOW                0     SNOW                       1
LIGHT SNOW                3     SLEET                      0
FOG                      20     FOG W/VIS <= 1/4 MILE      3
HAZE                      1

-  INDICATES NEGATIVE NUMBERS.
R  INDICATES RECORD WAS SET OR TIED.
MM INDICATES DATA IS MISSING.
T  INDICATES TRACE AMOUNT.

$$
