000
CXUS52 KMFL 011905 CCA
CLMAPF

CLIMATE REPORT...CORRECTED
NATIONAL WEATHER SERVICE MIAMI, FL
204 PM EST MON FEB 1 2016

...................................

...THE NAPLES CLIMATE SUMMARY FOR THE MONTH OF JANUARY 2016...

CLIMATE NORMAL PERIOD 1981 TO 2010
CLIMATE RECORD PERIOD 1942 TO 2016

WEATHER         OBSERVED          NORMAL  DEPART  LAST YEAR`S
                 VALUE   DATE(S)  VALUE   FROM    VALUE  DATE(S)
                                          NORMAL
................................................................
TEMPERATURE (F)
RECORD
 HIGH              88   01/21/1990
                        01/20/1990
                        01/31/1975
 LOW               26   01/12/1982
                        01/20/1977
HIGHEST            84   01/01                         85  01/03
LOWEST             44   01/25                         48  01/25
                                                          01/08
AVG. MAXIMUM     73.1              74.7    -1.6     76.3
AVG. MINIMUM     57.3              54.2     3.1     58.5
MEAN             65.2              64.5     0.7     67.4
DAYS MAX >= 90      0                                  0
DAYS MAX <= 32      0                                  0
DAYS MIN <= 32      0                                  0
DAYS MIN <= 0       0                                  0

PRECIPITATION (INCHES)
RECORD
 MAXIMUM         9.40   1991
 MINIMUM         0.00   1949
TOTALS           7.54              1.85    5.69     0.10
DAILY AVG.       0.24              0.06    0.18     0.00
DAYS >= .01        10                                  2
DAYS >= .10         9                                  0
DAYS >= .50         5                                  0
DAYS >= 1.00        2                                  0
GREATEST
 24 HR. TOTAL    2.74   01/27 TO 01/27              0.09

DEGREE_DAYS
HEATING TOTAL      67               102     -35       37
 SINCE 7/1         67               180    -113      117
COOLING TOTAL      80                86      -6      117
 SINCE 1/1         80                88      -8      117
.................................................................

WIND (MPH)
AVERAGE WIND SPEED              8.1
HIGHEST WIND SPEED/DIRECTION    54/220    DATE  01/17
HIGHEST GUST SPEED/DIRECTION    82/200    DATE  01/17

SKY COVER
POSSIBLE SUNSHINE (PERCENT)   MM
AVERAGE SKY COVER           0.40
NUMBER OF DAYS FAIR           13
NUMBER OF DAYS PC             14
NUMBER OF DAYS CLOUDY          4

AVERAGE RH (PERCENT)     70

WEATHER CONDITIONS. NUMBER OF DAYS WITH
THUNDERSTORM              6     MIXED PRECIP               0
HEAVY RAIN                8     RAIN                       9
LIGHT RAIN               14     FREEZING RAIN              0
LT FREEZING RAIN          0     HAIL                       0
HEAVY SNOW                0     SNOW                       0
LIGHT SNOW                0     SLEET                      0
FOG                      16     FOG W/VIS <= 1/4 MILE      5
HAZE                      7

-  INDICATES NEGATIVE NUMBERS.
R  INDICATES RECORD WAS SET OR TIED.
MM INDICATES DATA IS MISSING.
T  INDICATES TRACE AMOUNT.

$$

CORRECTED THUNDERSTORM DAYS.
