000
CXUS52 KMFL 011411
CLMAPF


CLIMATE REPORT
NATIONAL WEATHER SERVICE MIAMI, FL
1008 AM EDT SAT JUL 1 2017

...................................

...THE NAPLES CLIMATE SUMMARY FOR THE MONTH OF JUNE 2017...

CLIMATE NORMAL PERIOD 1981 TO 2010
CLIMATE RECORD PERIOD 1942 TO 2017

WEATHER         OBSERVED          NORMAL  DEPART  LAST YEAR`S
                 VALUE   DATE(S)  VALUE   FROM    VALUE  DATE(S)
                                          NORMAL
................................................................
TEMPERATURE (F)
RECORD
 HIGH              98   06/06/1985
                        06/05/1985
                        06/12/1981
 LOW               61   06/04/1955
HIGHEST            94   06/22                         93  06/19
                                                          06/03
LOWEST             73   06/14                         71  06/26
                        06/07
AVG. MAXIMUM     89.6              89.9    -0.3     89.8
AVG. MINIMUM     76.0              73.9     2.1     75.6
MEAN             82.8              81.9     0.9     82.7
DAYS MAX >= 90     17                                 20
DAYS MAX <= 32      0                                  0
DAYS MIN <= 32      0                                  0
DAYS MIN <= 0       0                                  0

PRECIPITATION (INCHES)
RECORD
 MAXIMUM        21.28   2005
 MINIMUM         0.91   1980
TOTALS          14.63              8.82    5.81     4.91
DAILY AVG.       0.49              0.29    0.20     0.16
DAYS >= .01        20                                 15
DAYS >= .10        17                                 10
DAYS >= .50         9                                  5
DAYS >= 1.00        5                                  0
GREATEST
 24 HR. TOTAL    3.37   06/06 TO 06/06              1.12

DEGREE_DAYS
HEATING TOTAL       0                 0       0        0
 SINCE 7/1         67               260    -193      142
COOLING TOTAL     541               507      34      539
 SINCE 1/1       1885              1535     350     1723
.................................................................

WIND (MPH)
AVERAGE WIND SPEED              7.5
HIGHEST WIND SPEED/DIRECTION    30/210    DATE  06/23
HIGHEST GUST SPEED/DIRECTION    40/140    DATE  06/19

SKY COVER
POSSIBLE SUNSHINE (PERCENT)   MM
AVERAGE SKY COVER           0.40
NUMBER OF DAYS FAIR           15
NUMBER OF DAYS PC             14
NUMBER OF DAYS CLOUDY          1

AVERAGE RH (PERCENT)     77

WEATHER CONDITIONS. NUMBER OF DAYS WITH
THUNDERSTORM             23     MIXED PRECIP               0
HEAVY RAIN               14     RAIN                      16
LIGHT RAIN               21     FREEZING RAIN              0
LT FREEZING RAIN          0     HAIL                       0
HEAVY SNOW                0     SNOW                       0
LIGHT SNOW                0     SLEET                      0
FOG                      22     FOG W/VIS <= 1/4 MILE      0
HAZE                      6

-  INDICATES NEGATIVE NUMBERS.
R  INDICATES RECORD WAS SET OR TIED.
MM INDICATES DATA IS MISSING.
T  INDICATES TRACE AMOUNT.

$$
