000
CXUS52 KMFL 011629
CLMAPF


CLIMATE REPORT
NATIONAL WEATHER SERVICE MIAMI, FL
1110 AM EST THU DEC 1 2016

...................................

...THE NAPLES CLIMATE SUMMARY FOR THE MONTH OF NOVEMBER 2016...

CLIMATE NORMAL PERIOD 1981 TO 2010
CLIMATE RECORD PERIOD 1942 TO 2016

WEATHER         OBSERVED          NORMAL  DEPART  LAST YEAR`S
                 VALUE   DATE(S)  VALUE   FROM    VALUE  DATE(S)
                                          NORMAL
................................................................
TEMPERATURE (F)
RECORD
 HIGH              92   11/04/2015
                        11/10/1946
                        08/04/1944
 LOW               31   11/25/1970
HIGHEST            89   11/02                         92  11/04
LOWEST             48   11/21                         57  11/24
AVG. MAXIMUM     82.7              81.2     1.5     85.9
AVG. MINIMUM     62.3              62.9    -0.6     70.8
MEAN             72.5              72.1     0.4     78.4
DAYS MAX >= 90      0                                  5
DAYS MAX <= 32      0                                  0
DAYS MIN <= 32      0                                  0
DAYS MIN <= 0       0                                  0

PRECIPITATION (INCHES)
RECORD
 MAXIMUM         9.69   1946
 MINIMUM         0.01   1951
TOTALS              TR             2.04   -2.04     2.98
DAILY AVG.          T              0.07   -0.07     0.10
DAYS >= .01         0                                  5
DAYS >= .10         0                                  5
DAYS >= .50         0                                  2
DAYS >= 1.00        0                                  2
GREATEST
 24 HR. TOTAL       T   11/30 TO 11/30              1.32

DEGREE_DAYS
HEATING TOTAL       4                13      -9        0
 SINCE 7/1          4                14     -10        0
COOLING TOTAL     234               224      10      408
 SINCE 1/1       4152              3819     333     4482
.................................................................

WIND (MPH)
AVERAGE WIND SPEED              7.2
HIGHEST WIND SPEED/DIRECTION    23/080    DATE  11/01
HIGHEST GUST SPEED/DIRECTION    29/060    DATE  11/01

SKY COVER
POSSIBLE SUNSHINE (PERCENT)   MM
AVERAGE SKY COVER           0.20
NUMBER OF DAYS FAIR           25
NUMBER OF DAYS PC              5
NUMBER OF DAYS CLOUDY          0

AVERAGE RH (PERCENT)     67

WEATHER CONDITIONS. NUMBER OF DAYS WITH
THUNDERSTORM              0     MIXED PRECIP               0
HEAVY RAIN                0     RAIN                       0
LIGHT RAIN                0     FREEZING RAIN              0
LT FREEZING RAIN          0     HAIL                       0
HEAVY SNOW                0     SNOW                       0
LIGHT SNOW                0     SLEET                      0
FOG                       2     FOG W/VIS <= 1/4 MILE      0
HAZE                      3

-  INDICATES NEGATIVE NUMBERS.
R  INDICATES RECORD WAS SET OR TIED.
MM INDICATES DATA IS MISSING.
T  INDICATES TRACE AMOUNT.

$$
