000
CXUS52 KMFL 011227
CLMAPF


CLIMATE REPORT
NATIONAL WEATHER SERVICE MIAMI, FL
725 AM EST THU FEB 1 2018

...................................

...THE NAPLES CLIMATE SUMMARY FOR THE MONTH OF JANUARY 2018...

CLIMATE NORMAL PERIOD 1981 TO 2010
CLIMATE RECORD PERIOD 1942 TO 2018

WEATHER         OBSERVED          NORMAL  DEPART  LAST YEAR`S
                 VALUE   DATE(S)  VALUE   FROM    VALUE  DATE(S)
                                          NORMAL
................................................................
TEMPERATURE (F)
RECORD
 HIGH              88   01/21/1990
                        01/20/1990
                        01/31/1975
 LOW               26   01/12/1982
                        01/20/1977
HIGHEST            82   01/22                         86  01/02
LOWEST             36   01/18                         42  01/08
AVG. MAXIMUM     73.1              74.7    -1.6     77.6
AVG. MINIMUM     53.4              54.2    -0.8     58.8
MEAN             63.2              64.5    -1.3     68.2
DAYS MAX >= 90      0                                  0
DAYS MAX <= 32      0                                  0
DAYS MIN <= 32      0                                  0
DAYS MIN <= 0       0                                  0

PRECIPITATION (INCHES)
RECORD
 MAXIMUM         9.40   1991
 MINIMUM         0.00   1949
TOTALS           0.53              1.85   -1.32     0.79
DAILY AVG.       0.02              0.06   -0.04     0.03
DAYS >= .01         5                                  5
DAYS >= .10         3                                  3
DAYS >= .50         0                                  0
DAYS >= 1.00        0                                  0
GREATEST
 24 HR. TOTAL    0.19   01/29 TO 01/29              0.37

DEGREE_DAYS
HEATING TOTAL     127               102      25       44
 SINCE 7/1        178               180      -2       53
COOLING TOTAL      80                86      -6      154
 SINCE 1/1         80                88      -8      154
.................................................................

WIND (MPH)
AVERAGE WIND SPEED              9.7
HIGHEST WIND SPEED/DIRECTION    30/080    DATE  01/26
HIGHEST GUST SPEED/DIRECTION    38/070    DATE  01/26

SKY COVER
POSSIBLE SUNSHINE (PERCENT)   MM
AVERAGE SKY COVER           0.30
NUMBER OF DAYS FAIR           19
NUMBER OF DAYS PC              7
NUMBER OF DAYS CLOUDY          5

AVERAGE RH (PERCENT)     71

WEATHER CONDITIONS. NUMBER OF DAYS WITH
THUNDERSTORM              1     MIXED PRECIP               0
HEAVY RAIN                3     RAIN                       2
LIGHT RAIN                7     FREEZING RAIN              0
LT FREEZING RAIN          0     HAIL                       0
HEAVY SNOW                0     SNOW                       0
LIGHT SNOW                0     SLEET                      0
FOG                      11     FOG W/VIS <= 1/4 MILE      2
HAZE                      4

-  INDICATES NEGATIVE NUMBERS.
R  INDICATES RECORD WAS SET OR TIED.
MM INDICATES DATA IS MISSING.
T  INDICATES TRACE AMOUNT.

$$
