579
CXUS43 KLOT 011317
CLMARR


CLIMATE REPORT
NATIONAL WEATHER SERVICE CHICAGO IL
801 AM CDT FRI APR 1 2016

...................................

...THE AURORA MUNICIPAL AIRPORT CLIMATE SUMMARY FOR THE MONTH OF MARCH 2016...

CLIMATE NORMAL PERIOD 1981 TO 2010
CLIMATE RECORD PERIOD 1998 TO 2016

WEATHER         OBSERVED          NORMAL  DEPART  LAST YEAR`S
                 VALUE   DATE(S)  VALUE   FROM    VALUE
                                          NORMAL
.............................................................
TEMPERATURE (F)
RECORD
 HIGH              83   03/20/2012
 LOW              -12   03/04/2002
HIGHEST            72   03/08        MM      MM       74
LOWEST             11   03/02        MM      MM       -6
AVG. MAXIMUM     53.2              47.0     6.2     45.5
AVG. MINIMUM     34.7              26.9     7.8     23.2
MEAN             44.0              37.0     7.0     34.3

PRECIPITATION (INCHES)
RECORD
 MAXIMUM           MM   MM
 MINIMUM           MM   MM
TOTALS           3.00              2.23    0.77     0.38

DEGREE_DAYS
HEATING TOTAL     645               870    -225      945
 SINCE 7/1       4766              6008   -1242     6400
COOLING TOTAL       0                 0       0        0
 SINCE 1/1          0                 0       0        0
..............................................................

WIND (MPH)
AVERAGE WIND SPEED              10.7
HIGHEST WIND SPEED/DIRECTION    46/260    DATE  03/16
HIGHEST GUST SPEED/DIRECTION    55/250    DATE  03/16

AVERAGE RH (PERCENT)     72


-  INDICATES NEGATIVE NUMBERS.
R  INDICATES RECORD WAS SET OR TIED.
MM INDICATES DATA IS MISSING.
T  INDICATES TRACE AMOUNT.

$$
