000
CXUS51 KBUF 011752
CLMART


CLIMATE REPORT
NATIONAL WEATHER SERVICE BUFFALO NY
123 PM EDT WED NOV 1 2017

...................................

...THE WATERTOWN NY CLIMATE SUMMARY FOR THE MONTH OF OCTOBER 2017...

CLIMATE NORMAL PERIOD 1981 TO 2010
CLIMATE RECORD PERIOD 1949 TO 2017

WEATHER         OBSERVED          NORMAL  DEPART  LAST YEAR`S
                 VALUE   DATE(S)  VALUE   FROM    VALUE  DATE(S)
                                          NORMAL
................................................................
TEMPERATURE (F)
RECORD
 HIGH              84   10/13/1983
                        10/22/1979
                        10/05/1951
 LOW               12   10/20/1972
HIGHEST            79   10/15                         79  10/18
LOWEST             28   10/17                         24  10/26
AVG. MAXIMUM     64.7              58.2     6.5     59.4
AVG. MINIMUM     44.8              38.3     6.5     40.4
MEAN             54.7              48.3     6.4     49.9
DAYS MAX >= 90      0               0.0     0.0        0
DAYS MAX <= 32      0               0.0     0.0        0
DAYS MIN <= 32      3               8.8    -5.8        9
DAYS MIN <= 0       0               0.0     0.0        0

PRECIPITATION (INCHES)
RECORD
 MAXIMUM         6.78   1995
 MINIMUM         0.19   1963
TOTALS          11.76R             3.65    8.11     5.45
DAYS >= .01        12              13.6    -1.6       13
DAYS >= .10        10               8.4     1.6       11
DAYS >= .50         5               2.4     2.6        3
DAYS >= 1.00        5               0.6     4.4        1
GREATEST
 24 HR. TOTAL    3.67   10/09 TO 10/09

DEGREE_DAYS
HEATING TOTAL     317               522    -205      465
 SINCE 7/1        534               796    -262      620
COOLING TOTAL       6                 3       3        5
 SINCE 1/1        389               362      27      566
..................................................

WIND (MPH)
AVERAGE WIND SPEED              8.0
HIGHEST WIND SPEED/DIRECTION    37/260    DATE  10/30
HIGHEST GUST SPEED/DIRECTION    51/260    DATE  10/30

SKY COVER
POSSIBLE SUNSHINE (PERCENT)   MM
AVERAGE SKY COVER           0.40
NUMBER OF DAYS FAIR           14
NUMBER OF DAYS PC              9
NUMBER OF DAYS CLOUDY          8

AVERAGE RH (PERCENT)     78

WEATHER CONDITIONS. NUMBER OF DAYS WITH
THUNDERSTORM              1     MIXED PRECIP               0
HEAVY RAIN                8     RAIN                       7
LIGHT RAIN               16     FREEZING RAIN              0
LT FREEZING RAIN          0     HAIL                       0
HEAVY SNOW                0     SNOW                       0
LIGHT SNOW                0     SLEET                      0
FOG                      17     FOG W/VIS <= 1/4 MILE      3
HAZE                      5

-  INDICATES NEGATIVE NUMBERS.
R  INDICATES RECORD WAS SET OR TIED.
MM INDICATES DATA IS MISSING.
T  INDICATES TRACE AMOUNT.

$$
