783
CXUS55 KGJT 011226
CLMASE


CLIMATE REPORT
NATIONAL WEATHER SERVICE GRAND JUNCTION CO
522 AM MST WED FEB 1 2017

...................................

...THE ASPEN CO CLIMATE SUMMARY FOR THE MONTH OF JANUARY 2017...

CLIMATE NORMAL PERIOD 1981 TO 2010
CLIMATE RECORD PERIOD 9999 TO 9999

WEATHER         OBSERVED          NORMAL  DEPART  LAST YEAR`S
                 VALUE   DATE(S)  VALUE   FROM    VALUE  DATE(S)
                                          NORMAL
................................................................
TEMPERATURE (F)
HIGHEST            43   01/30        MM      MM       51  01/30
LOWEST            -12   01/07        MM      MM      -14  01/01
AVG. MAXIMUM     32.2              32.7    -0.5     32.2
AVG. MINIMUM     11.0               6.9     4.1      6.9
MEAN             21.6              19.8     1.8     19.6
DAYS MAX >= 90      0               0.0     0.0        0
DAYS MAX <= 32     11              13.4    -2.4       16
DAYS MIN <= 32     31              30.8     0.2       31
DAYS MIN <= 0       5               7.4    -2.4        6

PRECIPITATION (INCHES)
TOTALS           1.59              1.03    0.56     1.45
DAILY AVG.       0.05              0.03    0.02     0.05
DAYS >= .01        19                MM      MM       14
DAYS >= .10         4                MM      MM        4
DAYS >= .50         0                MM      MM        1
DAYS >= 1.00        0                MM      MM        0
GREATEST
 24 HR. TOTAL    0.37   01/09 TO 01/09              0.59
                        01/09 TO 01/10

SNOWFALL (INCHES)
TOTALS             MM                MM      MM       MM
SINCE 7/1          MM                MM      MM       MM
SNOWDEPTH AVG.     MM                MM      MM       MM
DAYS >= 1.0        MM                MM      MM       MM
GREATEST
 SNOW DEPTH        MM                                 MM  MM
 24 HR TOTAL       MM                                 MM

DEGREE_DAYS
HEATING TOTAL    1339              1401     -62     1403
 SINCE 7/1       4467              5122    -655     4632
COOLING TOTAL       0                 0       0        0
 SINCE 1/1          0                 0       0        0
.................................................................

WIND (MPH)
AVERAGE WIND SPEED              4.4
HIGHEST WIND SPEED/DIRECTION    36/340    DATE  01/09
HIGHEST GUST SPEED/DIRECTION    52/340    DATE  01/09

SKY COVER
POSSIBLE SUNSHINE (PERCENT)   MM
AVERAGE SKY COVER           0.70
NUMBER OF DAYS FAIR            8
NUMBER OF DAYS PC              5
NUMBER OF DAYS CLOUDY         18

AVERAGE RH (PERCENT)     75

WEATHER CONDITIONS. NUMBER OF DAYS WITH
THUNDERSTORM              0     MIXED PRECIP               0
HEAVY RAIN                0     RAIN                       0
LIGHT RAIN                4     FREEZING RAIN              0
LT FREEZING RAIN          0     HAIL                       0
HEAVY SNOW                1     SNOW                       7
LIGHT SNOW               23     SLEET                      0
FOG                      24     FOG W/VIS <= 1/4 MILE      4
HAZE                     14

-  INDICATES NEGATIVE NUMBERS.
R  INDICATES RECORD WAS SET OR TIED.
MM INDICATES DATA IS MISSING.
T  INDICATES TRACE AMOUNT.

$$
