000
CXUS56 KPQR 011742
CLMAST


CLIMATE REPORT
NATIONAL WEATHER SERVICE PORTLAND OREGON
1042 AM PDT WED JUL 1 2015

...................................

...THE ASTORIA OR CLIMATE SUMMARY FOR THE MONTH OF JUNE 2015...

CLIMATE NORMAL PERIOD 1981 TO 2010
CLIMATE RECORD PERIOD 1892 TO 2015

WEATHER         OBSERVED          NORMAL  DEPART  LAST YEAR`S
                 VALUE   DATE(S)  VALUE   FROM    VALUE  DATE(S)
                                          NORMAL
................................................................
TEMPERATURE (F)
HIGHEST            85                                 75  06/30
LOWEST             47                                 45  06/21
AVG. MAXIMUM     67.9              63.9     4.0     64.8
AVG. MINIMUM     51.7              50.0     1.7     52.6
MEAN             59.8              57.0     2.8     58.7
DAYS MAX >= 90      0               0.0     0.0        0
DAYS MAX <= 32      0               0.0     0.0        0
DAYS MIN <= 32      0               0.0     0.0        0
DAYS MIN <= 0       0               0.0     0.0        0

PRECIPITATION (INCHES)
RECORD
 MAXIMUM         7.70   1931
 MINIMUM         0.33   1926
TOTALS           0.73              2.55   -1.82     1.85
DAYS >= .01         5              13.2    -8.2       11
DAYS >= .10         3               6.8    -3.8        8
DAYS >= .50         0               1.4    -1.4        0
DAYS >= 1.00        0               0.3    -0.3        0
GREATEST
 24 HR. TOTAL    0.41   06/01 TO 06/02

DEGREE_DAYS
HEATING TOTAL     149               242     -93      180
 SINCE 7/1       3923              5023   -1100     4827
COOLING TOTAL       4                 0       4        0
 SINCE 1/1          6                 0       6       11
.................................................................

WIND (MPH)
AVERAGE WIND SPEED              8.8
RESULTANT WIND SPEED/DIRECTION   7/299
HIGHEST WIND SPEED/DIRECTION    28/220    DATE  06/18
HIGHEST GUST SPEED/DIRECTION    31/310    DATE  06/26

SKY COVER
POSSIBLE SUNSHINE (PERCENT)   MM
AVERAGE SKY COVER           0.50
NUMBER OF DAYS FAIR           11
NUMBER OF DAYS PC             13
NUMBER OF DAYS CLOUDY          6

AVERAGE RH (PERCENT)     77

WEATHER CONDITIONS. NUMBER OF DAYS WITH
THUNDERSTORM              0     MIXED PRECIP               0
HEAVY RAIN                0     RAIN                       2
LIGHT RAIN                6     FREEZING RAIN              0
LT FREEZING RAIN          0     HAIL                       0
HEAVY SNOW                0     SNOW                       0
LIGHT SNOW                0     SLEET                      0
FOG                      13     FOG W/VIS <= 1/4 MILE      1
HAZE                      3

-  INDICATES NEGATIVE NUMBERS.
R  INDICATES RECORD WAS SET OR TIED.
MM INDICATES DATA IS MISSING.
T  INDICATES TRACE AMOUNT.

$$
