000
CXUS51 KGYX 050656
CLMAUG

PWMCLMAUG 000
TTAA00 KGYX 040741


CLIMATE REPORT
NATIONAL WEATHER SERVICE GRAY ME
256 AM EDT FRI JUN 5 2015

...................................

...THE AUGUSTA CLIMATE SUMMARY FOR THE MONTH OF MAY 2015...

CLIMATE NORMAL PERIOD 1981 TO 2010
CLIMATE RECORD PERIOD 1948 TO 2015

WEATHER         OBSERVED          NORMAL  DEPART  LAST YEAR`S
                 VALUE   DATE(S)  VALUE   FROM    VALUE  DATE(S)
                                          NORMAL
................................................................
TEMPERATURE (F)
RECORD
 HIGH              94   05/22/1992
 LOW               26   05/08/1950
HIGHEST            85   05/10        85       0       80  05/12
LOWEST             36   05/23        34       2       36  05/29
                        05/03
                        05/02
AVG. MAXIMUM     71.6              65.2     6.4     64.6
AVG. MINIMUM     47.3              44.6     2.7     45.9
MEAN             59.4              54.9     4.5     55.3
DAYS MAX >= 90      0               0.3    -0.3        0
DAYS MAX <= 32      0               0.0     0.0        0
DAYS MIN <= 32      0               0.5    -0.5        0
DAYS MIN <= 0       0               0.0     0.0        0

PRECIPITATION (INCHES)
RECORD
 MAXIMUM        10.83   1984
 MINIMUM         0.55   1992
TOTALS           1.88              3.69   -1.81     3.56
DAILY AVG.       0.06              0.12   -0.06     0.11
DAYS >= .01         9              13.5    -4.5       14
DAYS >= .10         6               7.5    -1.5        8
DAYS >= .50         1               2.4    -1.4        3
DAYS >= 1.00        0               0.7    -0.7        1
GREATEST
 24 HR. TOTAL    0.89   05/19

DEGREE_DAYS
HEATING TOTAL     196               322    -126      291
 SINCE 7/1       7665              7326     339     7696
COOLING TOTAL      34                 9      25        0
 SINCE 1/1         34                 9      25        0
.................................................................

WIND (MPH)
AVERAGE WIND SPEED              7.3
HIGHEST WIND SPEED/DIRECTION    28/340    DATE  05/23
HIGHEST GUST SPEED/DIRECTION    39/320    DATE  05/23

SKY COVER
AVERAGE SKY COVER           0.40

AVERAGE RH (PERCENT)     62

WEATHER CONDITIONS. NUMBER OF DAYS WITH
THUNDERSTORM              0     HEAVY RAIN                 2
RAIN                      4     LIGHT RAIN                11
FREEZING RAIN             0     LT FREEZING RAIN           0
HEAVY SNOW                0     SNOW                       0
LIGHT SNOW                0     FOG                       15
FOG W/VIS <= 1/4 MILE     6     HAZE                       0

-  INDICATES NEGATIVE NUMBERS.
R  INDICATES RECORD WAS SET OR TIED.
MM INDICATES DATA IS MISSING.
T  INDICATES TRACE AMOUNT.

$$
