000
CXUS53 KGRB 010730
CLMAUW


CLIMATE REPORT
NATIONAL WEATHER SERVICE GREEN BAY
228 AM CDT MON JUN 1 2015

...................................

...THE WAUSAU WI CLIMATE SUMMARY FOR THE MONTH OF MAY 2015...

CLIMATE NORMAL PERIOD 1981 TO 2010
CLIMATE RECORD PERIOD 1896 TO 2015

WEATHER         OBSERVED          NORMAL  DEPART  LAST YEAR`S
                 VALUE   DATE(S)  VALUE   FROM    VALUE  DATE(S)
                                          NORMAL
................................................................
TEMPERATURE (F)
RECORD
 HIGH             104   05/31/1934
 LOW               20   05/09/1947
                        05/04/1907
HIGHEST            83   05/28        84      -1       86  05/31
LOWEST             31   05/20        31       0       31  05/16
AVG. MAXIMUM     68.9              67.0     1.9     67.4
AVG. MINIMUM     46.1              44.2     1.9     45.7
MEAN             57.5              55.6     1.9     56.5
DAYS MAX >= 90      0               0.1    -0.1        0
DAYS MAX <= 32      0               0.0     0.0        0
DAYS MIN <= 32      2               2.0     0.0        2
DAYS MIN <= 0       0               0.0     0.0        0

PRECIPITATION (INCHES)
RECORD
 MAXIMUM        10.74   1942
 MINIMUM         0.46   1925
TOTALS           6.01              3.48    2.53     3.48
DAILY AVG.       0.19              0.11    0.08     0.11
DAYS >= .01        14              12.7     1.3       14
DAYS >= .10        12               7.5     4.5        5
DAYS >= .50         4               2.3     1.7
DAYS >= 1.00        1               0.6     0.4        1
GREATEST
 STORM TOTAL       MM
 (MM/DD(HH))            MM

SNOWFALL (INCHES)
RECORDS
 TOTAL            5.5   1935
 24 HR TOTAL        T   05/14/2005 TO 05/14/2005
TOTALS              T               0.2    -0.2      0.0
SINCE 7/1        53.7              59.6    -5.9     84.3
DAYS >= TRACE       1               0.2     0.8
DAYS >= 1.0         0               0.1    -0.1        0
GREATEST
 SNOW DEPTH         0   MM                             0  MM
 24 HR TOTAL        TR  05/19 TO 05/19

DEGREE_DAYS
HEATING TOTAL     243               308     -65      276
 SINCE 7/1       8424              8160     264     9318
COOLING TOTAL      18                17       1       25
 SINCE 1/1         18                19      -1       25
.................................................................

WIND (MPH)
AVERAGE WIND SPEED              8.5
HIGHEST WIND SPEED/DIRECTION    37/210    DATE  05/07
HIGHEST GUST SPEED/DIRECTION    47/180    DATE  05/07

SKY COVER
POSSIBLE SUNSHINE (PERCENT)   MM
AVERAGE SKY COVER           0.50
NUMBER OF DAYS FAIR           11
NUMBER OF DAYS PC             13
NUMBER OF DAYS CLOUDY          7

AVERAGE RH (PERCENT)     68

WEATHER CONDITIONS. NUMBER OF DAYS WITH
THUNDERSTORM              0     MIXED PRECIP               0
HEAVY RAIN                8     RAIN                       9
LIGHT RAIN               19     FREEZING RAIN              0
LT FREEZING RAIN          0     HAIL                       0
HEAVY SNOW                0     SNOW                       0
LIGHT SNOW                0     SLEET                      0
FOG                      18     FOG W/VIS <= 1/4 MILE      0
HAZE                      1

-  INDICATES NEGATIVE NUMBERS.
R  INDICATES RECORD WAS SET OR TIED.
MM INDICATES DATA IS MISSING.
T  INDICATES TRACE AMOUNT.

$$
