000
CXUS53 KGRR 011911
CLMAZO


CLIMATE REPORT
NATIONAL WEATHER SERVICE GRAND RAPIDS, MI
206 PM EST WED MAR 1 2017

...................................

...THE KALAMAZOO MI CLIMATE SUMMARY FOR THE MONTH OF FEBRUARY 2017...

CLIMATE NORMAL PERIOD 1981 TO 2010
CLIMATE RECORD PERIOD 1998 TO 2017

WEATHER         OBSERVED          NORMAL  DEPART  LAST YEAR`S
                 VALUE   DATE(S)  VALUE   FROM    VALUE  DATE(S)
                                          NORMAL
................................................................
TEMPERATURE (F)
HIGHEST            66   02/18        MM      MM       62  02/19
LOWEST             10   02/04        MM      MM       -6  02/13
AVG. MAXIMUM     46.2              34.1    12.1     37.3
AVG. MINIMUM     27.7              19.8     7.9     21.2
MEAN             37.0              27.0    10.0     29.2
DAYS MAX >= 90      0               0.0     0.0        0
DAYS MAX <= 32      4              12.5    -8.5       10
DAYS MIN <= 32     20              24.8    -4.8       26
DAYS MIN <= 0       0               0.8    -0.8        2

PRECIPITATION (INCHES)
TOTALS           2.03              1.45    0.58     0.68
DAILY AVG.       0.07              0.05    0.02     0.02
DAYS >= .01         8                MM      MM       11
DAYS >= .10         4                MM      MM        2
DAYS >= .50         2                MM      MM        0
DAYS >= 1.00        0                MM      MM        0
GREATEST
 24 HR. TOTAL    0.81   02/28 TO 02/28

DEGREE_DAYS
HEATING TOTAL     780              1065    -285     1029
 SINCE 7/1       3896              4773    -877     4048
COOLING TOTAL       0                 0       0        0
 SINCE 1/1          0                 0       0        0
.................................................................

WIND (MPH)
AVERAGE WIND SPEED              9.7
RESULTANT WIND SPEED/DIRECTION   5/249
HIGHEST WIND SPEED/DIRECTION    41/290    DATE  02/12
HIGHEST GUST SPEED/DIRECTION    52/300    DATE  02/12

SKY COVER
POSSIBLE SUNSHINE (PERCENT)   MM
AVERAGE SKY COVER           0.50
NUMBER OF DAYS FAIR            9
NUMBER OF DAYS PC              9
NUMBER OF DAYS CLOUDY         10

AVERAGE RH (PERCENT)     65

WEATHER CONDITIONS. NUMBER OF DAYS WITH
THUNDERSTORM              2     MIXED PRECIP               0
HEAVY RAIN                2     RAIN                       2
LIGHT RAIN               10     FREEZING RAIN              0
LT FREEZING RAIN          0     HAIL                       0
HEAVY SNOW                2     SNOW                       2
LIGHT SNOW                7     SLEET                      0
FOG                      13     FOG W/VIS <= 1/4 MILE      3
HAZE                     16

-  INDICATES NEGATIVE NUMBERS.
R  INDICATES RECORD WAS SET OR TIED.
MM INDICATES DATA IS MISSING.
T  INDICATES TRACE AMOUNT.

$$

63
