000
CXUS53 KLBF 011853
CLMBBW


CLIMATE REPORT
NATIONAL WEATHER SERVICE NORTH PLATTE
1249 PM CST WED FEB 1 2017

...................................

...THE BROKEN BOW NE CLIMATE SUMMARY FOR THE MONTH OF JANUARY 2017...

CLIMATE NORMAL PERIOD 1981 TO 2010
CLIMATE RECORD PERIOD 1894 TO 2017

WEATHER         OBSERVED          NORMAL  DEPART  LAST YEAR`S
                 VALUE   DATE(S)  VALUE   FROM    VALUE  DATE(S)
                                          NORMAL
................................................................
TEMPERATURE (F)
RECORD
 HIGH              78   01/25/1896
 LOW              -42   01/23/1915
HIGHEST            54   01/30        59      -5       54  01/29
                                                          01/28
LOWEST            -14   01/06       -15       1      -14  01/10
AVG. MAXIMUM     34.3              37.6    -3.3     37.7
AVG. MINIMUM     15.0              13.5     1.5     18.2
MEAN             24.7              25.5    -0.8     28.0
DAYS MAX >= 90      0               0.0     0.0        0
DAYS MAX <= 32     11              10.7     0.3        9
DAYS MIN <= 32     30              30.2    -0.2       31
DAYS MIN <= 0       5               4.6     0.4        4

PRECIPITATION (INCHES)
RECORD
 MAXIMUM         1.98   1941
 MINIMUM         0.00   1981
                        1933
TOTALS           0.69              0.45    0.24     0.19
DAILY AVG.       0.02              0.01    0.01     0.01
DAYS >= .01         5                MM      MM        4
DAYS >= .10         2                MM      MM        1
DAYS >= .50         0                MM      MM        0
DAYS >= 1.00        0                MM      MM        0
GREATEST
 24 HR. TOTAL    0.36   01/24 TO 01/24           01/19 TO 01/19
                                                          01/19 TO 01/19
                                                          01/19 TO 01/19

SNOWFALL (INCHES)
TOTALS             MM
SINCE 7/1         0.0
SNOWDEPTH AVG.     MM
DAYS >= TRACE      MM
DAYS >= 1.0        MM
GREATEST
 SNOW DEPTH        MM

DEGREE_DAYS
HEATING TOTAL    1240              1223      17     1142
 SINCE 7/1       3561              3978    -417     3333
COOLING TOTAL       0                 0       0        0
 SINCE 1/1          0                 0       0        0
..........................................................

WIND (MPH)
AVERAGE WIND SPEED              10.2
HIGHEST WIND SPEED/DIRECTION    37/340    DATE  01/24
HIGHEST GUST SPEED/DIRECTION    43/350    DATE  01/24

AVERAGE RH (PERCENT)     76

WEATHER CONDITIONS. NUMBER OF DAYS WITH
THUNDERSTORM              0     MIXED PRECIP               0
HEAVY RAIN                0     RAIN                       0
LIGHT RAIN                3     FREEZING RAIN              0
LT FREEZING RAIN          3     HAIL                       0
HEAVY SNOW                1     SNOW                       3
LIGHT SNOW                6     SLEET                      0
FOG                      13     FOG W/VIS <= 1/4 MILE      4
HAZE                      3

-  INDICATES NEGATIVE NUMBERS.
R  INDICATES RECORD WAS SET OR TIED.
MM INDICATES DATA IS MISSING.
T  INDICATES TRACE AMOUNT.

&&

...SNOWFALL AND SNOW DEPTH ARE UNAVAILABLE FOR THIS LOCATION...

$$
