000
CXUS51 KOKX 022209
CLMBDR

CLIMATE REPORT
NATIONAL WEATHER SERVICE NEW YORK NY
508 PM EST MON MAR 2 2015

...................................

...THE BRIDGEPORT CT CLIMATE SUMMARY FOR THE MONTH OF FEBRUARY 2015...

CLIMATE NORMAL PERIOD 1981 TO 2010
CLIMATE RECORD PERIOD 1948 TO 2015

WEATHER         OBSERVED          NORMAL  DEPART  LAST YEAR`S
                 VALUE   DATE(S)  VALUE   FROM    VALUE  DATE(S)
                                          NORMAL
................................................................
TEMPERATURE (F)
RECORD
 HIGH              67   02/27/1997
                        02/28/1976
 LOW               -5   02/08/1963
HIGHEST            37   02/22        MM      MM       49  02/02
LOWEST             -2   02/16        MM      MM        7  02/11
AVG. MAXIMUM     29.0              39.7   -10.7     35.8
AVG. MINIMUM     10.8              25.2   -14.4     22.1
MEAN             19.9              32.4   -12.5     28.9
DAYS MAX >= 90      0               0.0     0.0        0
DAYS MAX <= 32     20               4.9    15.1       11
DAYS MIN <= 32     28              22.2     5.8       26
DAYS MIN <= 0       2               0.0     2.0        0

PRECIPITATION (INCHES)
RECORD
 MAXIMUM         6.65   1972
 MINIMUM         0.43   1987
TOTALS           2.23              2.79   -0.56     4.20
DAILY AVG.       0.08              0.10   -0.02     0.15
DAYS >= .01        14               9.7     4.3       12
DAYS >= .10         4               5.8    -1.8        8
DAYS >= .50         2               1.8     0.2        3
DAYS >= 1.00        0               0.6    -0.6        2
GREATEST
 24 HR. TOTAL    0.99   02/01 TO 02/02           02/05 TO 02/05
                                                          02/04 TO 02/05
                                                          02/05 TO 02/05
 STORM TOTAL       MM                                 MM
 (MM/DD(HH))            MM                    02/05(00) TO 02/05(00)
                                                 02/05(00) TO 02/05(00)5
                                                 02/05(00) TO 02/05(00)5

SNOWFALL (INCHES)
TOTALS           21.5               8.1    13.4     32.1
 LIQUID EQUIV    2.15              0.80    1.35     3.21
SINCE 7/1        41.1              21.6    19.5     56.2
 LIQUID 7/1      4.11              2.20    1.91     5.62
SNOWDEPTH AVG.     11                 3       8        8
DAYS >= TRACE      16               3.5    12.5       11
DAYS >= 1.0         6               1.9     4.1        7
GREATEST
 SNOW DEPTH        14   02/22                         15  02/19
                        02/04                             02/14
                        02/03
 24 HR TOTAL     11.0   02/01 TO 02/02           02/13 TO 02/13
                                                          02/05 TO 02/05
                                                          02/05 TO 02/05
 STORM TOTAL       MM                                 MM
 (MM/DD(HH))            MM                    02/13(00) TO 02/13(00)
                                                 02/05(00) TO 02/05(00)5
                                                 02/05(00) TO 02/05(00)5

DEGREE_DAYS
HEATING TOTAL    1257               911     346     1004
 SINCE 7/1       4106              3887     219     4048
COOLING TOTAL       0                 0       0        0
 SINCE 1/1          0                 0       0        0
......................................................

WIND (MPH)
AVERAGE WIND SPEED              9.3
HIGHEST WIND SPEED/DIRECTION    36/300    DATE  02/15
HIGHEST GUST SPEED/DIRECTION    51/340    DATE  02/15


WEATHER CONDITIONS. NUMBER OF DAYS WITH
THUNDERSTORM              0     MIXED PRECIP               0
HEAVY RAIN                0     RAIN                       0
LIGHT RAIN                1     FREEZING RAIN              2
LT FREEZING RAIN          5     HAIL                       0
HEAVY SNOW                0     SNOW                       3
LIGHT SNOW               14     SLEET                      0
FOG                      13     FOG W/VIS <= 1/4 MILE      2
HAZE                      6

-  INDICATES NEGATIVE NUMBERS.
R  INDICATES RECORD WAS SET OR TIED.
MM INDICATES DATA IS MISSING.
T  INDICATES TRACE AMOUNT.

$$
