000
CXUS55 KCYS 082002
CLMBFF


CLIMATE REPORT
NATIONAL WEATHER SERVICE CHEYENNE WY
202 PM MDT FRI MAY 8 2015

...................................

...THE SCOTTSBLUFF NE AIRPORT CLIMATE SUMMARY FOR THE MONTH OF APRIL 2015...

CLIMATE NORMAL PERIOD 1981 TO 2010
CLIMATE RECORD PERIOD 1871 TO 2015

WEATHER         OBSERVED          NORMAL  DEPART  LAST YEAR`S
                 VALUE   DATE(S)  VALUE   FROM    VALUE  DATE(S)
                                          NORMAL
................................................................
TEMPERATURE (F)
RECORD
 HIGH              93   04/24/2012
                        04/30/1992
                        04/28/1910
 LOW               -8   04/02/1975
HIGHEST            78   04/30        61      17       84
LOWEST             20   04/03        33     -13       15
AVG. MAXIMUM     64.2              61.4     2.8     63.8
AVG. MINIMUM     33.9              31.9     2.0     32.5
MEAN             49.0              46.7     2.3     48.2
DAYS MAX >= 90      0               0.1                0
DAYS MAX <= 32      0               0.5                0
DAYS MIN <= 32     14              15.1               12
DAYS MIN <= 0       0               0.0                0

PRECIPITATION (INCHES)
RECORD
 MAXIMUM         6.13   1942
 MINIMUM         0.00   2011
TOTALS           3.10              1.83    1.27     0.62
DAYS >= .01        10               8.9     1.1        2
DAYS >= .10         6               4.8     1.2        2
DAYS >= .50         2               0.9     1.1        1
DAYS >= 1.00        1               0.2     0.8        0
GREATEST
 24 HR. TOTAL    1.50   04/17 TO 04/18

SNOWFALL (INCHES)
RECORDS
 TOTAL             MM   MM
TOTALS            0.5               5.4    -4.9      1.1
SINCE 7/1        43.7              41.6     2.1     61.5
SNOWDEPTH AVG.      0
DAYS >= TRACE       2               2.9    -0.9        2
DAYS >= 1.0         0               1.7    -1.7        1
GREATEST
 SNOW DEPTH         T   04/09                         -1  04/14
 24 HR TOTAL      0.5   04/09 TO 04/09           04/13 TO 04/13
                                                          04/27 TO 04/27
                                                          04/27 TO 04/27

DEGREE_DAYS
HEATING TOTAL     469               552     -83      497
 SINCE 7/1       5804              6293    -489     6360
COOLING TOTAL       0                 2      -2        0
 SINCE 1/1          0                 2      -2        0
........................................................

WIND (MPH)
AVERAGE WIND SPEED              9.9
HIGHEST WIND SPEED/DIRECTION    38/320    DATE  04/12
HIGHEST GUST SPEED/DIRECTION    51/330    DATE  04/12

SKY COVER
POSSIBLE SUNSHINE (PERCENT)   MM
AVERAGE SKY COVER           0.40
NUMBER OF DAYS FAIR           17
NUMBER OF DAYS PC              7
NUMBER OF DAYS CLOUDY          6

AVERAGE RH (PERCENT)     60

WEATHER CONDITIONS. NUMBER OF DAYS WITH
THUNDERSTORM              0     MIXED PRECIP               0
HEAVY RAIN                2     RAIN                       6
LIGHT RAIN               12     FREEZING RAIN              0
LT FREEZING RAIN          0     HAIL                       0
HEAVY SNOW                0     SNOW                       0
LIGHT SNOW                2     SLEET                      0
FOG                      10     FOG W/VIS <= 1/4 MILE      0
HAZE                      6

-  INDICATES NEGATIVE NUMBERS.
R  INDICATES RECORD WAS SET OR TIED.
MM INDICATES DATA IS MISSING.
T  INDICATES TRACE AMOUNT.

$$
