000
CXUS54 KAMA 051200
CLMBGD


CLIMATE REPORT
NATIONAL WEATHER SERVICE AMARILLO TX
600 AM CST FRI JAN 5 2018

...................................

...THE BORGER CLIMATE SUMMARY FOR THE MONTH OF JANUARY 2017...

CLIMATE NORMAL PERIOD 1981 TO 2010
CLIMATE RECORD PERIOD 1949 TO 2018

WEATHER         OBSERVED          NORMAL  DEPART  LAST YEAR`S
                 VALUE   DATE(S)  VALUE   FROM    VALUE  DATE(S)
                                          NORMAL
................................................................
TEMPERATURE (F)
HIGHEST            75   01/11                         80  01/30
                        01/09
LOWEST              4   01/07                         20  01/18
                                                          01/17
                                                          01/10
AVG. MAXIMUM     52.0              51.3     0.7     52.9
AVG. MINIMUM     28.5              26.1     2.4     27.4
MEAN             40.2              38.7     1.5     40.2
DAYS MAX >= 90      0               0.0     0.0        0
DAYS MAX <= 32      4               2.5     1.5        1
DAYS MIN <= 32     21              23.7    -2.7       25
DAYS MIN <= 0       0               0.1    -0.1        0

PRECIPITATION (INCHES)
TOTALS           3.11              0.59    2.52     0.28
DAILY AVG.       0.10              0.02    0.08     0.01
DAYS >= .01         8               3.1     4.9        3
DAYS >= .10         5               1.6     3.4        2
DAYS >= .50         2               0.4     1.6        0
DAYS >= 1.00        1               0.1     0.9        0
GREATEST
 24 HR. TOTAL    1.42   01/14 TO 01/14

SNOWFALL (INCHES)
TOTALS            0.0                MM      MM      2.5
SINCE 7/1         0.1                MM      MM      6.2
DAYS >= TRACE       0                MM      MM        5
DAYS >= 1.0         0                MM      MM        1
GREATEST
 SNOW DEPTH         4   01/06
 24 HR TOTAL      0.0   01/31 TO 01/31

DEGREE_DAYS
HEATING TOTAL     758               815     -57      761
 SINCE 7/1       1902              2352    -450     2013
COOLING TOTAL       0                 0       0        0
 SINCE 1/1          0                 0       0        0
.................................................................

WIND (MPH)
AVERAGE WIND SPEED              9.7
HIGHEST WIND SPEED/DIRECTION    41/250    DATE  01/10
HIGHEST GUST SPEED/DIRECTION    56/230    DATE  01/10

SKY COVER
POSSIBLE SUNSHINE (PERCENT)   MM
NUMBER OF DAYS FAIR           20
NUMBER OF DAYS PC              7
NUMBER OF DAYS CLOUDY          4

AVERAGE RH (PERCENT)     57

WEATHER CONDITIONS. NUMBER OF DAYS WITH
THUNDERSTORM              0     MIXED PRECIP               0
HEAVY RAIN                1     RAIN                       1
LIGHT RAIN                4     FREEZING RAIN              2
LT FREEZING RAIN          2     HEAVY SNOW                 1
SNOW                      2     LIGHT SNOW                 4
SLEET                     0     FOG                       10
FOG W/VIS <= 1/4 MILE     3     HAZE                       1

-  INDICATES NEGATIVE NUMBERS.
R  INDICATES RECORD WAS SET OR TIED.
MM INDICATES DATA IS MISSING.
T  INDICATES TRACE AMOUNT.

$$
