000
CXUS54 KBMX 011425
CLMBHM


CLIMATE REPORT
NATIONAL WEATHER SERVICE BIRMINGHAM, AL
925 AM CDT THU SEP 1 2016

...................................

...THE BIRMINGHAM CLIMATE SUMMARY FOR THE MONTH OF AUGUST 2016...

CLIMATE NORMAL PERIOD 1981 TO 2010
CLIMATE RECORD PERIOD 1895 TO 2016

WEATHER         OBSERVED          NORMAL  DEPART  LAST YEAR`S
                 VALUE   DATE(S)  VALUE   FROM    VALUE  DATE(S)
                                          NORMAL
................................................................
TEMPERATURE (F)
RECORD
 HIGH             105   08/23/2007
                        08/15/2007
 LOW               51   08/31/1946
HIGHEST            97   08/05        MM      MM       99  08/04
LOWEST             71   08/23        MM      MM       58  08/26
AVG. MAXIMUM     91.8              90.6     1.2     88.8
AVG. MINIMUM     74.7              70.8     3.9     70.0
MEAN             83.3                               79.4
DAYS MAX >= 90     21              17.1     3.9       13
DAYS MAX <= 32      0               0.0     0.0        0
DAYS MIN <= 32      0               0.0     0.0        0
DAYS MIN <= 0       0               0.0     0.0        0

PRECIPITATION (INCHES)
RECORD
 MAXIMUM        13.83   1901
 MINIMUM         0.38   1989
TOTALS           2.52              3.93   -1.41     7.23
DAILY AVG.       0.08              0.13   -0.05     0.23
DAYS >= .01        14               9.6     4.4       11
DAYS >= .10         7               6.1     0.9       11
DAYS >= .50         1               2.6    -1.6        5
DAYS >= 1.00        0               1.2    -1.2        3

DEGREE_DAYS
HEATING TOTAL       0                 0       0        0
 SINCE 7/1          0                 0       0        0
COOLING TOTAL     574               487      87      455
 SINCE 1/1       1966              1650     316     1814
.................................................................

WIND (MPH)
AVERAGE WIND SPEED              4.8
HIGHEST WIND SPEED/DIRECTION    39/190    DATE  08/13
HIGHEST GUST SPEED/DIRECTION    46/180    DATE  08/13

AVERAGE RH (PERCENT)     72

WEATHER CONDITIONS. NUMBER OF DAYS WITH
THUNDERSTORM              0     MIXED PRECIP               0
HEAVY RAIN                8     RAIN                       6
LIGHT RAIN               13     FREEZING RAIN              0
LT FREEZING RAIN          0     HAIL                       0
HEAVY SNOW                0     SNOW                       0
LIGHT SNOW                0     SLEET                      0
FOG                      11     FOG W/VIS <= 1/4 MILE      0
HAZE                      5

-  INDICATES NEGATIVE NUMBERS.
R  INDICATES RECORD WAS SET OR TIED.
MM INDICATES DATA IS MISSING.
T  INDICATES TRACE AMOUNT.

$$
