000
CXUS55 KVEF 011313
CLMBIH


CLIMATE REPORT
NATIONAL WEATHER SERVICE LAS VEGAS, NV
436 AM PST THU DEC 1 2016

...................................

...THE BISHOP CA CLIMATE SUMMARY FOR THE MONTH OF NOVEMBER 2016...

CLIMATE NORMAL PERIOD 1981 TO 2010
CLIMATE RECORD PERIOD 1943 TO 2016

WEATHER         OBSERVED          NORMAL  DEPART  LAST YEAR`S
                 VALUE   DATE(S)  VALUE   FROM    VALUE  DATE(S)
                                          NORMAL
................................................................
TEMPERATURE (F)
RECORD
 HIGH              84   11/03/1988
                        11/01/1960
                        11/02/1949
 LOW                5   11/17/1958
HIGHEST            78   11/08        63      15       80  11/01
LOWEST             11   11/26        28     -17       10  11/30
AVG. MAXIMUM     66.7              62.6     4.1     60.3
AVG. MINIMUM     27.3              27.8    -0.5     24.8
MEAN             47.0              45.2     1.8     42.6
DAYS MAX >= 90      0               0.0     0.0        0
DAYS MAX <= 32      0               0.0     0.0        0
DAYS MIN <= 32     20              22.8    -2.8       26
DAYS MIN <= 0       0               0.0     0.0        0

PRECIPITATION (INCHES)
RECORD
 MAXIMUM         2.59   1960
 MINIMUM         0.00   2006
                        2000
                        1991
TOTALS              T              0.52   -0.52        T
DAILY AVG.          T              0.02   -0.02        T
DAYS >= .01         0               2.3    -2.3        0
DAYS >= .10         0               1.3    -1.3        0
DAYS >= .50         0               0.4    -0.4        0
DAYS >= 1.00        0               0.0     0.0        0
GREATEST
 24 HR. TOTAL       T   11/27 TO 11/27
                        11/20 TO 11/20
                        11/20 TO 11/21

SNOWFALL (INCHES)
RECORDS
 TOTAL            3.9   1964
 24 HR TOTAL      3.9
TOTALS            0.0               0.3    -0.3      0.0
SINCE 7/1         0.0
SNOWDEPTH AVG.      0
DAYS >= TRACE       0
DAYS >= 1.0         0
GREATEST
 SNOW DEPTH         0
 24 HR TOTAL      0.0   11/30 TO 11/30
 STORM TOTAL       MM
 (MM/DD(HH))

DEGREE_DAYS
HEATING TOTAL     534               594     -60      665
 SINCE 7/1        743               901    -158      814
COOLING TOTAL       0                 0       0        0
 SINCE 1/1       1361              1104     257     1376

FREEZE DATES
RECORD
 EARLIEST     09/20/1986
 LATEST       06/07/1988
EARLIEST                        10/15
LATEST                          05/03
.................................................................

WIND (MPH)
AVERAGE WIND SPEED              6.9
HIGHEST WIND SPEED/DIRECTION    37/350    DATE  11/23
HIGHEST GUST SPEED/DIRECTION    47/360    DATE  11/23

SKY COVER
POSSIBLE SUNSHINE (PERCENT)   MM
AVERAGE SKY COVER           0.00
NUMBER OF DAYS FAIR           29
NUMBER OF DAYS PC              1
NUMBER OF DAYS CLOUDY          0

AVERAGE RH (PERCENT)     39

WEATHER CONDITIONS. NUMBER OF DAYS WITH
THUNDERSTORM              0     MIXED PRECIP               0
HEAVY RAIN                0     RAIN                       0
LIGHT RAIN                2     FREEZING RAIN              0
LT FREEZING RAIN          0     HAIL                       0
HEAVY SNOW                0     SNOW                       0
LIGHT SNOW                0     SLEET                      0
FOG                       1     FOG W/VIS <= 1/4 MILE      0
HAZE                      0

-  INDICATES NEGATIVE NUMBERS.
R  INDICATES RECORD WAS SET OR TIED.
MM INDICATES DATA IS MISSING.
T  INDICATES TRACE AMOUNT.

$$
